Select a Year or Month report
Report for 2024 Apr
Monthly Climatological Summary for Apr 2024
Name: Reigate Weather City: Reigate State: Surrey, United Kingdom
Elevation: 71 m Lat: N 51° 14' 04" Lon: W 000° 12' 00"
Temperature (°C), Rain (mm), Wind Speed (mph)
Heat Cool Avg
Mean Deg Deg Wind Dom
Day Temp High Time Low Time Days Days Rain Speed High Time Dir
----------------------------------------------------------------------------------
1 9.7 14.1 17:00 6.0 06:55 8.6 0.0 1.4 1.1 18.6 17:40 WSW
2 10.3 14.5 14:41 8.1 04:29 8.0 0.0 16.6 2.6 20.1 12:29 W
3 10.8 13.2 13:04 9.2 00:00 7.5 0.0 3.8 3.6 31.0 15:42 W
4 12.0 15.3 13:55 9.3 00:00 6.3 0.0 7.4 3.4 26.3 15:55 W
5 13.3 15.8 14:23 11.6 07:55 5.0 0.0 3.8 3.2 24.8 13:48 W
6 15.0 18.3 13:11 12.8 01:12 3.3 0.0 0.0 3.0 29.4 14:47 SW
7 12.6 16.0 15:26 9.2 23:57 5.7 0.0 0.0 4.3 29.4 00:12 W
8 11.6 17.9 15:16 6.4 02:40 6.7 0.0 3.0 1.2 15.5 14:59 SSE
9 9.2 13.5 16:19 5.6 00:00 9.0 0.0 1.0 5.3 34.1 13:45 W
10 8.8 13.6 11:46 2.1 06:27 9.1 0.0 1.2 2.8 24.8 13:59 WSW
11 13.4 17.7 14:23 11.2 23:55 4.9 0.0 0.2 2.1 13.9 00:37 W
12 13.6 19.9 14:14 7.4 06:26 4.9 0.2 0.0 2.2 24.8 15:25 W
13 14.4 20.2 14:57 10.8 03:19 4.1 0.2 0.0 2.4 21.7 12:25 W
14 10.8 14.6 14:45 6.3 23:25 7.5 0.0 0.0 1.7 20.1 14:39 W
15 8.7 12.9 15:12 4.9 02:08 9.6 0.0 3.2 5.5 49.6 15:57 W
16 9.3 14.2 14:42 6.1 22:44 9.0 0.0 6.0 4.0 27.9 15:02 WNW
17 7.5 11.7 15:35 3.8 04:48 10.8 0.0 0.2 2.2 20.1 10:10 WNW
18 9.0 14.8 15:28 3.7 05:44 9.3 0.0 1.0 2.3 24.8 21:20 WNW
19 10.2 16.0 15:02 6.5 22:17 8.1 0.0 1.2 2.8 26.3 11:24 WNW
20 7.3 12.0 16:05 2.7 05:17 11.0 0.0 0.0 1.4 17.0 10:35 N
21 7.9 12.6 17:46 3.7 00:00 10.4 0.0 0.0 1.6 20.1 17:47 NNE
22 7.0 10.8 14:24 2.2 06:06 11.3 0.0 0.0 1.1 13.9 13:09 NW
23 7.5 12.2 15:56 5.4 05:36 10.8 0.0 0.2 0.9 18.6 16:20 NNW
24 6.9 10.3 12:19 1.6 23:40 11.4 0.0 0.0 1.3 20.1 12:41 NW
25 6.6 12.4 12:11 0.7 00:53 11.7 0.0 2.2 1.1 20.1 11:26 W
26 8.5 13.6 14:35 3.7 06:03 9.8 0.0 0.0 0.5 13.9 17:43 SE
27 8.5 12.8 15:02 5.6 06:19 9.8 0.0 16.0 1.1 21.7 21:15 E
28 8.4 13.5 17:31 4.5 23:58 9.9 0.0 17.0 2.1 21.7 19:07 W
29 9.8 16.4 14:20 2.6 05:04 8.5 0.0 0.2 1.8 23.3 13:02 SSW
30 12.5 19.8 15:40 5.8 02:47 5.8 0.1 0.0 1.5 18.6 18:28 SE
----------------------------------------------------------------------------------
10.0 20.2 13 0.7 25 247.8 0.5 85.6 2.3 49.6 15 W
Max >= 25.0: 0
Max <= 0.0: 0
Min <= 0.0: 0
Min <= -5.0: 0
Max Rain: 17.0 on day 28
Days of Rain: 19 (>= 0.2 mm) 10 (>= 2.0 mm) 0 (>= 20.0 mm)
Heat Base: 18.3 Cool Base: 18.3 Method: Integration