Select a Year or Month report
Report for 2024 Mar
Monthly Climatological Summary for Mar 2024
Name: Reigate Weather City: Reigate State: Surrey, United Kingdom
Elevation: 71 m Lat: N 51° 14' 04" Lon: W 000° 12' 00"
Temperature (°C), Rain (mm), Wind Speed (mph)
Heat Cool Avg
Mean Deg Deg Wind Dom
Day Temp High Time Low Time Days Days Rain Speed High Time Dir
----------------------------------------------------------------------------------
1 4.4 8.2 13:05 1.2 03:13 13.9 0.0 13.0 1.7 27.9 08:50 SW
2 4.8 8.9 16:47 0.2 22:27 13.5 0.0 10.0 1.5 18.6 05:51 SSE
3 3.2 11.3 16:46 -1.9 06:34 15.1 0.0 0.0 0.5 13.9 12:16 W
4 5.0 10.6 12:16 -0.9 01:08 13.3 0.0 0.8 1.3 18.6 13:08 SE
5 6.6 9.9 12:52 1.7 23:20 11.7 0.0 4.6 0.1 12.4 16:56 NNE
6 5.3 11.2 15:19 0.1 03:26 13.0 0.0 0.2 0.1 6.2 11:36 SE
7 5.5 11.9 14:52 -0.4 06:59 12.8 0.0 0.0 0.9 18.6 15:14 E
8 6.3 10.7 12:40 3.3 04:06 12.0 0.0 0.0 1.4 21.7 11:39 ESE
9 9.2 13.2 12:36 5.8 06:49 9.1 0.0 0.2 1.2 13.9 10:42 ESE
10 8.2 9.6 11:26 7.3 23:26 9.8 0.0 9.2 0.0 4.6 06:00 ---
11 7.2 8.1 16:56 6.6 04:37 11.1 0.0 1.6 0.6 13.9 07:46 NW
12 9.4 12.3 16:44 5.8 03:10 8.9 0.0 19.0 1.0 12.4 19:48 W
13 10.8 12.2 14:17 9.7 20:50 7.3 0.0 0.2 2.2 18.6 13:03 W
14 11.2 15.8 14:04 6.8 04:22 7.1 0.0 2.0 1.4 15.5 14:14 WSW
15 11.7 14.7 14:44 8.6 23:55 6.6 0.0 1.4 3.2 29.4 14:31 W
16 9.0 13.2 12:11 3.9 06:44 9.3 0.0 0.0 0.6 10.8 12:36 SSW
17 11.2 15.9 15:31 8.8 00:00 7.1 0.0 4.2 0.9 15.5 13:54 WSW
18 10.4 13.8 13:34 5.6 05:17 7.9 0.0 0.0 1.3 17.0 13:08 W
19 10.6 11.5 11:04 9.0 04:41 7.7 0.0 0.0 1.1 17.0 11:40 WSW
20 12.4 18.7 16:30 8.6 06:09 5.9 0.0 0.0 0.3 9.3 14:49 W
21 11.1 15.8 16:04 6.7 06:25 7.2 0.0 0.0 1.0 13.9 15:05 WSW
22 8.7 11.2 11:46 4.1 22:39 9.6 0.0 0.8 0.9 13.9 12:22 W
23 6.3 11.0 11:45 3.1 06:05 12.0 0.0 2.4 3.9 31.0 12:41 W
24 7.6 13.3 14:11 1.8 23:20 10.7 0.0 0.0 3.4 24.8 05:15 WNW
25 8.0 12.5 13:01 2.1 00:00 10.3 0.0 0.0 1.2 15.5 11:14 SE
26 9.2 13.6 13:15 5.3 23:32 9.1 0.0 15.0 0.6 18.6 21:28 SW
27 7.0 10.9 16:25 3.5 02:25 11.3 0.0 3.4 1.8 21.7 12:44 SSE
28 7.7 10.1 17:44 3.8 05:30 10.6 0.0 15.8 4.3 37.2 18:43 SSW
29 9.1 13.3 15:55 4.5 23:58 9.2 0.0 5.0 2.0 20.1 11:57 SW
30 8.6 16.0 15:50 2.6 04:21 9.7 0.0 0.0 0.7 15.5 13:22 SW
31 9.5 15.0 15:53 4.5 05:40 8.4 0.0 0.8 0.8 15.5 19:03 ESE
----------------------------------------------------------------------------------
8.2 18.7 20 -1.9 3 311.2 0.0 109.6 1.4 37.2 28 SW
Max >= 25.0: 0
Max <= 0.0: 0
Min <= 0.0: 3
Min <= -5.0: 0
Max Rain: 19.0 on day 12
Days of Rain: 20 (>= 0.2 mm) 12 (>= 2.0 mm) 0 (>= 20.0 mm)
Heat Base: 18.3 Cool Base: 18.3 Method: Integration