Select a Year or Month report
Report for 2024 Feb
Monthly Climatological Summary for Feb 2024
Name: Reigate Weather City: Reigate State: Surrey, United Kingdom
Elevation: 71 m Lat: N 51° 14' 04" Lon: W 000° 12' 00"
Temperature (°C), Rain (mm), Wind Speed (mph)
Heat Cool Avg
Mean Deg Deg Wind Dom
Day Temp High Time Low Time Days Days Rain Speed High Time Dir
----------------------------------------------------------------------------------
1 6.6 10.5 01:39 2.4 19:52 11.7 0.0 0.0 0.8 13.9 02:24 WNW
2 8.8 14.1 14:34 2.6 00:23 9.5 0.0 0.0 3.1 29.4 19:22 W
3 11.4 12.6 16:03 10.5 05:38 6.9 0.0 0.0 3.3 21.7 06:45 W
4 11.3 13.0 12:59 10.3 00:49 7.0 0.0 0.0 4.2 26.3 13:27 W
5 9.7 10.6 13:13 8.1 08:01 8.6 0.0 0.0 4.3 26.3 13:59 W
6 11.5 12.8 12:47 10.4 00:00 6.8 0.0 4.2 5.7 27.9 19:36 W
7 5.5 11.0 00:00 4.1 07:24 12.9 0.0 8.2 0.5 18.6 00:00 ENE
8 7.8 11.7 13:44 4.6 04:22 10.5 0.0 27.0 1.7 17.0 13:11 SSW
9 10.4 11.8 13:52 9.5 23:32 7.9 0.0 7.0 2.3 24.8 08:52 WSW
10 8.9 11.6 13:10 7.2 21:49 9.4 0.0 0.0 0.2 9.3 13:29 WSW
11 7.4 10.8 13:22 2.2 00:00 10.9 0.0 1.8 0.8 15.5 13:41 W
12 3.9 10.2 15:02 -0.7 06:00 13.9 0.0 0.2 1.3 18.6 12:32 W
13 6.3 11.2 00:00 -0.1 03:28 11.9 0.0 3.6 1.5 18.6 00:00 WSW
14 11.5 12.2 12:41 10.8 06:51 6.6 0.0 4.4 2.5 18.6 00:00 W
15 12.3 16.1 14:43 9.8 23:37 6.0 0.0 1.0 0.7 10.8 15:05 S
16 10.7 12.4 13:11 9.2 08:08 7.6 0.0 1.0 1.9 21.7 10:40 W
17 9.5 11.9 12:44 5.0 04:24 8.8 0.0 6.6 1.0 20.1 23:13 W
18 11.4 15.5 15:26 8.9 23:56 6.9 0.0 14.0 2.0 26.3 15:15 W
19 8.8 13.1 15:31 4.9 23:59 9.5 0.0 0.4 1.6 20.1 11:33 W
20 7.5 11.4 15:27 3.0 04:50 10.8 0.0 0.0 2.0 23.3 14:33 W
21 9.6 11.1 18:01 8.3 06:13 8.7 0.0 9.0 2.9 24.8 09:27 W
22 7.2 11.2 10:53 1.8 23:39 11.1 0.0 15.4 2.7 31.0 14:48 W
23 4.0 8.8 13:47 -0.2 23:38 14.3 0.0 1.2 0.9 13.9 14:16 W
24 1.8 7.2 13:54 -2.7 06:35 16.5 0.0 0.2 0.1 7.8 12:58 SW
25 3.7 7.6 11:39 -1.3 00:49 14.6 0.0 15.2 1.4 18.6 15:47 ESE
26 6.0 8.7 15:40 3.5 23:39 12.3 0.0 0.6 4.0 27.9 11:31 N
27 5.1 9.1 16:20 -0.4 07:08 13.2 0.0 0.0 0.7 12.4 15:45 W
28 8.7 11.3 13:11 5.4 03:11 9.6 0.0 0.0 1.3 21.7 22:08 W
29 8.1 10.3 00:00 3.2 23:52 10.2 0.0 11.2 1.7 17.0 00:06 W
----------------------------------------------------------------------------------
8.1 16.1 15 -2.7 24 294.6 0.0 132.2 2.0 31.0 22 W
Max >= 25.0: 0
Max <= 0.0: 0
Min <= 0.0: 6
Min <= -5.0: 0
Max Rain: 27.0 on day 8
Days of Rain: 20 (>= 0.2 mm) 12 (>= 2.0 mm) 1 (>= 20.0 mm)
Heat Base: 18.3 Cool Base: 18.3 Method: Integration