Select a Year or Month report
Report for 2024 Jan
Monthly Climatological Summary for Jan 2024
Name: Reigate Weather City: Reigate State: Surrey, United Kingdom
Elevation: 71 m Lat: N 51° 14' 04" Lon: W 000° 12' 00"
Temperature (°C), Rain (mm), Wind Speed (mph)
Heat Cool Avg
Mean Deg Deg Wind Dom
Day Temp High Time Low Time Days Days Rain Speed High Time Dir
----------------------------------------------------------------------------------
1 8.0 11.1 23:51 6.2 08:15 10.3 0.0 15.8 3.0 31.0 00:00 W
2 11.2 12.5 13:11 9.8 18:26 7.1 0.0 10.2 5.5 44.9 15:07 W
3 9.5 11.4 12:47 7.7 22:28 8.8 0.0 0.0 3.2 23.3 14:09 W
4 7.1 9.7 18:48 3.1 08:44 11.2 0.0 30.0 1.0 17.0 19:39 W
5 5.6 7.2 15:07 4.3 02:18 12.7 0.0 7.2 2.9 26.3 01:15 WNW
6 4.9 5.9 11:42 3.5 23:59 13.4 0.0 0.8 0.4 12.4 21:37 NNE
7 2.5 4.4 12:06 0.2 07:55 15.8 0.0 0.0 1.3 15.5 10:15 NNE
8 1.7 2.8 10:15 0.4 19:10 16.6 0.0 0.0 1.1 21.7 22:25 NE
9 1.6 3.5 14:54 -0.1 23:58 16.7 0.0 0.0 1.9 20.1 10:23 E
10 0.8 5.2 14:38 -2.8 04:00 16.9 0.0 0.0 0.8 17.0 14:22 NNE
11 1.7 4.4 12:49 -2.6 02:02 16.6 0.0 0.2 1.0 12.4 11:49 NNE
12 4.4 5.2 14:09 3.2 23:45 13.9 0.0 0.0 0.7 12.4 03:46 NNE
13 1.9 3.3 00:00 0.4 11:10 16.4 0.0 0.0 0.5 10.8 04:39 W
14 3.2 5.9 14:40 1.4 01:17 15.1 0.0 0.2 1.0 13.9 13:05 W
15 -1.1 2.5 13:51 -5.7 23:43 19.4 0.0 0.0 0.9 15.5 10:14 WNW
16 -3.1 4.1 14:55 -7.2 06:20 21.4 0.0 0.0 0.2 7.8 12:12 W
17 0.5 2.8 12:52 -1.4 00:00 17.8 0.0 0.0 0.8 21.7 20:58 NNE
18 -1.2 3.1 14:55 -4.3 06:26 19.5 0.0 0.0 1.4 21.7 01:20 NNW
19 -1.4 5.7 14:46 -5.9 07:38 19.7 0.0 0.0 0.5 12.4 13:23 W
20 2.5 5.9 13:24 -4.4 01:03 15.8 0.0 0.2 1.4 18.6 13:41 SW
21 8.7 11.7 21:19 3.6 03:18 9.6 0.0 10.2 5.1 41.8 21:17 W
22 9.3 11.9 02:19 6.6 23:27 9.0 0.0 5.4 6.7 37.2 00:29 W
23 8.2 12.3 19:48 1.4 05:18 10.1 0.0 3.2 3.6 31.0 22:45 W
24 9.8 12.4 00:44 2.7 23:56 8.5 0.0 0.2 5.2 41.8 03:02 W
25 8.4 11.3 13:42 1.8 02:27 9.9 0.0 0.4 1.3 18.6 22:16 W
26 6.9 11.7 03:44 -0.9 23:55 11.4 0.0 4.8 3.1 31.0 06:21 W
27 2.2 8.1 14:09 -2.6 06:46 16.0 0.0 0.0 0.2 9.3 13:23 SSW
28 5.7 10.6 14:33 1.3 05:30 12.2 0.0 0.2 0.4 9.3 01:30 SE
29 9.4 11.6 23:59 6.7 00:00 8.9 0.0 0.0 0.6 17.0 23:44 SSE
30 7.9 11.6 00:00 6.1 23:32 10.4 0.0 0.2 2.4 21.7 00:22 W
31 8.0 11.3 21:24 6.0 01:30 10.3 0.0 0.0 2.3 20.1 10:57 W
----------------------------------------------------------------------------------
4.7 12.5 2 -7.2 16 421.4 0.0 89.2 2.0 44.9 2 W
Max >= 25.0: 0
Max <= 0.0: 0
Min <= 0.0: 11
Min <= -5.0: 3
Max Rain: 30.0 on day 4
Days of Rain: 16 (>= 0.2 mm) 8 (>= 2.0 mm) 1 (>= 20.0 mm)
Heat Base: 18.3 Cool Base: 18.3 Method: Integration