Select a Year or Month report
Report for 2023 Dec
Monthly Climatological Summary for Dec 2023
Name: Reigate Weather City: Reigate State: Surrey, United Kingdom
Elevation: 71 m Lat: N 51° 14' 04" Lon: W 000° 12' 00"
Temperature (°C), Rain (mm), Wind Speed (mph)
Heat Cool Avg
Mean Deg Deg Wind Dom
Day Temp High Time Low Time Days Days Rain Speed High Time Dir
----------------------------------------------------------------------------------
1 -0.1 2.4 14:42 -2.1 05:25 18.4 0.0 0.2 0.5 10.8 00:03 NNE
2 -1.3 -0.2 00:29 -3.2 22:24 19.6 0.0 0.0 0.2 7.8 03:47 WNW
3 4.6 7.8 21:07 -2.6 00:00 13.7 0.0 8.6 0.4 13.9 23:40 SE
4 6.1 7.2 14:15 5.3 02:36 12.2 0.0 11.6 0.9 15.5 00:23 ESE
5 5.1 5.9 13:57 4.2 21:06 13.2 0.0 4.4 0.7 13.9 12:50 N
6 3.2 5.8 13:52 0.3 08:04 15.1 0.0 0.0 0.1 7.8 00:37 E
7 6.4 7.8 22:26 4.0 00:00 11.9 0.0 3.4 1.7 20.1 11:40 SE
8 7.5 10.8 13:52 3.6 04:40 10.8 0.0 0.4 0.7 12.4 18:15 W
9 9.7 13.2 13:08 6.8 01:47 8.6 0.0 12.6 4.8 44.9 14:39 W
10 9.6 11.9 15:05 8.2 04:07 8.7 0.0 3.4 3.6 27.9 11:56 W
11 8.8 11.5 14:36 4.0 19:11 9.5 0.0 0.0 3.2 29.4 00:04 W
12 9.0 11.2 10:56 7.0 22:10 9.0 0.0 16.2 0.5 12.4 11:14 W
13 6.6 7.9 04:02 5.1 23:58 10.5 0.0 3.0 2.5 24.8 18:17 NNW
14 4.5 6.9 23:12 2.5 19:39 13.8 0.0 0.8 0.3 9.3 01:15 WNW
15 5.9 8.7 13:53 2.3 23:23 12.4 0.0 0.2 0.0 7.8 18:19 WSW
16 8.7 10.8 13:22 2.0 01:20 9.6 0.0 0.0 1.6 21.7 19:16 W
17 9.3 9.9 21:16 8.4 07:48 9.0 0.0 0.0 2.9 20.1 12:33 W
18 10.5 11.8 22:46 9.3 04:54 7.8 0.0 0.0 3.0 20.1 07:57 W
19 9.6 12.1 10:44 4.6 23:16 8.1 0.0 11.4 2.2 18.6 01:35 W
20 7.7 10.6 22:45 2.9 01:52 10.6 0.0 0.2 2.9 21.7 13:14 W
21 11.5 13.9 13:34 9.9 23:31 6.8 0.0 0.0 6.8 48.0 05:04 WNW
22 10.4 11.9 13:59 8.6 21:54 7.9 0.0 0.0 5.6 31.0 07:43 W
23 10.2 11.4 11:45 8.4 01:00 8.1 0.0 0.0 5.7 32.5 21:18 W
24 12.9 14.2 12:02 10.6 00:00 5.4 0.0 0.6 5.7 29.4 19:24 W
25 11.8 13.3 00:37 10.1 23:51 6.5 0.0 3.6 3.3 23.3 00:23 W
26 6.5 10.1 00:00 3.5 19:38 11.8 0.0 0.0 0.9 17.0 04:59 W
27 9.8 11.3 09:44 5.8 00:00 8.5 0.0 5.0 3.7 31.0 23:49 WSW
28 11.0 11.9 12:40 9.8 23:20 7.3 0.0 2.2 6.5 34.1 09:38 W
29 9.1 11.0 12:59 4.1 23:55 8.9 0.0 0.0 3.1 27.9 15:34 W
30 8.5 11.3 20:56 2.9 03:03 9.8 0.0 1.8 2.9 24.8 23:04 S
31 7.7 10.9 00:00 4.2 07:45 10.6 0.0 10.6 3.9 27.9 04:56 W
----------------------------------------------------------------------------------
7.8 14.2 24 -3.2 2 324.1 0.0 100.2 2.6 48.0 21 W
Max >= 25.0: 0
Max <= 0.0: 1
Min <= 0.0: 3
Min <= -5.0: 0
Max Rain: 16.2 on day 12
Days of Rain: 20 (>= 0.2 mm) 13 (>= 2.0 mm) 0 (>= 20.0 mm)
Heat Base: 18.3 Cool Base: 18.3 Method: Integration