Select a Year or Month report
Report for 2023 Nov
Monthly Climatological Summary for Nov 2023
Name: Reigate Weather City: Reigate State: Surrey, United Kingdom
Elevation: 71 m Lat: N 51° 14' 04" Lon: W 000° 12' 00"
Temperature (°C), Rain (mm), Wind Speed (mph)
Heat Cool Avg
Mean Deg Deg Wind Dom
Day Temp High Time Low Time Days Days Rain Speed High Time Dir
----------------------------------------------------------------------------------
1 11.5 13.6 14:25 7.7 18:44 6.8 0.0 19.4 2.1 27.9 13:05 SW
2 9.6 11.7 02:27 8.1 17:05 8.7 0.0 37.2 4.6 34.1 16:14 W
3 8.7 13.3 14:05 3.5 23:28 9.4 0.0 3.4 1.4 17.0 00:38 W
4 7.8 11.7 12:34 2.4 02:47 10.5 0.0 20.4 0.7 18.6 15:10 SW
5 8.6 12.9 13:03 4.2 19:57 9.7 0.0 0.4 2.4 26.3 10:08 W
6 6.8 13.5 14:37 2.3 23:55 11.5 0.0 0.0 0.9 20.1 12:21 W
7 5.8 12.2 15:01 0.6 06:14 12.5 0.0 0.0 1.0 20.1 13:19 W
8 8.0 12.4 13:29 2.7 02:27 10.3 0.0 12.4 1.3 23.3 12:19 WSW
9 6.3 10.4 14:03 3.3 02:35 12.0 0.0 3.4 0.6 27.9 14:26 W
10 5.8 8.7 11:55 0.4 23:53 12.5 0.0 4.6 0.7 13.9 05:13 WNW
11 3.5 10.6 14:08 -0.8 04:54 14.8 0.0 0.0 0.5 15.5 12:17 W
12 7.2 9.3 13:42 3.1 00:00 11.1 0.0 1.0 0.0 6.2 12:33 ESE
13 12.3 15.1 11:09 8.4 00:12 6.0 0.0 19.2 4.3 34.1 10:51 W
14 10.4 12.2 10:18 8.2 22:58 7.8 0.0 8.0 2.1 17.0 12:41 W
15 7.7 11.6 13:20 2.2 23:44 10.3 0.0 0.4 2.2 32.5 12:12 W
16 5.5 7.6 14:11 2.4 00:00 12.8 0.0 4.2 0.5 10.8 19:14 W
17 5.4 9.9 13:34 0.3 06:51 12.9 0.0 0.8 0.2 9.3 11:22 W
18 12.0 14.1 12:18 6.9 00:00 6.3 0.0 7.2 2.0 17.0 19:24 WSW
19 12.0 13.9 13:21 10.2 23:55 6.3 0.0 0.2 4.4 24.8 14:15 W
20 9.3 10.9 13:51 6.8 06:06 9.0 0.0 3.4 1.0 15.5 10:51 W
21 9.2 10.8 13:47 6.6 23:52 8.8 0.0 0.6 1.8 17.0 04:25 NNE
22 7.5 10.2 20:09 3.2 06:34 10.8 0.0 0.0 0.5 10.8 13:48 W
23 10.4 13.6 14:22 6.9 02:34 7.9 0.0 0.2 2.8 24.8 11:53 W
24 6.8 11.1 00:00 1.6 23:51 11.5 0.0 0.0 2.2 24.8 09:46 NNW
25 1.9 6.2 14:33 -0.7 23:59 16.4 0.0 0.0 1.1 13.9 11:14 WNW
26 3.0 10.1 23:27 -2.1 02:24 15.3 0.0 10.8 0.2 9.3 23:42 W
27 7.5 10.2 00:01 4.3 17:46 10.8 0.0 5.4 2.3 20.1 17:09 WNW
28 3.8 7.4 14:19 -1.4 23:51 14.5 0.0 0.0 0.9 13.9 00:48 NNW
29 2.0 5.9 13:15 -1.3 00:00 16.3 0.0 0.2 0.0 4.6 17:29 WSW
30 0.4 3.3 14:06 -1.7 01:34 17.9 0.0 0.0 0.4 12.4 10:52 NNE
----------------------------------------------------------------------------------
7.2 15.1 13 -2.1 26 331.4 0.0 162.8 1.5 34.1 2 W
Max >= 25.0: 0
Max <= 0.0: 0
Min <= 0.0: 6
Min <= -5.0: 0
Max Rain: 37.2 on day 2
Days of Rain: 22 (>= 0.2 mm) 14 (>= 2.0 mm) 2 (>= 20.0 mm)
Heat Base: 18.3 Cool Base: 18.3 Method: Integration