Select a Year or Month report
Report for 2023 Sep
Monthly Climatological Summary for Sep 2023
Name: Reigate Weather City: Reigate State: Surrey, United Kingdom
Elevation: 71 m Lat: N 51° 14' 04" Lon: W 000° 12' 00"
Temperature (°C), Rain (mm), Wind Speed (mph)
Heat Cool Avg
Mean Deg Deg Wind Dom
Day Temp High Time Low Time Days Days Rain Speed High Time Dir
----------------------------------------------------------------------------------
1 18.2 23.6 16:19 14.3 00:00 1.4 1.3 0.6 0.4 12.4 13:06 W
2 19.1 25.3 16:34 14.6 01:55 1.1 1.8 0.2 0.6 12.4 14:29 SE
3 19.4 27.7 16:23 12.8 04:28 1.6 2.7 0.0 0.4 7.8 12:32 SE
4 21.4 30.6 16:02 14.6 06:32 0.8 3.9 0.0 0.7 12.4 12:35 ESE
5 21.8 30.2 14:54 13.6 06:37 0.9 4.3 0.0 0.7 13.9 13:52 ESE
6 23.0 33.6 17:06 15.2 06:14 0.8 5.5 0.0 0.1 6.2 14:17 S
7 23.5 33.1 17:15 16.6 05:26 0.2 5.4 0.0 0.4 9.3 12:07 S
8 22.5 30.4 15:44 15.9 06:07 0.6 4.8 0.0 0.2 7.8 13:28 W
9 24.0 34.0 17:00 15.9 06:34 0.3 6.0 0.0 0.2 7.8 13:39 SW
10 22.2 30.4 12:52 16.8 05:55 0.2 4.1 0.0 0.6 18.6 13:01 W
11 20.2 24.8 14:46 16.7 23:57 0.2 2.1 0.0 1.4 13.9 10:24 W
12 18.1 21.7 12:16 15.1 23:55 1.1 0.9 0.8 0.7 10.8 16:44 W
13 15.9 21.1 17:00 12.2 23:30 2.6 0.3 0.4 0.7 12.4 02:52 NNE
14 16.1 23.8 16:04 10.5 04:09 3.4 1.1 0.0 0.6 15.5 12:21 WSW
15 16.9 26.9 15:55 9.5 06:30 3.3 2.0 0.0 0.6 15.5 13:06 SSE
16 19.1 27.6 15:26 11.4 07:10 2.0 2.8 0.0 0.6 10.8 16:47 SE
17 18.2 21.4 11:23 15.6 01:11 0.7 0.6 10.0 0.8 12.4 10:25 ESE
18 16.0 19.4 16:20 12.3 21:27 2.3 0.0 19.6 2.4 31.0 17:47 W
19 15.2 17.2 17:37 11.4 03:09 3.1 0.0 1.2 2.9 24.8 13:13 W
20 17.0 19.3 11:43 13.5 23:58 1.4 0.1 21.6 3.8 29.4 22:17 WSW
21 13.3 18.3 17:03 10.3 07:15 5.0 0.0 14.2 0.1 9.3 11:59 SSW
22 12.3 16.8 13:49 9.3 05:25 6.0 0.0 0.2 1.2 18.6 16:27 W
23 12.2 18.8 16:12 7.8 06:49 6.1 0.0 0.0 1.3 15.5 11:18 W
24 15.4 19.9 14:33 8.6 00:14 3.0 0.1 0.0 1.7 23.3 14:54 S
25 17.4 22.2 14:53 12.7 23:54 1.6 0.7 0.2 1.3 12.4 00:30 W
26 16.9 22.4 14:37 11.6 03:13 2.4 1.0 0.4 1.2 20.1 13:34 WSW
27 17.2 21.6 12:46 12.8 03:57 1.9 0.7 0.2 1.5 18.6 19:04 SSW
28 16.3 18.7 14:14 14.3 07:42 2.0 0.0 1.0 2.0 20.1 00:28 WSW
29 16.1 19.7 15:58 10.7 22:16 2.3 0.1 3.4 2.2 23.3 11:47 W
30 14.0 19.8 14:12 8.7 05:14 4.4 0.1 0.0 0.7 15.5 15:52 S
----------------------------------------------------------------------------------
18.0 34.0 9 7.8 23 62.7 52.4 74.0 1.1 31.0 18 WSW
Max >= 25.0: 11
Max <= 0.0: 0
Min <= 0.0: 0
Min <= -5.0: 0
Max Rain: 21.6 on day 20
Days of Rain: 15 (>= 0.2 mm) 5 (>= 2.0 mm) 1 (>= 20.0 mm)
Heat Base: 18.3 Cool Base: 18.3 Method: Integration