Select a Year or Month report
Report for 2023 Aug
Monthly Climatological Summary for Aug 2023
Name: Reigate Weather City: Reigate State: Surrey, United Kingdom
Elevation: 71 m Lat: N 51° 14' 04" Lon: W 000° 12' 00"
Temperature (°C), Rain (mm), Wind Speed (mph)
Heat Cool Avg
Mean Deg Deg Wind Dom
Day Temp High Time Low Time Days Days Rain Speed High Time Dir
----------------------------------------------------------------------------------
1 17.2 22.3 15:40 13.3 06:17 1.9 0.8 0.2 2.9 26.3 10:07 W
2 16.5 19.1 11:08 14.5 02:13 1.8 0.0 14.4 2.8 23.3 10:04 W
3 17.3 21.8 16:56 14.3 06:56 1.5 0.5 1.8 1.5 15.5 02:07 W
4 16.2 19.7 14:20 13.3 05:32 2.3 0.1 0.0 1.7 17.0 11:14 W
5 14.1 17.8 16:45 12.2 23:07 4.2 0.0 23.6 1.5 27.9 20:18 W
6 14.5 20.1 17:17 10.1 05:28 3.9 0.1 0.0 2.4 18.6 12:55 W
7 15.7 21.8 15:57 10.5 04:35 3.2 0.6 0.0 1.9 18.6 11:19 W
8 13.9 16.5 18:56 9.2 04:46 4.4 0.0 2.8 0.9 15.5 13:08 W
9 17.6 24.3 14:49 11.3 05:00 2.2 1.5 0.0 0.9 12.4 12:28 W
10 19.4 26.9 15:59 12.3 04:31 1.8 2.9 0.0 1.0 17.0 11:34 SW
11 19.4 23.4 17:24 15.9 23:53 0.5 1.5 0.4 1.7 17.0 12:05 W
12 17.6 21.6 13:24 14.4 05:20 1.3 0.7 0.0 2.5 20.1 10:08 W
13 17.6 22.1 17:24 15.0 04:11 1.4 0.8 1.0 2.0 21.7 13:34 W
14 17.3 21.9 13:14 14.4 23:57 1.4 0.5 3.2 1.3 18.6 13:19 SW
15 16.9 24.7 16:43 10.4 06:19 2.7 1.3 0.2 1.1 15.5 10:23 W
16 18.6 27.1 15:29 11.4 06:08 2.2 2.5 0.0 0.4 10.8 15:29 ESE
17 19.1 24.6 15:15 14.8 00:25 1.0 1.8 0.0 1.5 15.5 13:15 ESE
18 20.5 26.1 15:27 17.3 00:00 0.1 2.3 11.0 1.2 17.0 12:55 SE
19 19.4 23.2 15:47 15.1 23:55 0.4 1.6 1.8 2.4 21.7 13:06 W
20 18.9 25.1 16:22 14.1 05:28 1.4 2.0 0.0 1.4 17.0 15:24 W
21 18.1 24.4 16:55 13.7 01:30 1.7 1.5 0.0 1.5 12.4 11:39 W
22 18.6 25.9 15:36 13.8 05:18 1.6 2.0 0.0 1.0 13.9 16:53 W
23 19.9 28.5 16:33 13.8 01:54 1.4 3.0 0.0 0.6 10.8 11:22 WSW
24 18.5 24.3 13:17 14.9 02:46 0.9 1.1 2.6 0.3 9.3 12:25 W
25 16.4 20.6 13:47 12.9 06:12 2.2 0.3 0.2 1.4 18.6 14:15 W
26 14.3 20.8 16:39 9.7 05:42 4.1 0.1 0.4 0.9 15.5 10:29 W
27 14.9 20.2 13:22 10.0 02:17 3.6 0.2 0.2 2.0 18.6 15:36 W
28 15.5 21.6 16:57 10.9 05:29 3.2 0.4 0.0 1.1 17.0 16:08 W
29 15.8 20.7 14:43 12.8 01:31 2.8 0.3 1.4 0.8 13.9 18:09 W
30 14.6 20.2 17:25 10.6 07:00 3.9 0.1 0.2 1.7 21.7 14:18 W
31 13.1 16.2 12:39 9.3 03:41 5.2 0.0 1.4 0.3 10.8 15:00 S
----------------------------------------------------------------------------------
17.0 28.5 23 9.2 8 70.2 30.5 66.8 1.4 27.9 5 W
Max >= 25.0: 6
Max <= 0.0: 0
Min <= 0.0: 0
Min <= -5.0: 0
Max Rain: 23.6 on day 5
Days of Rain: 18 (>= 0.2 mm) 6 (>= 2.0 mm) 1 (>= 20.0 mm)
Heat Base: 18.3 Cool Base: 18.3 Method: Integration