Select a Year or Month report
Report for 2023 Jul
Monthly Climatological Summary for Jul 2023
Name: Reigate Weather City: Reigate State: Surrey, United Kingdom
Elevation: 71 m Lat: N 51° 14' 04" Lon: W 000° 12' 00"
Temperature (°C), Rain (mm), Wind Speed (mph)
Heat Cool Avg
Mean Deg Deg Wind Dom
Day Temp High Time Low Time Days Days Rain Speed High Time Dir
----------------------------------------------------------------------------------
1 18.2 22.2 16:46 15.0 23:22 0.9 0.9 0.8 3.6 23.3 14:06 W
2 16.0 20.7 15:40 10.5 05:06 2.7 0.4 0.0 3.1 26.3 16:27 W
3 15.1 19.9 13:34 10.1 03:29 3.3 0.1 2.4 3.4 26.3 09:20 W
4 14.5 18.9 10:46 11.9 05:00 3.8 0.0 8.8 1.7 17.0 10:32 W
5 15.2 21.4 16:50 9.6 05:14 3.5 0.4 1.0 3.2 26.3 14:37 W
6 15.7 22.2 16:23 8.7 05:19 3.5 0.8 0.0 1.3 21.7 15:54 WSW
7 20.7 30.2 17:19 8.9 05:15 2.6 5.0 0.0 1.0 15.5 17:33 SSE
8 21.6 25.6 16:29 17.9 23:55 0.0 3.3 5.2 0.5 13.9 11:22 WSW
9 18.6 23.2 16:58 15.4 04:24 1.0 1.3 0.2 1.0 15.5 17:02 WSW
10 18.5 24.1 14:13 12.2 05:39 1.5 1.7 0.0 2.0 21.7 15:18 WSW
11 18.8 23.4 13:33 16.3 22:53 0.4 0.9 0.0 2.8 17.0 11:11 W
12 16.7 21.4 13:28 12.9 05:13 2.0 0.3 7.2 2.3 20.1 18:09 W
13 16.1 21.9 16:36 11.3 03:00 2.7 0.6 0.4 2.3 21.7 15:15 W
14 15.9 19.5 16:03 12.4 02:32 2.4 0.1 11.4 1.1 21.7 20:42 SSW
15 17.0 21.1 14:14 14.9 01:25 1.6 0.3 1.4 4.1 29.4 17:08 W
16 16.7 20.8 16:18 13.1 23:59 2.1 0.4 0.2 4.2 32.5 12:25 W
17 16.2 22.1 15:32 10.4 03:25 2.8 0.7 1.0 2.0 20.1 13:43 W
18 16.8 22.7 15:56 9.5 05:20 2.7 1.2 0.2 0.9 13.9 16:02 W
19 18.5 23.5 14:43 15.0 00:53 1.3 1.4 0.6 1.7 17.0 10:51 W
20 18.2 23.6 17:00 13.1 05:51 1.5 1.4 0.0 1.1 13.9 11:48 W
21 16.4 20.5 15:42 12.0 23:23 2.3 0.4 0.0 1.6 21.7 16:36 W
22 14.2 17.9 11:02 10.4 03:43 4.1 0.0 13.2 2.2 20.1 09:34 W
23 18.3 23.3 15:30 14.7 23:55 1.2 1.2 2.6 3.4 23.3 14:33 W
24 15.2 17.9 10:21 13.1 00:00 3.1 0.0 2.0 0.6 10.8 11:21 WNW
25 15.8 20.9 17:01 11.2 23:59 2.7 0.3 0.2 1.6 23.3 17:08 W
26 15.0 22.1 13:24 8.1 04:44 3.9 0.6 8.4 1.3 17.0 14:03 W
27 17.8 20.7 15:32 15.5 01:27 0.9 0.4 5.6 2.4 17.0 00:04 W
28 18.7 22.8 15:13 16.6 06:10 0.6 0.9 0.0 2.0 17.0 18:04 W
29 18.2 22.8 15:19 14.3 23:49 1.1 1.0 0.2 2.4 20.1 10:15 W
30 16.4 19.9 10:39 13.8 05:41 2.0 0.1 4.2 2.6 20.1 09:41 W
31 17.2 20.3 11:00 14.5 23:29 1.3 0.2 3.8 2.9 20.1 00:26 W
----------------------------------------------------------------------------------
17.0 30.2 7 8.1 26 65.5 26.3 81.0 2.2 32.5 16 W
Max >= 25.0: 2
Max <= 0.0: 0
Min <= 0.0: 0
Min <= -5.0: 0
Max Rain: 13.2 on day 22
Days of Rain: 23 (>= 0.2 mm) 12 (>= 2.0 mm) 0 (>= 20.0 mm)
Heat Base: 18.3 Cool Base: 18.3 Method: Integration