Select a Year or Month report
Report for 2023 Jun
Monthly Climatological Summary for Jun 2023
Name: Reigate Weather City: Reigate State: Surrey, United Kingdom
Elevation: 71 m Lat: N 51° 14' 04" Lon: W 000° 12' 00"
Temperature (°C), Rain (mm), Wind Speed (mph)
Heat Cool Avg
Mean Deg Deg Wind Dom
Day Temp High Time Low Time Days Days Rain Speed High Time Dir
----------------------------------------------------------------------------------
1 13.9 21.2 16:34 9.4 05:33 4.7 0.3 0.0 2.2 15.5 07:50 ESE
2 13.8 19.9 15:27 9.9 05:21 4.7 0.2 0.0 2.2 17.0 17:55 ESE
3 14.6 22.3 17:36 7.9 03:57 4.5 0.8 0.0 1.8 18.6 14:31 ESE
4 15.7 22.9 14:49 9.2 05:01 3.7 1.1 0.0 2.0 18.6 17:42 SE
5 13.9 20.3 16:37 9.1 04:31 4.6 0.2 0.0 2.0 15.5 04:02 ESE
6 14.1 19.9 16:03 10.2 05:20 4.2 0.1 0.0 2.0 18.6 16:12 SE
7 14.8 22.3 17:00 9.9 01:49 4.2 0.7 0.0 2.2 15.5 14:57 SE
8 15.8 23.9 15:45 10.1 02:02 3.7 1.1 0.0 2.1 17.0 16:53 SE
9 18.2 26.1 14:41 11.4 02:11 2.4 2.3 0.0 2.3 17.0 15:29 SE
10 23.1 32.2 15:05 14.1 05:04 0.9 5.8 0.0 1.3 15.5 12:41 SE
11 21.4 29.9 12:34 14.4 04:24 0.6 3.8 3.0 0.6 18.6 15:10 W
12 21.3 29.4 15:10 16.3 23:53 0.4 3.4 0.4 0.7 12.4 15:24 SW
13 21.4 29.3 13:24 14.7 05:22 0.9 3.9 0.0 1.6 20.1 18:45 E
14 20.8 29.2 14:34 11.9 05:30 1.6 4.0 0.0 1.4 12.4 12:33 ESE
15 20.6 28.7 15:12 11.9 04:02 1.6 3.9 0.0 1.0 12.4 09:34 ESE
16 20.7 28.8 16:15 11.3 04:53 1.6 4.0 0.0 0.7 9.3 09:11 ESE
17 20.2 27.4 13:49 11.6 04:55 1.5 3.4 0.4 0.4 7.8 12:51 ESE
18 19.2 26.2 12:33 15.3 23:21 0.7 1.6 6.2 0.9 13.9 12:58 SW
19 19.1 24.5 17:21 14.5 03:27 1.2 2.0 0.0 1.7 17.0 13:44 SW
20 18.8 23.7 19:14 15.2 23:59 0.7 1.2 17.6 1.3 17.0 13:23 WSW
21 19.4 25.5 16:38 13.6 04:53 1.3 2.4 0.0 1.6 15.5 10:54 W
22 20.6 28.3 16:29 12.3 05:12 1.4 3.7 0.0 0.8 17.0 15:22 WNW
23 20.5 27.4 15:20 13.7 04:39 0.9 3.1 0.0 1.6 17.0 16:37 W
24 21.0 27.6 17:05 14.7 03:04 0.9 3.6 0.0 0.9 10.8 11:59 WSW
25 21.8 29.6 14:42 14.1 04:12 0.9 4.4 0.0 2.5 24.8 21:30 WSW
26 18.1 22.4 17:40 13.1 05:33 1.5 1.3 0.0 2.9 26.3 17:58 W
27 18.2 23.2 14:41 13.4 02:26 1.4 1.3 0.0 1.7 15.5 12:43 W
28 19.7 24.7 15:40 16.4 05:06 0.4 1.8 0.0 1.1 12.4 19:30 W
29 18.4 23.1 17:30 15.1 08:30 1.1 1.1 5.6 1.1 13.9 13:30 W
30 15.7 18.8 11:30 12.1 05:30 2.6 0.0 0.2 2.3 23.3 12:00 W
----------------------------------------------------------------------------------
18.5 32.2 10 7.9 3 60.8 66.5 33.4 1.6 26.3 26 S
Max >= 25.0: 15
Max <= 0.0: 0
Min <= 0.0: 0
Min <= -5.0: 0
Max Rain: 17.6 on day 20
Days of Rain: 7 (>= 0.2 mm) 4 (>= 2.0 mm) 0 (>= 20.0 mm)
Heat Base: 18.3 Cool Base: 18.3 Method: Integration