Select a Year or Month report
Report for 2023 May
Monthly Climatological Summary for May 2023
Name: Reigate Weather City: Reigate State: Surrey, United Kingdom
Elevation: 71 m Lat: N 51° 14' 04" Lon: W 000° 12' 00"
Temperature (°C), Rain (mm), Wind Speed (mph)
Heat Cool Avg
Mean Deg Deg Wind Dom
Day Temp High Time Low Time Days Days Rain Speed High Time Dir
----------------------------------------------------------------------------------
1 13.1 18.5 17:33 8.5 03:48 5.2 0.0 1.8 1.4 20.1 14:22 WNW
2 11.9 16.8 17:15 7.2 23:53 6.4 0.0 0.0 0.7 10.8 20:32 ESE
3 10.7 17.4 12:51 5.2 04:47 7.6 0.0 0.0 1.6 18.6 17:33 ESE
4 14.3 21.2 13:16 8.0 01:04 4.5 0.5 0.0 1.8 17.0 16:08 SE
5 14.8 20.1 15:45 10.9 23:58 3.7 0.1 0.0 1.7 17.0 12:52 WSW
6 12.2 13.8 10:37 9.2 04:10 5.9 0.0 11.0 0.6 9.3 12:07 SE
7 14.6 21.2 17:00 10.8 23:58 4.0 0.3 0.0 0.9 10.8 14:16 W
8 12.0 14.5 15:05 8.6 03:01 6.3 0.0 3.0 1.0 18.6 13:02 WSW
9 13.9 17.9 18:18 10.4 23:53 4.4 0.0 10.8 1.3 15.5 07:42 W
10 12.8 18.8 16:17 7.9 23:59 5.1 0.0 8.0 2.0 21.7 15:40 W
11 11.4 18.9 12:56 6.7 01:50 6.9 0.0 20.6 0.3 12.4 12:57 W
12 10.8 14.6 10:41 7.8 01:39 7.5 0.0 0.8 2.5 24.8 18:03 N
13 11.8 16.9 15:13 9.1 05:22 6.5 0.0 0.0 2.1 18.6 02:54 N
14 13.8 21.1 17:19 7.9 06:36 4.9 0.4 0.0 0.9 13.9 14:34 W
15 12.7 16.7 15:56 6.4 23:29 5.6 0.0 0.4 2.0 23.3 12:14 NNW
16 11.6 18.3 16:00 4.6 04:27 6.7 0.0 0.0 1.6 18.6 16:27 WNW
17 13.0 20.1 16:35 6.7 01:31 5.3 0.0 0.0 0.8 10.8 10:24 W
18 14.3 21.7 15:51 7.5 06:08 4.4 0.4 0.0 0.5 10.8 14:25 SE
19 12.7 19.3 16:59 7.3 05:06 5.6 0.0 0.0 0.5 13.9 13:16 E
20 13.5 20.7 14:12 7.5 00:33 5.1 0.3 0.0 1.5 17.0 16:12 ESE
21 13.9 19.7 13:40 8.1 04:59 4.4 0.1 0.0 1.6 18.6 14:18 NE
22 14.7 20.8 17:58 9.8 02:41 3.9 0.3 0.0 2.2 20.1 13:37 N
23 13.7 19.5 14:29 8.7 23:58 4.7 0.1 0.0 1.0 13.9 07:50 NNE
24 14.8 22.8 16:57 6.3 05:21 4.5 1.0 0.0 1.1 13.9 09:01 WNW
25 14.1 19.1 14:21 9.3 02:13 4.2 0.0 0.0 0.9 13.9 10:24 ESE
26 13.3 19.7 15:48 8.6 01:54 5.1 0.1 0.0 1.9 17.0 10:07 ESE
27 14.3 22.0 15:56 7.7 04:46 4.8 0.7 0.0 1.1 13.9 13:19 ESE
28 15.0 22.8 15:05 6.6 05:02 4.3 1.0 0.0 1.7 17.0 14:18 ESE
29 13.1 18.9 16:04 7.9 05:13 5.2 0.0 0.0 2.3 18.6 17:45 ESE
30 13.1 19.1 15:29 8.6 03:41 5.2 0.0 0.0 2.5 18.6 07:39 SE
31 14.4 21.6 16:32 10.2 04:06 4.3 0.4 0.0 2.1 15.5 08:05 SE
----------------------------------------------------------------------------------
13.2 22.8 24 4.6 16 162.2 5.7 56.4 1.4 24.8 12 ENE
Max >= 25.0: 0
Max <= 0.0: 0
Min <= 0.0: 0
Min <= -5.0: 0
Max Rain: 20.6 on day 11
Days of Rain: 8 (>= 0.2 mm) 5 (>= 2.0 mm) 1 (>= 20.0 mm)
Heat Base: 18.3 Cool Base: 18.3 Method: Integration