Select a Year or Month report
Report for 2023 Apr
Monthly Climatological Summary for Apr 2023
Name: Reigate Weather City: Reigate State: Surrey, United Kingdom
Elevation: 71 m Lat: N 51° 14' 04" Lon: W 000° 12' 00"
Temperature (°C), Rain (mm), Wind Speed (mph)
Heat Cool Avg
Mean Deg Deg Wind Dom
Day Temp High Time Low Time Days Days Rain Speed High Time Dir
----------------------------------------------------------------------------------
1 9.1 11.4 14:32 7.2 23:19 9.2 0.0 5.2 2.1 17.0 01:45 NNW
2 7.6 12.9 17:10 2.5 23:59 10.7 0.0 0.2 1.8 17.0 00:09 N
3 6.0 13.8 15:25 -0.3 06:05 12.3 0.0 0.0 0.7 10.8 11:31 ESE
4 6.3 16.1 17:30 -1.5 06:09 12.0 0.0 0.0 0.6 10.8 10:48 S
5 6.9 12.7 14:18 0.6 02:47 11.4 0.0 0.2 0.7 12.4 13:26 WSW
6 9.5 14.3 13:29 5.7 22:08 8.8 0.0 6.8 2.0 31.0 15:22 W
7 8.5 16.7 16:42 2.6 06:38 9.8 0.0 0.2 0.8 10.8 09:54 NNW
8 8.0 16.3 14:57 0.7 05:07 10.3 0.0 0.0 0.4 9.3 13:15 SE
9 10.0 16.9 16:07 4.8 00:00 8.3 0.0 0.0 0.8 10.8 11:40 S
10 10.7 14.7 16:47 8.1 23:49 7.6 0.0 11.4 2.8 29.4 14:17 W
11 8.4 12.7 12:36 4.3 06:53 9.9 0.0 11.2 2.9 24.8 16:22 WSW
12 6.4 10.4 12:45 2.2 06:31 11.8 0.0 20.6 3.3 35.6 14:25 W
13 7.5 13.4 16:04 2.3 23:13 10.5 0.0 1.4 3.5 29.4 01:00 W
14 6.5 10.2 14:31 1.9 01:44 11.8 0.0 7.8 1.0 20.1 13:34 SE
15 10.0 16.1 17:20 5.9 04:37 8.3 0.0 0.0 1.5 17.0 04:49 N
16 11.2 16.8 13:37 5.7 04:15 7.1 0.0 0.0 0.4 7.8 10:45 W
17 12.5 17.8 14:09 7.2 22:58 5.8 0.0 0.4 1.0 13.9 15:18 ESE
18 8.6 11.4 10:33 6.5 06:17 9.7 0.0 0.2 1.8 17.0 10:27 E
19 10.7 17.4 14:28 6.4 23:53 7.6 0.0 0.0 2.6 26.3 18:08 E
20 9.0 16.6 15:36 4.3 05:28 9.3 0.0 1.2 2.1 21.7 14:03 NNE
21 7.8 13.4 17:01 3.1 23:55 10.5 0.0 2.8 0.5 12.4 00:37 E
22 8.7 15.9 17:09 2.1 01:43 9.6 0.0 3.0 0.9 15.5 15:51 SW
23 10.5 15.4 16:47 7.7 21:25 7.8 0.0 5.6 1.8 21.7 19:11 W
24 8.2 13.4 14:09 5.1 23:12 10.1 0.0 9.0 1.6 15.5 15:37 WNW
25 6.2 11.8 17:30 0.9 05:17 11.8 0.0 0.0 0.6 10.8 02:18 NNE
26 8.3 14.5 16:27 2.9 00:26 10.0 0.0 0.0 0.7 12.4 10:16 SE
27 9.5 14.3 13:41 5.1 04:32 8.8 0.0 13.6 1.3 17.0 11:24 ESE
28 13.5 19.0 15:48 9.7 23:57 4.8 0.0 0.6 1.7 18.6 11:40 W
29 11.8 19.5 15:09 4.3 05:48 6.5 0.0 0.0 0.5 10.8 11:19 SSE
30 11.8 18.3 15:10 5.3 03:44 6.5 0.0 0.0 0.8 10.8 13:01 SSW
----------------------------------------------------------------------------------
9.0 19.5 29 -1.5 4 278.6 0.0 101.4 1.4 35.6 12 W
Max >= 25.0: 0
Max <= 0.0: 0
Min <= 0.0: 2
Min <= -5.0: 0
Max Rain: 20.6 on day 12
Days of Rain: 19 (>= 0.2 mm) 11 (>= 2.0 mm) 1 (>= 20.0 mm)
Heat Base: 18.3 Cool Base: 18.3 Method: Integration