Select a Year or Month report
Report for 2023 Mar
Monthly Climatological Summary for Mar 2023
Name: Reigate Weather City: Reigate State: Surrey, United Kingdom
Elevation: 71 m Lat: N 51° 14' 04" Lon: W 000° 12' 00"
Temperature (°C), Rain (mm), Wind Speed (mph)
Heat Cool Avg
Mean Deg Deg Wind Dom
Day Temp High Time Low Time Days Days Rain Speed High Time Dir
----------------------------------------------------------------------------------
1 4.2 6.9 13:44 0.8 01:20 14.1 0.0 0.2 0.6 12.4 08:15 NNE
2 4.2 10.2 15:43 -0.7 06:18 14.1 0.0 0.0 1.2 13.9 10:51 NNE
3 5.0 6.5 11:44 3.0 05:56 13.3 0.0 0.0 0.8 10.8 09:49 NNE
4 5.1 6.8 11:55 4.0 07:15 13.2 0.0 0.0 0.5 10.8 07:52 NNE
5 3.6 4.6 13:10 2.2 23:56 14.7 0.0 0.0 1.1 17.0 09:00 WNW
6 4.6 9.3 13:36 0.1 05:11 13.7 0.0 0.8 1.5 23.3 14:30 W
7 2.6 5.6 00:00 -0.7 20:33 15.7 0.0 5.2 1.0 17.0 01:42 WNW
8 1.5 2.7 21:23 0.2 00:00 16.8 0.0 15.8 1.3 18.6 07:03 E
9 6.5 10.2 14:02 2.7 00:00 11.8 0.0 11.6 0.5 15.5 13:33 WSW
10 3.9 9.1 00:00 -2.1 23:55 14.4 0.0 4.4 2.0 31.0 11:10 NW
11 2.6 7.9 13:18 -3.2 03:59 15.7 0.0 2.8 0.7 12.4 10:51 SE
12 9.2 12.4 12:24 5.3 00:00 9.1 0.0 2.2 2.5 26.3 14:47 W
13 11.2 12.9 11:32 9.3 20:41 7.1 0.0 2.8 6.9 35.6 11:34 W
14 6.1 10.3 15:44 2.6 23:58 12.2 0.0 4.2 3.7 27.9 18:01 WNW
15 4.6 8.3 12:37 -1.7 06:08 13.7 0.0 4.4 0.7 12.4 13:38 SSE
16 10.5 14.3 16:09 6.8 00:00 7.8 0.0 0.4 1.6 17.0 15:13 SSW
17 11.0 15.2 15:37 9.2 21:32 7.3 0.0 4.2 0.6 13.9 15:24 WSW
18 10.1 15.4 16:05 6.1 22:10 8.0 0.0 3.0 0.4 10.8 17:42 W
19 7.9 10.7 15:36 5.1 06:40 10.4 0.0 1.2 1.7 18.6 08:44 WNW
20 9.1 11.1 13:30 6.9 00:23 9.2 0.0 1.4 1.7 13.9 15:25 W
21 10.2 13.9 15:44 8.3 04:28 8.1 0.0 0.4 3.1 27.9 13:59 W
22 10.8 12.9 13:20 9.3 04:29 7.5 0.0 4.4 4.6 29.4 23:48 W
23 10.6 14.2 12:56 8.6 05:59 7.7 0.0 11.4 4.2 29.4 12:29 W
24 9.9 13.2 14:48 7.4 05:31 8.4 0.0 1.2 4.0 35.6 12:34 W
25 9.8 14.6 13:40 7.4 23:29 8.5 0.0 0.2 4.6 32.5 11:29 W
26 7.2 10.4 13:33 5.5 23:43 10.7 0.0 11.2 1.0 13.9 14:16 N
27 6.2 12.7 17:13 1.8 23:10 12.1 0.0 0.0 0.6 12.4 13:46 WNW
28 6.2 8.6 16:18 2.4 00:00 12.1 0.0 5.0 1.0 18.6 15:15 S
29 10.7 13.4 15:48 7.6 00:00 7.6 0.0 12.0 1.7 20.1 22:05 W
30 11.8 14.7 16:36 9.6 05:35 6.5 0.0 3.4 4.1 26.3 10:29 W
31 10.2 13.3 14:30 9.4 07:00 7.9 0.0 27.8 5.1 34.1 15:15 W
----------------------------------------------------------------------------------
7.3 15.4 18 -3.2 11 339.4 0.0 141.6 2.1 35.6 13 W
Max >= 25.0: 0
Max <= 0.0: 0
Min <= 0.0: 5
Min <= -5.0: 0
Max Rain: 27.8 on day 31
Days of Rain: 26 (>= 0.2 mm) 18 (>= 2.0 mm) 1 (>= 20.0 mm)
Heat Base: 18.3 Cool Base: 18.3 Method: Integration