Select a Year or Month report
Report for 2023 Feb
Monthly Climatological Summary for Feb 2023
Name: Reigate Weather City: Reigate State: Surrey, United Kingdom
Elevation: 71 m Lat: N 51° 14' 04" Lon: W 000° 12' 00"
Temperature (°C), Rain (mm), Wind Speed (mph)
Heat Cool Avg
Mean Deg Deg Wind Dom
Day Temp High Time Low Time Days Days Rain Speed High Time Dir
----------------------------------------------------------------------------------
1 6.6 10.2 13:09 1.1 00:30 11.7 0.0 0.0 2.9 27.9 16:38 W
2 8.4 10.7 15:46 2.9 07:34 9.9 0.0 0.0 3.3 24.8 19:45 W
3 9.5 12.7 13:35 4.3 23:44 8.8 0.0 0.0 3.0 23.3 00:18 W
4 7.9 9.2 11:40 4.2 00:06 10.4 0.0 0.0 0.8 12.4 12:48 W
5 4.8 9.1 15:42 -0.4 21:02 13.5 0.0 0.0 0.9 12.4 00:55 N
6 3.4 11.9 15:14 -1.3 23:57 14.9 0.0 0.0 0.1 7.8 15:30 W
7 1.0 9.8 15:33 -2.7 03:12 17.3 0.0 0.0 0.0 6.2 12:03 SSE
8 -0.1 8.3 15:29 -5.6 06:26 18.4 0.0 0.0 0.3 10.8 14:21 S
9 2.5 9.1 14:29 -2.7 02:26 15.8 0.0 0.2 0.2 9.3 13:28 WNW
10 3.1 8.7 14:18 -2.8 06:35 15.2 0.0 0.0 0.9 18.6 12:27 W
11 8.3 9.9 12:20 5.8 00:31 10.0 0.0 0.0 0.6 12.4 11:06 W
12 7.2 8.4 13:20 6.1 23:59 11.1 0.0 0.0 0.1 7.8 23:07 SE
13 5.4 13.0 15:52 0.4 07:25 12.9 0.0 0.2 0.3 10.8 14:48 SE
14 3.5 13.6 15:45 -1.3 04:30 14.8 0.0 0.2 0.0 4.6 12:43 WSW
15 6.6 14.1 15:08 -0.4 04:15 11.7 0.0 0.0 0.7 12.4 13:51 WSW
16 9.1 11.3 15:13 7.2 05:00 8.9 0.0 1.2 1.9 15.5 09:29 W
17 11.3 12.8 13:43 9.2 00:00 7.0 0.0 0.4 3.2 29.4 10:55 W
18 11.0 12.7 11:31 8.9 23:52 7.3 0.0 0.2 4.6 27.9 02:26 W
19 8.9 13.9 15:55 5.4 21:44 9.4 0.0 0.0 2.0 20.1 10:45 W
20 8.0 12.6 15:25 4.1 01:06 10.1 0.0 0.0 2.5 24.8 12:29 W
21 7.3 8.6 12:05 5.1 23:51 11.0 0.0 0.2 0.5 10.8 02:10 W
22 6.7 9.3 15:15 5.2 00:00 11.6 0.0 1.8 0.3 9.3 12:33 WNW
23 5.7 9.3 13:13 -0.9 23:56 12.6 0.0 0.0 1.3 15.5 10:04 N
24 3.8 10.5 16:42 -2.2 03:13 14.5 0.0 0.2 0.9 13.9 17:22 N
25 4.4 8.4 14:46 2.2 23:43 13.9 0.0 0.0 1.6 17.0 11:14 N
26 3.3 7.3 16:38 0.9 23:21 15.0 0.0 0.0 1.1 17.0 16:37 NE
27 3.8 9.1 14:27 -0.2 03:38 14.5 0.0 0.0 1.3 13.9 13:02 NE
28 4.2 6.7 13:01 0.8 04:51 14.1 0.0 0.0 1.6 17.0 14:41 NNE
----------------------------------------------------------------------------------
5.9 14.1 15 -5.6 8 346.3 0.0 4.6 1.3 29.4 17 WNW
Max >= 25.0: 0
Max <= 0.0: 0
Min <= 0.0: 11
Min <= -5.0: 1
Max Rain: 1.8 on day 22
Days of Rain: 9 (>= 0.2 mm) 0 (>= 2.0 mm) 0 (>= 20.0 mm)
Heat Base: 18.3 Cool Base: 18.3 Method: Integration