Select a Year or Month report
Report for 2023 Jan
Monthly Climatological Summary for Jan 2023
Name: Reigate Weather City: Reigate State: Surrey, United Kingdom
Elevation: 71 m Lat: N 51° 14' 04" Lon: W 000° 12' 00"
Temperature (°C), Rain (mm), Wind Speed (mph)
Heat Cool Avg
Mean Deg Deg Wind Dom
Day Temp High Time Low Time Days Days Rain Speed High Time Dir
----------------------------------------------------------------------------------
1 9.9 11.8 00:00 6.9 23:54 8.4 0.0 9.0 2.4 21.7 02:00 W
2 4.7 7.9 14:56 -0.5 21:05 13.6 0.0 0.0 0.5 15.5 13:25 W
3 8.1 11.9 23:58 1.2 00:16 10.2 0.0 8.8 2.8 24.8 13:18 W
4 12.1 13.1 13:00 11.1 20:09 6.2 0.0 0.4 5.1 27.9 14:19 W
5 11.0 12.8 13:01 9.4 07:41 7.3 0.0 0.2 3.1 20.1 18:19 W
6 9.0 11.6 23:05 3.7 08:36 9.3 0.0 4.8 2.3 26.3 00:52 W
7 9.4 11.6 00:00 6.2 22:16 8.9 0.0 7.0 4.0 38.8 17:58 SSW
8 6.8 9.7 11:40 3.1 20:10 11.5 0.0 11.0 2.0 24.8 11:49 WSW
9 6.0 8.7 13:03 2.8 23:57 12.3 0.0 0.4 3.2 26.3 12:41 W
10 7.7 11.8 14:11 0.9 01:33 10.4 0.0 14.2 2.9 27.9 13:33 W
11 8.4 10.5 23:36 5.8 07:25 9.6 0.0 3.0 4.0 34.1 16:17 W
12 10.3 11.6 05:32 7.6 21:11 7.9 0.0 9.4 5.9 31.0 00:53 W
13 7.4 10.5 14:38 2.7 22:10 10.9 0.0 0.0 5.0 31.0 00:26 W
14 8.4 11.4 12:14 5.2 23:58 9.9 0.0 21.2 4.6 26.3 06:31 W
15 4.5 7.8 12:34 0.3 21:35 13.8 0.0 0.8 3.0 24.8 06:45 W
16 1.7 4.4 14:42 -4.3 23:44 16.6 0.0 17.2 2.1 24.8 14:56 NW
17 -3.1 0.4 13:57 -6.5 07:27 21.4 0.0 0.0 0.0 6.2 18:24 ---
18 -0.8 4.4 14:56 -5.6 07:15 19.0 0.0 0.0 1.0 15.5 11:52 W
19 0.2 5.3 14:51 -3.3 07:10 18.1 0.0 0.0 0.5 12.4 00:32 W
20 2.7 5.7 14:49 -2.7 00:00 15.6 0.0 0.0 2.1 15.5 10:34 WNW
21 0.3 6.7 14:57 -3.7 23:59 18.0 0.0 0.0 0.0 7.8 00:01 NNE
22 -2.0 5.8 15:03 -5.4 08:02 20.3 0.0 0.0 0.0 6.2 12:56 NNE
23 -0.7 3.2 22:54 -6.4 08:13 19.0 0.0 0.0 0.1 7.8 13:04 NNE
24 3.3 5.0 14:35 2.1 23:13 15.0 0.0 0.0 0.2 7.8 06:58 E
25 2.2 5.3 23:24 0.2 09:19 16.1 0.0 3.8 0.8 13.9 19:45 NW
26 4.9 7.4 13:57 2.7 04:47 13.4 0.0 1.2 1.9 18.6 18:11 N
27 3.9 7.1 13:37 -0.4 21:58 14.4 0.0 0.0 1.1 13.9 00:34 NNE
28 3.8 5.8 12:28 0.7 00:00 14.5 0.0 0.0 0.2 7.8 14:18 WNW
29 5.6 7.9 19:25 3.6 06:27 12.7 0.0 0.4 1.6 24.8 19:38 W
30 6.0 9.8 14:38 -0.4 22:24 12.3 0.0 0.0 1.8 21.7 03:39 WNW
31 6.0 11.5 14:38 0.8 00:00 12.3 0.0 0.0 1.9 26.3 14:02 W
----------------------------------------------------------------------------------
5.1 13.1 4 -6.5 17 408.9 0.0 112.8 2.1 38.8 7 W
Max >= 25.0: 0
Max <= 0.0: 0
Min <= 0.0: 11
Min <= -5.0: 4
Max Rain: 21.2 on day 14
Days of Rain: 17 (>= 0.2 mm) 11 (>= 2.0 mm) 1 (>= 20.0 mm)
Heat Base: 18.3 Cool Base: 18.3 Method: Integration