Select a Year or Month report
Report for 2022 Dec
Monthly Climatological Summary for Dec 2022
Name: Reigate Weather City: Reigate State: Surrey, United Kingdom
Elevation: 71 m Lat: N 51° 14' 04" Lon: W 000° 12' 00"
Temperature (°C), Rain (mm), Wind Speed (mph)
Heat Cool Avg
Mean Deg Deg Wind Dom
Day Temp High Time Low Time Days Days Rain Speed High Time Dir
----------------------------------------------------------------------------------
1 5.7 8.8 14:17 3.3 00:00 12.6 0.0 0.2 0.0 6.2 03:16 NNE
2 5.4 7.9 13:41 4.0 07:40 12.9 0.0 1.0 1.2 15.5 22:00 N
3 5.4 6.9 13:08 4.2 05:56 12.9 0.0 0.2 1.5 13.9 15:43 NNE
4 4.3 5.4 13:37 3.4 22:32 14.0 0.0 0.0 1.0 13.9 16:46 E
5 5.5 7.7 14:26 3.6 00:00 12.8 0.0 0.2 0.8 10.8 14:30 NNE
6 4.6 7.6 14:18 3.1 04:37 13.7 0.0 0.2 1.0 9.3 00:47 NNE
7 2.3 5.2 14:39 -1.4 21:25 16.0 0.0 0.0 0.9 13.9 08:04 NNW
8 -1.5 3.6 14:51 -4.7 07:18 19.8 0.0 0.0 0.2 7.8 10:23 WNW
9 -1.6 2.5 14:34 -5.2 00:49 19.9 0.0 0.4 0.2 10.8 08:55 W
10 -3.0 4.7 14:47 -6.4 07:51 21.3 0.0 0.0 0.0 6.2 12:32 W
11 -3.1 -0.1 18:49 -7.4 07:31 21.4 0.0 0.0 0.0 6.2 21:35 W
12 -0.3 0.6 13:57 -1.9 23:45 18.6 0.0 0.2 0.1 9.3 17:37 ESE
13 -1.0 1.3 14:21 -3.4 05:46 19.3 0.0 0.0 0.2 7.8 10:17 ESE
14 -0.8 1.2 12:09 -2.8 00:00 18.8 0.0 0.0 0.8 13.9 21:00 NNE
15 -2.1 1.4 14:27 -6.2 08:41 18.1 0.0 0.0 0.3 9.3 20:32 N
16 -2.4 4.9 14:54 -6.3 23:27 20.7 0.0 0.0 0.1 6.2 04:27 W
17 -2.1 5.3 14:54 -6.4 04:55 20.4 0.0 1.2 0.0 6.2 14:08 SE
18 2.2 9.9 23:59 -2.8 00:36 16.0 0.0 7.6 1.0 13.9 23:58 SE
19 11.6 12.4 17:04 9.9 00:00 6.6 0.0 16.8 4.4 29.4 13:23 WSW
20 8.2 12.6 01:55 0.8 23:15 10.1 0.0 2.8 2.2 23.3 01:54 WSW
21 6.7 9.5 12:37 1.2 00:00 11.6 0.0 4.6 0.3 9.3 11:22 W
22 8.5 10.7 13:44 5.1 06:16 9.8 0.0 1.4 0.8 17.0 12:07 W
23 9.4 13.0 12:57 7.7 21:42 8.9 0.0 20.2 1.5 23.3 15:17 W
24 8.3 10.6 14:36 2.8 09:02 10.0 0.0 0.4 0.8 17.0 21:53 WSW
25 10.0 10.8 11:00 8.8 19:21 8.3 0.0 3.4 0.9 10.8 19:52 WSW
26 5.5 10.3 02:53 -0.6 23:40 12.8 0.0 0.0 2.0 21.7 01:21 W
27 4.6 9.8 13:30 -1.7 05:43 13.7 0.0 6.0 2.0 23.3 23:03 W
28 9.9 10.9 15:53 8.9 22:09 8.4 0.0 14.0 4.6 29.4 09:07 W
29 7.4 9.6 03:50 1.1 23:51 10.9 0.0 1.2 3.2 23.3 00:57 W
30 9.3 12.2 18:24 1.1 00:11 9.0 0.0 9.8 3.2 31.0 12:47 WSW
31 12.0 13.2 06:12 10.1 02:03 6.3 0.0 13.8 5.3 31.0 13:08 W
----------------------------------------------------------------------------------
4.2 13.2 31 -7.4 11 435.6 0.0 105.6 1.3 31.0 30 W
Max >= 25.0: 0
Max <= 0.0: 1
Min <= 0.0: 14
Min <= -5.0: 6
Max Rain: 20.2 on day 23
Days of Rain: 21 (>= 0.2 mm) 10 (>= 2.0 mm) 1 (>= 20.0 mm)
Heat Base: 18.3 Cool Base: 18.3 Method: Integration