Select a Year or Month report
Report for 2022 Nov
Monthly Climatological Summary for Nov 2022
Name: Reigate Weather City: Reigate State: Surrey, United Kingdom
Elevation: 71 m Lat: N 51° 14' 04" Lon: W 000° 12' 00"
Temperature (°C), Rain (mm), Wind Speed (mph)
Heat Cool Avg
Mean Deg Deg Wind Dom
Day Temp High Time Low Time Days Days Rain Speed High Time Dir
----------------------------------------------------------------------------------
1 11.7 15.2 12:51 8.3 21:09 6.6 0.0 12.2 4.3 38.8 13:09 W
2 11.2 14.4 17:29 5.3 07:20 7.1 0.0 8.8 2.7 26.3 19:51 WSW
3 9.9 12.9 05:53 5.5 19:35 8.4 0.0 24.8 0.6 20.1 06:30 WSW
4 7.7 12.4 14:03 3.1 23:39 10.6 0.0 10.8 1.2 13.9 03:42 NW
5 9.2 13.3 21:51 3.2 00:00 9.1 0.0 7.0 1.0 15.5 14:21 W
6 11.8 13.5 02:11 8.4 23:12 6.5 0.0 22.8 1.5 20.1 14:06 WSW
7 12.8 14.5 22:38 8.6 00:08 4.8 0.0 2.8 2.3 26.3 22:22 WSW
8 12.4 14.4 02:22 10.6 16:39 5.9 0.0 9.6 3.2 27.9 02:55 WSW
9 10.6 14.2 14:01 6.0 23:38 7.2 0.0 5.0 1.9 21.7 09:49 W
10 11.8 14.4 12:42 5.1 01:52 6.5 0.0 0.2 1.9 17.0 10:13 W
11 13.6 15.9 13:22 9.3 21:34 4.1 0.0 0.0 1.7 17.0 13:45 WSW
12 12.2 16.3 14:27 8.5 01:17 6.1 0.0 0.0 0.3 9.3 12:39 SE
13 11.4 15.1 14:18 7.9 23:13 6.9 0.0 0.2 0.1 7.8 12:25 SE
14 11.5 15.7 14:54 7.8 23:39 6.8 0.0 0.8 0.1 9.3 21:42 W
15 10.2 14.0 14:20 6.1 22:35 8.0 0.0 24.2 1.5 17.0 05:43 SSE
16 9.2 11.2 22:54 7.0 01:13 9.1 0.0 32.4 0.6 17.0 19:58 ESE
17 9.3 11.7 14:00 7.6 21:32 9.0 0.0 8.0 4.7 29.4 04:39 W
18 8.9 11.3 12:50 6.2 07:57 9.4 0.0 0.0 2.2 17.0 01:43 W
19 7.1 11.1 14:38 2.0 22:53 11.2 0.0 0.0 1.1 13.9 11:14 W
20 6.8 10.6 13:18 2.7 00:00 11.5 0.0 9.0 1.5 24.8 13:30 W
21 5.4 8.8 12:04 2.1 04:32 12.9 0.0 7.6 2.1 29.4 16:35 WSW
22 4.5 10.3 12:48 0.7 06:55 13.8 0.0 0.0 0.6 12.4 15:46 W
23 7.5 12.0 14:17 0.5 00:45 10.7 0.0 8.8 2.0 26.3 09:34 W
24 7.7 12.4 12:43 1.8 07:08 10.6 0.0 11.2 1.4 23.3 14:05 SW
25 6.3 12.1 14:28 2.4 22:33 12.0 0.0 0.4 0.6 18.6 13:02 W
26 8.1 11.7 13:46 3.1 00:51 9.8 0.0 2.2 1.4 18.6 23:54 S
27 11.0 12.7 12:15 7.6 23:56 7.3 0.0 14.4 0.6 15.5 00:59 S
28 6.7 10.2 14:17 3.7 21:12 11.6 0.0 0.4 0.0 6.2 11:38 W
29 6.2 6.8 22:14 3.9 23:48 12.1 0.0 0.2 0.1 7.8 12:48 NW
30 5.0 7.5 14:52 1.0 20:49 12.6 0.0 0.0 0.0 6.2 12:35 N
----------------------------------------------------------------------------------
9.3 16.3 12 0.5 23 268.2 0.0 223.8 1.4 38.8 1 WSW
Max >= 25.0: 0
Max <= 0.0: 0
Min <= 0.0: 0
Min <= -5.0: 0
Max Rain: 32.4 on day 16
Days of Rain: 24 (>= 0.2 mm) 18 (>= 2.0 mm) 4 (>= 20.0 mm)
Heat Base: 18.3 Cool Base: 18.3 Method: Integration