Select a Year or Month report
Report for 2022 Sep
Monthly Climatological Summary for Sep 2022
Name: Reigate Weather City: Reigate State: Surrey, United Kingdom
Elevation: 71 m Lat: N 51° 14' 04" Lon: W 000° 12' 00"
Temperature (°C), Rain (mm), Wind Speed (mph)
Heat Cool Avg
Mean Deg Deg Wind Dom
Day Temp High Time Low Time Days Days Rain Speed High Time Dir
----------------------------------------------------------------------------------
1 18.8 24.2 16:58 15.3 03:33 1.0 1.5 4.6 1.6 15.5 11:49 SE
2 18.9 23.7 16:46 15.8 05:03 0.8 1.5 2.6 0.1 7.8 10:00 ESE
3 18.0 23.7 12:52 13.2 06:58 1.8 1.5 0.0 0.8 13.9 13:49 WSW
4 18.8 24.1 17:38 14.8 01:06 1.0 1.5 0.0 0.9 17.0 11:22 S
5 18.6 23.1 16:11 14.2 06:25 0.9 1.2 13.6 0.4 20.1 01:03 SW
6 17.4 22.4 13:49 13.6 22:58 1.7 0.8 1.0 1.4 18.6 14:35 SW
7 17.3 22.1 13:20 13.8 06:54 1.9 0.9 10.0 1.3 18.6 15:43 SSW
8 15.4 19.8 16:39 12.9 05:08 2.9 0.0 26.6 0.6 15.5 14:43 WSW
9 16.2 20.7 17:08 14.4 03:08 2.3 0.2 6.4 1.8 17.0 13:54 W
10 16.3 22.7 16:38 12.7 03:30 2.6 0.7 0.2 1.2 13.9 13:15 W
11 16.5 23.7 15:37 10.8 06:30 2.9 1.1 0.0 0.4 10.8 14:49 SSE
12 19.0 26.0 14:18 13.1 00:53 1.6 2.3 0.0 0.4 13.9 14:09 SW
13 16.9 18.8 03:43 14.8 23:44 1.3 0.0 12.6 0.5 12.4 05:37 SE
14 16.7 22.9 16:47 13.9 23:55 2.2 0.6 1.2 0.7 13.9 15:56 NW
15 14.9 19.4 16:19 12.0 01:46 3.5 0.1 0.0 1.3 15.5 15:32 W
16 12.7 17.9 14:45 7.8 23:40 5.6 0.0 0.0 1.6 20.1 12:33 WNW
17 11.3 18.0 16:46 6.3 05:52 7.0 0.0 0.0 1.6 23.3 14:51 W
18 12.6 17.3 15:28 7.6 06:20 5.7 0.0 0.0 1.8 23.3 13:01 W
19 13.3 18.5 15:22 8.2 02:54 5.0 0.0 0.0 0.6 10.8 15:25 W
20 13.8 19.6 16:40 8.3 07:17 4.6 0.0 0.0 0.4 12.4 14:50 W
21 14.6 20.8 13:00 10.6 06:00 4.0 0.3 0.0 0.1 7.8 12:55 SSE
22 13.5 19.9 15:57 7.3 06:01 5.0 0.1 0.0 0.7 12.4 13:59 SW
23 14.8 17.9 16:37 12.6 23:59 3.5 0.0 2.4 0.2 7.8 14:12 NW
24 13.3 19.1 15:50 9.9 07:27 5.0 0.0 0.0 1.3 15.5 10:18 NNE
25 11.8 16.3 14:35 7.9 07:20 6.2 0.0 0.0 1.3 13.9 10:00 W
26 11.8 14.9 13:00 10.1 19:34 6.5 0.0 6.2 2.5 26.3 14:54 W
27 10.2 14.8 13:05 7.3 23:57 8.1 0.0 2.2 2.0 24.8 12:57 W
28 8.9 16.1 16:06 4.0 23:57 9.4 0.0 0.0 1.2 15.5 13:22 W
29 8.6 18.2 16:56 1.7 05:28 9.7 0.0 0.0 0.3 7.8 11:46 N
30 10.6 16.1 12:33 4.3 01:45 7.7 0.0 13.2 1.9 24.8 18:05 W
----------------------------------------------------------------------------------
14.7 26.0 12 1.7 29 121.4 14.3 102.8 1.0 26.3 26 WSW
Max >= 25.0: 1
Max <= 0.0: 0
Min <= 0.0: 0
Min <= -5.0: 0
Max Rain: 26.6 on day 8
Days of Rain: 14 (>= 0.2 mm) 11 (>= 2.0 mm) 1 (>= 20.0 mm)
Heat Base: 18.3 Cool Base: 18.3 Method: Integration