Select a Year or Month report
Report for 2022 Aug
Monthly Climatological Summary for Aug 2022
Name: Reigate Weather City: Reigate State: Surrey, United Kingdom
Elevation: 71 m Lat: N 51° 14' 04" Lon: W 000° 12' 00"
Temperature (°C), Rain (mm), Wind Speed (mph)
Heat Cool Avg
Mean Deg Deg Wind Dom
Day Temp High Time Low Time Days Days Rain Speed High Time Dir
----------------------------------------------------------------------------------
1 20.9 27.0 14:39 16.2 04:40 0.2 2.9 0.0 0.6 10.8 17:39 SW
2 20.4 24.4 16:35 16.9 03:45 0.2 2.3 0.0 1.8 20.1 12:50 W
3 21.2 27.7 16:17 16.9 01:11 0.2 3.1 0.0 1.9 17.0 14:10 W
4 20.4 25.5 16:04 16.9 05:46 0.2 2.3 0.0 1.7 13.9 10:52 W
5 18.4 24.0 17:34 13.8 06:41 1.3 1.4 0.0 2.1 18.6 11:05 WNW
6 18.2 25.9 17:27 11.9 06:07 2.1 2.0 0.0 0.8 18.6 16:13 N
7 19.4 28.9 17:43 9.7 05:38 2.4 3.5 0.0 0.8 13.9 14:07 W
8 20.8 30.7 16:04 11.7 05:24 1.7 4.2 0.0 0.6 12.4 14:34 ENE
9 20.6 29.0 16:49 13.0 05:40 1.4 3.7 0.0 1.0 13.9 19:03 ESE
10 21.8 30.5 16:30 13.6 03:38 1.0 4.5 0.0 1.0 13.9 10:46 SE
11 23.7 33.0 15:34 15.8 06:34 0.4 5.8 0.0 0.7 12.4 14:24 E
12 24.9 33.6 14:58 17.8 04:59 0.0 6.5 0.0 0.8 13.9 15:41 E
13 25.3 34.1 15:30 18.3 06:00 0.0 7.0 0.0 0.7 13.9 14:00 SE
14 25.2 33.2 15:29 16.0 06:00 0.1 6.8 0.0 0.8 10.8 12:09 ESE
15 22.2 28.9 13:53 17.2 03:24 0.2 4.0 0.0 1.2 15.5 14:57 W
16 18.9 22.5 17:08 15.9 23:57 0.4 1.0 5.2 0.1 6.2 15:24 SSE
17 18.9 24.0 13:25 15.0 06:08 0.8 1.4 2.0 0.5 12.4 10:18 ESE
18 20.6 26.7 14:18 16.4 05:19 0.3 2.6 0.0 1.1 13.9 16:59 W
19 19.8 24.5 16:11 13.5 23:39 0.3 1.8 0.2 1.8 21.7 16:13 W
20 17.3 24.6 17:00 10.1 06:06 2.6 1.5 0.0 1.6 15.5 09:31 W
21 17.6 26.2 16:14 11.8 05:46 2.3 1.6 0.0 0.8 13.9 16:42 WSW
22 17.0 22.4 13:56 10.9 06:05 2.3 1.0 0.8 0.6 12.4 18:20 WSW
23 20.4 26.1 16:44 17.6 00:00 0.1 2.2 0.4 1.3 13.9 18:47 WSW
24 22.0 28.4 17:18 17.6 23:52 0.0 3.8 0.2 1.2 12.4 15:06 WSW
25 18.9 23.5 16:07 14.2 23:53 0.4 1.0 24.8 0.9 15.5 16:18 W
26 17.9 25.0 15:28 12.0 06:42 2.0 1.6 0.0 0.2 7.8 11:24 W
27 18.0 25.6 15:01 12.2 03:49 2.2 1.9 0.0 0.5 13.9 14:01 SE
28 17.6 24.6 15:02 12.2 03:41 2.2 1.5 0.0 1.0 17.0 14:27 ESE
29 17.8 23.3 14:51 13.9 05:31 1.6 1.2 0.0 1.0 15.5 14:07 ESE
30 18.1 24.6 13:50 13.6 04:55 1.7 1.5 0.0 1.3 12.4 06:55 NE
31 18.1 24.2 14:57 13.6 04:49 1.6 1.4 0.0 1.8 18.6 12:59 E
----------------------------------------------------------------------------------
20.1 34.1 13 9.7 7 32.2 87.0 33.6 1.1 21.7 19 WSW
Max >= 25.0: 19
Max <= 0.0: 0
Min <= 0.0: 0
Min <= -5.0: 0
Max Rain: 24.8 on day 25
Days of Rain: 7 (>= 0.2 mm) 3 (>= 2.0 mm) 1 (>= 20.0 mm)
Heat Base: 18.3 Cool Base: 18.3 Method: Integration