Select a Year or Month report
Report for 2022 Jul
Monthly Climatological Summary for Jul 2022
Name: Reigate Weather City: Reigate State: Surrey, United Kingdom
Elevation: 71 m Lat: N 51° 14' 04" Lon: W 000° 12' 00"
Temperature (°C), Rain (mm), Wind Speed (mph)
Heat Cool Avg
Mean Deg Deg Wind Dom
Day Temp High Time Low Time Days Days Rain Speed High Time Dir
----------------------------------------------------------------------------------
1 15.2 21.7 16:12 9.0 04:36 3.7 0.5 0.0 2.5 23.3 14:33 W
2 16.4 22.1 16:26 10.2 03:44 2.8 0.8 0.0 2.5 20.1 11:10 W
3 16.4 22.3 14:36 9.9 04:56 2.6 0.7 0.0 1.2 15.5 14:46 W
4 17.0 23.6 14:47 11.3 05:08 2.4 1.1 0.0 2.0 20.1 15:58 W
5 16.7 22.4 14:01 9.4 05:33 2.6 1.0 0.0 1.7 17.0 12:54 W
6 18.5 24.4 17:12 12.7 04:45 1.6 1.7 0.0 2.0 17.0 10:36 W
7 19.2 25.8 18:15 15.2 23:57 0.8 1.7 0.0 1.2 13.9 04:37 W
8 20.6 29.5 17:18 11.8 03:50 1.7 4.0 0.0 1.1 17.0 15:11 W
9 21.1 28.3 18:03 15.3 05:45 0.5 3.3 0.0 1.1 13.9 14:46 NW
10 20.4 29.7 15:23 11.8 05:40 1.6 3.7 0.0 1.1 12.4 17:36 W
11 22.4 31.9 16:27 13.5 05:37 1.1 5.2 0.0 0.9 13.9 17:58 WSW
12 23.5 30.7 13:21 16.1 04:32 0.3 5.5 0.0 1.1 12.4 14:37 WSW
13 23.1 28.3 16:53 18.1 23:57 0.0 4.6 0.0 0.8 12.4 11:56 W
14 20.0 26.4 16:55 15.3 04:41 0.8 2.5 0.0 1.5 15.5 09:58 WNW
15 19.5 26.7 17:57 11.6 05:19 1.5 2.7 0.0 1.4 17.0 18:48 W
16 20.8 29.1 16:17 12.3 05:46 1.1 3.7 0.0 0.8 12.4 11:24 SW
17 21.8 30.1 16:01 13.1 05:06 1.2 4.7 0.0 1.0 12.4 15:37 SSE
18 26.0 36.4 17:57 15.6 05:24 0.4 8.1 0.0 0.7 10.8 11:15 SSW
19 27.9 38.6 15:44 18.6 05:21 0.0 9.6 0.4 1.6 18.6 19:13 SSW
20 21.4 25.9 17:23 17.3 23:59 0.1 3.2 0.2 2.6 17.0 12:11 W
21 19.5 24.7 12:07 15.2 06:14 0.7 1.9 0.4 1.2 12.4 02:09 WSW
22 18.1 21.8 17:17 15.2 23:45 0.9 0.7 1.4 1.0 13.9 09:31 ESE
23 19.4 26.4 14:30 12.9 05:33 1.4 2.5 0.0 1.8 17.0 12:42 W
24 21.1 26.5 16:25 16.6 05:58 0.3 3.1 0.0 3.0 24.8 11:13 W
25 19.7 22.8 18:07 16.7 23:55 0.2 1.6 0.0 3.3 20.1 08:01 W
26 17.6 22.3 15:54 15.3 06:02 1.2 0.6 0.0 0.8 9.3 06:33 W
27 17.6 22.0 14:55 12.8 04:52 1.8 1.0 0.0 0.5 9.3 00:37 SSE
28 19.1 25.4 16:10 13.7 04:32 1.4 2.2 0.0 0.8 10.8 11:27 SE
29 20.1 28.7 15:30 13.2 03:04 1.4 3.2 0.0 0.6 10.8 18:27 SW
30 19.9 26.2 15:09 12.4 05:36 1.3 2.9 0.0 1.4 17.0 15:13 W
31 20.9 25.2 17:23 18.2 03:25 0.0 2.6 0.2 1.9 17.0 10:30 W
----------------------------------------------------------------------------------
20.0 38.6 19 9.0 1 37.4 90.6 2.6 1.5 24.8 24 W
Max >= 25.0: 20
Max <= 0.0: 0
Min <= 0.0: 0
Min <= -5.0: 0
Max Rain: 1.4 on day 22
Days of Rain: 5 (>= 0.2 mm) 0 (>= 2.0 mm) 0 (>= 20.0 mm)
Heat Base: 18.3 Cool Base: 18.3 Method: Integration