Select a Year or Month report
Report for 2022 May
Monthly Climatological Summary for May 2022
Name: Reigate Weather City: Reigate State: Surrey, United Kingdom
Elevation: 71 m Lat: N 51° 14' 04" Lon: W 000° 12' 00"
Temperature (°C), Rain (mm), Wind Speed (mph)
Heat Cool Avg
Mean Deg Deg Wind Dom
Day Temp High Time Low Time Days Days Rain Speed High Time Dir
----------------------------------------------------------------------------------
1 11.2 14.9 11:56 8.4 05:47 7.1 0.0 0.4 0.7 9.3 10:43 WSW
2 11.6 16.3 14:56 7.3 05:03 6.7 0.0 0.0 0.4 7.8 12:14 W
3 12.8 16.7 15:06 10.1 04:37 5.5 0.0 0.0 0.4 7.8 13:48 ESE
4 12.9 18.2 14:36 10.0 05:20 5.4 0.0 2.4 1.0 17.0 18:15 W
5 13.5 20.1 15:40 6.8 05:09 5.1 0.3 0.2 1.5 17.0 14:37 W
6 15.0 23.2 14:47 7.0 06:00 4.3 1.0 0.0 2.0 18.6 14:05 W
7 14.6 19.9 15:48 10.4 23:16 3.8 0.1 0.2 1.0 13.9 09:56 NE
8 13.7 20.4 15:07 8.2 23:58 4.9 0.3 0.0 1.4 13.9 11:31 ESE
9 14.0 22.6 15:17 4.0 04:58 5.0 0.8 0.0 1.3 17.0 13:47 WSW
10 15.1 20.4 15:58 11.6 23:58 3.3 0.1 0.0 2.2 20.1 16:36 W
11 12.5 15.6 10:13 8.6 22:36 5.6 0.0 6.8 2.8 31.0 15:21 W
12 11.7 17.5 13:57 4.5 05:26 6.6 0.0 0.2 1.9 17.0 11:28 W
13 13.8 19.8 14:42 9.1 05:38 4.6 0.1 0.0 2.8 24.8 10:56 W
14 14.6 23.3 16:47 6.9 04:04 4.6 0.9 0.0 0.8 13.9 15:34 WSW
15 15.0 17.4 18:15 12.7 02:02 3.3 0.0 3.8 0.9 12.4 10:51 ESE
16 15.6 20.9 13:33 11.3 05:10 3.0 0.3 0.2 2.3 29.4 15:20 W
17 18.0 26.1 17:01 9.2 05:17 2.9 2.6 0.0 1.3 18.6 16:10 SSE
18 16.9 23.5 16:22 9.3 05:27 2.6 1.2 8.4 1.4 18.6 23:57 SSW
19 16.7 22.7 17:37 13.2 23:50 2.5 0.9 2.2 1.5 15.5 12:35 W
20 12.9 17.4 16:58 10.6 11:16 5.4 0.0 8.2 1.2 18.6 17:41 W
21 13.9 20.3 15:59 8.0 04:43 4.5 0.1 0.2 1.4 15.5 15:31 W
22 15.4 23.8 15:19 7.3 04:38 4.1 1.2 0.0 1.0 12.4 14:01 WSW
23 14.0 18.2 18:12 10.4 22:09 4.3 0.0 0.2 1.0 20.1 18:47 W
24 11.9 18.7 15:30 8.1 23:58 6.3 0.0 4.2 1.5 20.1 12:42 W
25 12.1 18.3 18:13 5.6 03:20 6.2 0.0 0.0 2.6 21.7 13:42 W
26 14.8 19.2 15:29 9.9 05:24 3.5 0.0 0.0 3.2 21.7 08:31 W
27 16.3 21.3 16:55 12.4 23:59 2.5 0.5 0.0 2.8 21.7 00:11 W
28 13.7 19.6 13:14 8.7 05:43 4.6 0.0 0.0 1.2 12.4 11:48 NNW
29 11.2 16.9 14:05 4.9 05:07 7.1 0.0 0.0 0.9 13.9 10:54 NNW
30 9.7 15.4 11:51 3.8 05:21 8.6 0.0 5.6 0.8 12.4 12:40 WSW
31 11.4 16.8 14:42 6.9 23:55 6.9 0.0 13.0 1.0 18.6 15:17 W
----------------------------------------------------------------------------------
13.8 26.1 17 3.8 30 150.8 10.4 56.2 1.5 31.0 11 W
Max >= 25.0: 1
Max <= 0.0: 0
Min <= 0.0: 0
Min <= -5.0: 0
Max Rain: 13.0 on day 31
Days of Rain: 16 (>= 0.2 mm) 9 (>= 2.0 mm) 0 (>= 20.0 mm)
Heat Base: 18.3 Cool Base: 18.3 Method: Integration