Select a Year or Month report
Report for 2022 Apr
Monthly Climatological Summary for Apr 2022
Name: Reigate Weather City: Reigate State: Surrey, United Kingdom
Elevation: 71 m Lat: N 51° 14' 04" Lon: W 000° 12' 00"
Temperature (°C), Rain (mm), Wind Speed (mph)
Heat Cool Avg
Mean Deg Deg Wind Dom
Day Temp High Time Low Time Days Days Rain Speed High Time Dir
----------------------------------------------------------------------------------
1 3.6 8.6 15:53 0.3 06:19 14.7 0.0 0.2 2.7 24.8 14:09 N
2 3.3 10.7 15:44 -1.8 23:54 15.0 0.0 0.0 1.0 13.9 14:44 NNE
3 3.1 10.4 14:25 -4.4 06:36 15.2 0.0 0.2 0.8 17.0 15:33 NNW
4 8.7 14.6 17:04 0.3 00:12 9.6 0.0 6.6 3.2 18.6 15:22 W
5 11.7 14.7 15:32 10.0 23:24 6.6 0.0 0.0 4.6 26.3 18:04 W
6 10.2 13.4 14:49 8.4 02:49 8.1 0.0 2.6 5.0 29.4 15:50 W
7 8.9 13.0 14:30 3.4 23:59 9.0 0.0 8.4 7.2 43.4 11:21 W
8 5.6 11.9 16:42 0.7 02:23 12.7 0.0 1.4 0.6 13.9 16:48 NNW
9 6.2 12.5 16:54 0.5 05:16 12.1 0.0 2.4 1.8 23.3 15:50 W
10 6.5 13.3 14:43 -1.3 06:15 11.8 0.0 0.0 0.8 12.4 11:34 SSE
11 11.6 18.2 15:04 5.5 02:48 6.7 0.0 0.0 2.0 18.6 12:42 ESE
12 12.7 18.3 14:23 9.2 04:52 5.6 0.0 0.0 1.3 17.0 15:25 WSW
13 13.2 18.9 15:41 8.9 23:59 5.0 0.0 0.0 1.6 15.5 12:00 W
14 12.2 19.9 14:16 5.0 05:00 6.1 0.1 0.0 0.7 13.9 14:29 W
15 13.9 23.9 15:45 5.4 06:26 5.3 0.9 0.0 0.6 15.5 15:49 WSW
16 14.0 22.0 16:39 6.6 06:43 5.0 0.7 0.0 0.7 12.4 12:03 SE
17 12.4 19.7 15:07 5.6 06:11 6.0 0.1 0.0 1.1 15.5 16:46 SE
18 11.6 18.2 16:04 5.1 05:05 6.6 0.0 0.0 1.1 12.4 12:18 W
19 11.9 16.6 12:22 6.8 05:13 6.4 0.0 0.0 1.1 12.4 00:04 E
20 11.9 19.2 15:35 6.8 05:30 6.4 0.0 0.0 2.0 18.6 12:15 E
21 12.4 19.4 14:59 6.7 04:22 6.0 0.1 0.0 1.8 20.1 16:18 E
22 11.2 16.1 13:35 7.9 04:46 7.1 0.0 0.0 2.4 21.7 15:47 E
23 13.0 17.9 14:13 9.3 02:22 5.3 0.0 0.0 2.7 23.3 12:55 ENE
24 12.7 19.2 14:04 8.1 05:16 5.7 0.0 0.0 1.7 20.1 14:35 ENE
25 9.2 15.5 14:49 5.4 23:22 9.1 0.0 0.2 1.2 15.5 06:52 NNE
26 10.3 17.9 15:44 4.3 05:38 7.9 0.0 0.0 1.1 17.0 10:06 NE
27 8.2 11.9 15:25 4.1 23:36 10.1 0.0 0.0 0.9 13.9 19:02 ESE
28 9.3 15.1 15:43 4.1 01:49 9.0 0.0 0.0 0.9 10.8 15:51 ESE
29 8.9 12.2 13:35 4.8 04:44 9.4 0.0 0.0 0.8 12.4 11:30 N
30 10.8 19.1 17:22 2.2 06:00 7.5 0.0 0.0 0.8 10.8 07:45 WSW
----------------------------------------------------------------------------------
10.0 23.9 15 -4.4 3 251.0 1.9 22.0 1.8 43.4 7 WNW
Max >= 25.0: 0
Max <= 0.0: 0
Min <= 0.0: 3
Min <= -5.0: 0
Max Rain: 8.4 on day 7
Days of Rain: 8 (>= 0.2 mm) 4 (>= 2.0 mm) 0 (>= 20.0 mm)
Heat Base: 18.3 Cool Base: 18.3 Method: Integration