Select a Year or Month report
Report for 2022 Mar
Monthly Climatological Summary for Mar 2022
Name: Reigate Weather City: Reigate State: Surrey, United Kingdom
Elevation: 71 m Lat: N 51° 14' 04" Lon: W 000° 12' 00"
Temperature (°C), Rain (mm), Wind Speed (mph)
Heat Cool Avg
Mean Deg Deg Wind Dom
Day Temp High Time Low Time Days Days Rain Speed High Time Dir
----------------------------------------------------------------------------------
1 8.1 9.5 00:00 7.1 19:21 10.2 0.0 12.0 0.7 15.5 11:48 E
2 6.6 8.3 13:31 5.8 23:31 11.7 0.0 6.0 0.8 10.8 08:13 ESE
3 7.9 11.7 13:06 3.4 05:11 10.4 0.0 0.6 0.4 9.3 13:34 SE
4 6.9 8.4 08:19 5.6 23:30 11.4 0.0 0.0 1.3 15.5 15:12 NW
5 5.2 6.4 15:06 3.5 23:43 13.1 0.0 1.2 2.1 20.1 16:25 NNE
6 4.5 7.8 14:17 2.1 23:46 13.8 0.0 0.2 2.0 15.5 09:55 ENE
7 4.2 8.4 14:01 0.9 23:34 14.1 0.0 0.0 1.4 18.6 10:20 ESE
8 5.8 12.3 14:31 0.1 01:43 12.5 0.0 0.0 1.2 15.5 15:13 ESE
9 9.7 12.6 15:12 8.2 00:00 8.6 0.0 0.0 2.0 18.6 08:31 SSE
10 11.2 15.4 15:00 7.8 05:00 7.1 0.0 0.0 1.0 15.5 14:30 SE
11 9.5 11.8 11:30 7.9 21:37 8.6 0.0 10.6 1.9 21.7 09:30 SE
12 9.1 12.7 14:38 6.8 06:22 9.2 0.0 0.6 2.6 18.6 16:01 SSE
13 8.6 10.9 10:05 5.6 23:30 9.7 0.0 1.6 1.8 13.9 03:05 SE
14 7.7 12.9 16:51 2.2 06:23 10.6 0.0 0.0 0.8 13.9 11:50 W
15 9.1 15.8 13:16 2.7 06:52 9.2 0.0 0.0 0.5 10.8 09:00 SE
16 8.9 11.6 13:22 5.6 23:55 9.4 0.0 6.6 1.3 23.3 20:48 WNW
17 7.3 14.4 16:03 1.3 06:26 11.0 0.0 0.0 1.8 18.6 13:58 W
18 8.6 16.5 15:22 0.5 06:04 9.7 0.0 0.0 1.2 13.9 12:49 ESE
19 9.9 15.4 12:22 6.1 05:10 8.4 0.0 0.0 2.7 23.3 15:03 ESE
20 7.0 13.7 15:35 0.3 23:58 11.3 0.0 0.0 0.9 13.9 12:00 ESE
21 8.2 18.2 15:14 -1.7 04:33 10.0 0.0 0.0 0.6 13.9 11:20 SE
22 13.1 19.8 15:45 6.9 23:55 5.3 0.1 0.0 0.8 12.4 12:28 SE
23 10.6 20.4 15:01 2.3 05:39 7.9 0.2 0.0 0.5 12.4 13:46 SE
24 10.0 20.8 15:40 0.4 05:59 8.4 0.2 0.0 0.3 12.4 13:46 WSW
25 9.7 18.7 15:28 1.0 05:56 8.6 0.0 0.0 0.5 13.9 14:00 ENE
26 10.9 18.4 15:03 3.4 04:23 7.4 0.0 0.0 1.3 18.6 12:23 ESE
27 8.6 13.4 17:50 4.6 23:58 9.3 0.0 0.0 0.8 12.4 12:05 ESE
28 9.0 16.9 14:05 0.6 06:25 9.3 0.0 0.0 0.3 9.3 13:50 SE
29 9.3 12.9 14:34 6.9 23:15 9.0 0.0 0.0 1.1 12.4 11:50 ESE
30 8.0 11.9 13:00 2.8 23:57 10.3 0.0 0.8 1.4 15.5 17:27 N
31 3.6 8.5 14:25 0.7 07:37 14.7 0.0 0.6 3.3 27.9 17:12 N
----------------------------------------------------------------------------------
8.3 20.8 24 -1.7 21 310.2 0.5 40.8 1.3 27.9 31 ESE
Max >= 25.0: 0
Max <= 0.0: 0
Min <= 0.0: 1
Min <= -5.0: 0
Max Rain: 12.0 on day 1
Days of Rain: 11 (>= 0.2 mm) 4 (>= 2.0 mm) 0 (>= 20.0 mm)
Heat Base: 18.3 Cool Base: 18.3 Method: Integration