Select a Year or Month report
Report for 2022 Feb
Monthly Climatological Summary for Feb 2022
Name: Reigate Weather City: Reigate State: Surrey, United Kingdom
Elevation: 71 m Lat: N 51° 14' 04" Lon: W 000° 12' 00"
Temperature (°C), Rain (mm), Wind Speed (mph)
Heat Cool Avg
Mean Deg Deg Wind Dom
Day Temp High Time Low Time Days Days Rain Speed High Time Dir
----------------------------------------------------------------------------------
1 9.8 14.2 15:33 5.1 00:00 8.5 0.0 0.0 4.4 26.3 16:02 W
2 9.6 11.8 12:44 7.5 07:36 8.7 0.0 0.0 2.7 23.3 02:29 W
3 8.2 9.7 12:16 6.7 05:39 10.1 0.0 0.0 1.9 17.0 13:37 W
4 6.3 9.3 03:24 1.4 22:29 12.0 0.0 6.4 3.4 23.3 14:11 W
5 5.7 10.2 14:58 -1.1 06:47 12.6 0.0 0.2 3.3 27.9 23:56 W
6 9.0 11.4 13:53 5.1 23:30 9.3 0.0 2.2 7.0 38.8 08:57 W
7 6.4 10.2 14:03 -0.8 06:53 11.9 0.0 1.0 2.2 17.0 01:08 W
8 10.2 11.8 13:07 8.8 23:59 8.1 0.0 0.0 3.1 23.3 13:56 W
9 9.7 12.7 14:16 7.7 08:15 8.5 0.0 2.0 1.4 12.4 01:56 W
10 5.8 8.2 00:00 2.8 23:53 12.2 0.0 0.6 2.0 18.6 13:10 W
11 3.7 8.7 14:08 -0.6 06:55 14.6 0.0 0.0 0.7 10.8 01:51 W
12 4.8 8.3 14:44 -0.3 01:21 13.5 0.0 0.0 1.9 21.7 14:51 SW
13 7.6 9.3 21:02 6.3 00:13 10.7 0.0 23.0 3.4 23.3 16:24 S
14 7.0 9.8 14:42 4.4 07:32 11.3 0.0 1.6 3.2 24.8 13:59 W
15 6.3 9.5 11:24 -0.4 04:41 12.0 0.0 7.6 2.1 23.3 12:22 W
16 11.9 14.8 12:18 8.6 00:36 6.4 0.0 3.8 5.6 41.8 22:21 W
17 9.4 11.3 12:45 7.6 21:10 8.9 0.0 0.0 5.8 37.2 00:47 W
18 7.6 10.6 06:55 3.1 19:42 10.7 0.0 5.6 8.9 65.1 18:14 W
19 5.7 9.8 16:19 1.3 06:55 12.6 0.0 7.2 4.5 37.2 13:18 W
20 9.4 11.2 12:08 4.8 23:56 8.9 0.0 3.6 7.2 48.0 18:03 W
21 7.1 11.3 15:08 2.3 23:19 11.2 0.0 0.2 7.0 48.0 10:32 WNW
22 8.0 13.3 11:24 2.1 22:05 10.3 0.0 0.2 2.7 35.6 11:35 W
23 5.1 9.8 12:09 -1.2 05:44 13.2 0.0 0.2 2.1 23.3 23:50 W
24 5.9 8.3 04:18 1.8 23:08 12.4 0.0 6.8 4.6 35.6 07:08 W
25 5.2 11.3 16:11 -0.4 23:54 13.1 0.0 0.0 2.8 24.8 01:56 WNW
26 3.9 10.2 16:22 -2.1 05:26 14.4 0.0 0.0 1.1 15.5 13:04 SE
27 5.1 10.6 15:26 1.7 07:10 13.1 0.0 0.0 1.4 18.6 12:36 SE
28 8.5 11.8 12:16 2.8 00:00 9.8 0.0 3.4 0.9 15.5 10:48 SW
----------------------------------------------------------------------------------
7.2 14.8 16 -2.1 26 309.0 0.0 75.6 3.5 65.1 18 W
Max >= 25.0: 0
Max <= 0.0: 0
Min <= 0.0: 8
Min <= -5.0: 0
Max Rain: 23.0 on day 13
Days of Rain: 18 (>= 0.2 mm) 11 (>= 2.0 mm) 1 (>= 20.0 mm)
Heat Base: 18.3 Cool Base: 18.3 Method: Integration