Select a Year or Month report
Report for 2022 Jan
Monthly Climatological Summary for Jan 2022
Name: Reigate Weather City: Reigate State: Surrey, United Kingdom
Elevation: 71 m Lat: N 51° 14' 04" Lon: W 000° 12' 00"
Temperature (°C), Rain (mm), Wind Speed (mph)
Heat Cool Avg
Mean Deg Deg Wind Dom
Day Temp High Time Low Time Days Days Rain Speed High Time Dir
----------------------------------------------------------------------------------
1 12.5 14.4 12:22 10.6 08:49 5.8 0.0 1.2 1.5 18.6 14:12 WSW
2 10.7 12.2 00:00 8.6 23:37 7.6 0.0 6.0 3.2 24.8 14:56 W
3 9.0 10.2 12:57 7.6 21:58 9.3 0.0 0.0 1.5 15.5 02:41 W
4 4.3 7.8 00:00 0.9 20:54 14.0 0.0 0.8 0.8 21.7 12:21 N
5 2.2 6.2 14:43 -1.3 23:34 16.1 0.0 0.0 1.9 20.1 12:50 W
6 1.3 6.8 21:23 -4.5 08:00 17.0 0.0 3.2 0.9 26.3 18:38 WSW
7 3.2 6.2 00:00 -0.5 23:57 15.1 0.0 1.2 2.3 23.3 11:11 W
8 5.3 9.7 14:46 -0.6 00:39 13.0 0.0 10.0 1.9 21.7 14:17 W
9 2.9 7.8 14:38 -0.8 07:56 15.4 0.0 0.0 0.6 18.6 02:02 W
10 4.9 8.2 19:47 0.1 00:00 13.4 0.0 0.0 0.1 6.2 22:07 SE
11 8.8 9.9 14:25 6.8 00:30 9.5 0.0 2.0 0.2 7.8 20:47 NNE
12 3.8 9.8 14:58 -0.4 23:50 13.9 0.0 0.4 0.1 7.8 01:30 W
13 1.5 10.2 15:04 -1.9 06:19 16.8 0.0 0.0 0.0 3.1 11:45 W
14 1.6 10.7 15:06 -2.1 06:37 16.7 0.0 0.0 0.0 4.6 12:03 W
15 2.6 5.1 15:26 -1.1 02:04 15.7 0.0 0.0 0.1 7.8 13:33 W
16 5.3 8.9 13:43 1.7 00:32 13.0 0.0 0.2 0.4 13.9 12:35 W
17 3.0 10.7 14:57 -1.7 23:41 15.3 0.0 0.0 0.3 9.3 05:18 W
18 1.0 6.6 15:11 -3.5 07:40 17.3 0.0 0.0 0.0 3.1 11:36 ---
19 4.9 8.6 15:19 1.3 00:11 13.4 0.0 0.0 1.0 17.0 15:12 W
20 2.7 6.1 14:38 0.3 08:19 15.6 0.0 0.0 0.9 15.5 14:04 NNW
21 2.2 4.4 21:03 -2.5 07:42 16.1 0.0 0.0 0.8 10.8 10:53 W
22 4.4 5.7 13:03 2.6 02:23 13.9 0.0 0.0 0.7 15.5 04:04 W
23 5.1 5.8 12:06 4.5 07:18 13.2 0.0 0.0 0.0 4.6 13:44 ---
24 3.7 4.9 00:00 2.0 22:39 14.7 0.0 0.0 0.0 6.2 14:43 ---
25 2.2 2.7 12:50 1.6 20:41 16.1 0.0 0.0 0.3 7.8 22:53 W
26 4.2 7.6 14:39 1.9 03:12 14.1 0.0 0.0 0.8 15.5 15:44 W
27 7.5 11.6 15:01 1.6 00:38 10.8 0.0 0.0 1.9 18.6 03:32 W
28 5.3 9.7 15:04 0.0 05:55 13.0 0.0 0.2 1.1 17.0 12:13 W
29 10.0 12.8 12:11 5.9 23:56 8.3 0.0 0.2 4.6 34.1 12:37 W
30 4.6 8.0 23:46 -0.9 07:41 13.7 0.0 0.0 1.4 23.3 23:10 W
31 6.4 8.7 14:42 4.3 19:49 11.9 0.0 0.4 4.7 31.0 07:13 WNW
----------------------------------------------------------------------------------
4.7 14.4 1 -4.5 6 419.7 0.0 25.8 1.1 34.1 29 W
Max >= 25.0: 0
Max <= 0.0: 0
Min <= 0.0: 14
Min <= -5.0: 0
Max Rain: 10.0 on day 8
Days of Rain: 12 (>= 0.2 mm) 4 (>= 2.0 mm) 0 (>= 20.0 mm)
Heat Base: 18.3 Cool Base: 18.3 Method: Integration