Select a Year or Month report
Report for 2021 Nov
Monthly Climatological Summary for Nov 2021
Name: Reigate Weather City: Reigate State: Surrey, United Kingdom
Elevation: 71 m Lat: N 51° 14' 04" Lon: W 000° 12' 00"
Temperature (°C), Rain (mm), Wind Speed (mph)
Heat Cool Avg
Mean Deg Deg Wind Dom
Day Temp High Time Low Time Days Days Rain Speed High Time Dir
----------------------------------------------------------------------------------
1 8.5 13.8 13:37 3.2 21:45 9.8 0.0 0.0 1.9 24.8 11:57 W
2 4.3 12.3 14:08 -0.2 06:45 14.0 0.0 0.2 0.2 9.3 14:15 W
3 4.9 10.1 14:43 -1.2 06:07 13.4 0.0 0.4 0.8 17.0 11:34 NW
4 6.8 9.0 14:38 3.7 23:57 11.5 0.0 0.0 2.0 20.1 01:56 NW
5 5.7 10.7 14:33 -0.4 06:57 12.6 0.0 0.0 0.6 10.8 11:37 W
6 9.9 12.6 12:12 5.8 01:01 8.4 0.0 0.0 2.4 18.6 12:08 W
7 8.7 12.7 14:18 3.6 23:57 9.6 0.0 0.0 1.9 21.7 11:31 W
8 7.9 11.8 12:32 1.0 03:26 10.4 0.0 0.0 0.4 9.3 12:47 W
9 11.6 14.3 12:40 7.1 22:18 6.7 0.0 0.0 0.5 13.9 13:56 W
10 11.2 12.7 11:21 8.3 00:03 7.0 0.0 4.0 0.3 7.8 08:38 W
11 10.4 13.4 13:38 7.3 23:17 6.7 0.0 0.2 0.0 6.2 14:30 W
12 11.3 14.6 13:24 8.2 00:00 7.0 0.0 3.4 1.9 26.3 13:44 W
13 11.2 12.4 11:44 10.1 01:39 7.1 0.0 0.0 1.6 13.9 01:46 W
14 10.7 12.4 12:52 9.4 04:26 7.6 0.0 1.0 0.5 10.8 02:17 N
15 9.8 11.1 13:07 8.8 23:24 8.5 0.0 0.0 0.0 3.1 02:30 ---
16 8.2 11.2 13:28 3.4 07:27 10.1 0.0 0.0 0.1 7.8 12:06 W
17 6.7 12.3 14:40 1.8 23:57 11.6 0.0 0.0 0.6 12.4 11:57 W
18 8.4 12.8 12:45 1.7 00:04 9.9 0.0 0.2 1.0 15.5 11:28 W
19 10.8 11.7 13:19 9.9 23:42 7.5 0.0 0.0 0.5 10.8 01:03 W
20 9.4 10.4 11:19 7.7 22:20 8.9 0.0 0.0 0.5 10.8 23:53 W
21 6.3 8.8 00:00 3.3 23:58 12.0 0.0 0.0 2.5 20.1 15:57 NNE
22 5.6 10.2 14:27 3.1 01:33 12.7 0.0 0.0 1.7 17.0 12:54 NNE
23 3.8 9.2 14:10 -0.2 06:38 14.5 0.0 0.2 0.2 7.8 14:30 NNW
24 4.0 6.8 12:32 -0.2 01:48 14.3 0.0 0.0 0.1 7.8 15:58 W
25 4.1 7.4 14:34 0.9 23:58 14.2 0.0 0.0 1.0 20.1 09:57 N
26 4.3 8.2 11:40 -0.4 00:44 14.0 0.0 1.8 2.9 21.7 14:58 W
27 3.1 4.3 10:39 1.3 23:54 15.2 0.0 6.0 5.2 29.4 15:19 NNW
28 0.9 4.4 14:19 -1.1 07:10 17.4 0.0 0.0 2.3 21.7 04:57 NW
29 0.6 4.3 23:52 -1.4 03:28 17.7 0.0 0.0 1.3 21.7 06:36 W
30 9.5 11.6 13:43 4.3 00:00 8.8 0.0 0.6 3.8 27.9 23:03 W
----------------------------------------------------------------------------------
7.3 14.6 12 -1.4 29 329.1 0.0 18.0 1.3 29.4 27 WNW
Max >= 25.0: 0
Max <= 0.0: 0
Min <= 0.0: 8
Min <= -5.0: 0
Max Rain: 6.0 on day 27
Days of Rain: 11 (>= 0.2 mm) 3 (>= 2.0 mm) 0 (>= 20.0 mm)
Heat Base: 18.3 Cool Base: 18.3 Method: Integration