Select a Year or Month report
Report for 2021 Aug
Monthly Climatological Summary for Aug 2021
Name: Reigate Weather City: Reigate State: Surrey, United Kingdom
Elevation: 71 m Lat: N 51° 14' 04" Lon: W 000° 12' 00"
Temperature (°C), Rain (mm), Wind Speed (mph)
Heat Cool Avg
Mean Deg Deg Wind Dom
Day Temp High Time Low Time Days Days Rain Speed High Time Dir
----------------------------------------------------------------------------------
1 16.0 21.9 15:12 12.4 23:49 2.6 0.4 14.4 0.4 10.8 14:43 W
2 14.7 18.6 12:15 10.2 05:01 3.6 0.0 0.2 0.2 7.8 10:50 SSE
3 15.5 22.1 12:08 8.9 06:16 3.4 0.6 0.0 0.2 9.3 14:49 SSE
4 16.4 23.6 16:28 10.1 03:21 3.1 1.2 0.0 0.3 9.3 15:13 SSW
5 15.8 20.8 14:41 11.7 02:17 2.9 0.3 6.0 1.3 13.9 10:07 S
6 16.8 20.8 12:57 13.5 23:57 1.8 0.4 2.4 2.9 27.9 18:27 W
7 15.7 19.9 15:24 13.2 00:12 2.7 0.1 23.2 1.9 23.3 20:01 W
8 15.1 18.7 14:55 12.6 03:22 3.2 0.0 1.4 2.8 24.8 13:36 W
9 15.8 20.9 13:08 12.0 02:02 2.8 0.3 9.6 2.0 21.7 17:00 W
10 17.7 24.5 17:21 13.2 06:45 2.0 1.4 0.0 1.3 15.5 10:59 W
11 17.2 23.6 15:17 10.7 05:00 2.5 1.4 0.0 1.3 13.9 14:37 WSW
12 17.7 22.8 17:24 14.6 00:23 1.3 0.8 0.0 0.9 15.5 17:00 W
13 16.6 22.3 17:18 11.4 03:16 2.5 0.8 0.0 1.3 17.0 12:40 W
14 18.0 24.8 16:54 12.6 04:47 1.9 1.6 0.0 1.2 18.6 12:40 W
15 17.3 23.0 14:33 12.7 05:15 1.8 0.8 0.0 1.9 20.1 14:36 W
16 15.8 19.8 15:30 12.3 23:59 2.6 0.1 0.0 2.1 18.6 10:02 W
17 14.7 17.9 15:33 9.3 04:08 3.6 0.0 0.0 1.4 18.6 12:53 W
18 17.7 22.3 14:14 14.4 06:01 1.5 0.8 0.6 2.4 24.8 17:07 W
19 16.5 20.4 14:50 12.9 05:25 2.1 0.3 0.4 1.9 15.5 14:40 W
20 17.3 20.8 14:07 14.3 05:28 1.3 0.4 0.0 0.6 12.4 10:14 W
21 17.3 21.2 15:26 14.8 06:05 1.4 0.4 0.8 0.3 9.3 15:36 SSW
22 18.2 23.8 16:42 14.9 07:15 1.2 1.1 1.2 2.0 21.7 13:57 W
23 17.5 22.8 16:57 13.3 23:07 1.6 0.8 0.0 0.7 12.4 15:17 N
24 17.2 23.3 16:17 13.2 00:43 2.4 1.2 0.0 1.5 17.0 08:14 ESE
25 17.2 24.2 16:59 12.9 06:11 2.3 1.2 0.0 1.0 12.4 08:45 NE
26 16.5 18.8 14:03 14.8 07:05 1.8 0.0 0.0 1.4 15.5 14:31 N
27 16.0 21.4 15:38 12.1 04:42 2.8 0.5 0.0 1.1 17.0 16:27 NNE
28 15.5 21.6 16:35 10.6 01:45 3.1 0.4 0.0 0.9 13.9 10:29 NNE
29 14.9 20.7 14:13 8.8 05:27 3.7 0.2 0.0 0.9 12.4 10:23 N
30 15.3 17.1 10:49 13.4 06:33 3.0 0.0 0.0 1.3 13.9 18:31 NNE
31 15.7 19.1 14:25 13.6 05:53 2.7 0.0 0.0 1.2 13.9 14:26 N
----------------------------------------------------------------------------------
16.4 24.8 14 8.8 29 75.2 17.5 60.2 1.3 27.9 6 W
Max >= 25.0: 0
Max <= 0.0: 0
Min <= 0.0: 0
Min <= -5.0: 0
Max Rain: 23.2 on day 7
Days of Rain: 11 (>= 0.2 mm) 5 (>= 2.0 mm) 1 (>= 20.0 mm)
Heat Base: 18.3 Cool Base: 18.3 Method: Integration