Select a Year or Month report
Report for 2021 Jul
Monthly Climatological Summary for Jul 2021
Name: Reigate Weather City: Reigate State: Surrey, United Kingdom
Elevation: 71 m Lat: N 51° 14' 04" Lon: W 000° 12' 00"
Temperature (°C), Rain (mm), Wind Speed (mph)
Heat Cool Avg
Mean Deg Deg Wind Dom
Day Temp High Time Low Time Days Days Rain Speed High Time Dir
----------------------------------------------------------------------------------
1 17.0 22.7 15:20 10.1 03:36 2.3 1.1 0.0 0.5 13.9 12:12 WNW
2 18.3 24.6 15:36 13.3 05:40 1.6 1.6 0.0 0.6 13.9 15:11 WSW
3 17.2 21.6 17:41 14.8 23:30 1.4 0.3 11.6 1.0 15.5 14:34 W
4 16.6 21.2 14:55 14.3 23:42 2.0 0.3 3.6 1.2 17.0 16:41 SW
5 16.0 21.2 13:53 12.8 06:28 2.6 0.3 9.2 1.3 17.0 13:32 WSW
6 14.7 17.9 14:07 12.0 23:58 3.6 0.0 15.4 2.6 24.8 09:22 WSW
7 15.7 19.8 17:11 11.8 00:06 2.6 0.1 0.0 1.3 18.6 13:00 W
8 16.8 21.9 13:40 13.8 05:21 1.9 0.4 0.0 0.9 13.9 13:59 WSW
9 17.3 22.6 18:10 13.6 01:00 2.0 1.0 0.0 0.5 13.9 17:58 WSW
10 15.3 18.2 18:35 12.0 23:58 3.0 0.0 0.4 0.1 7.8 12:01 WSW
11 15.7 22.0 15:52 11.3 04:34 3.1 0.5 1.8 0.6 12.4 16:33 SW
12 16.2 21.1 14:27 13.6 02:10 2.4 0.3 18.2 0.1 7.8 10:50 ESE
13 18.6 25.0 16:56 15.2 00:00 1.2 1.4 0.2 1.0 15.5 16:22 NW
14 19.8 25.4 16:21 14.9 06:10 0.6 2.0 0.0 1.6 17.0 11:07 W
15 18.4 23.0 13:06 14.1 05:32 1.3 1.4 0.0 1.2 20.1 12:49 N
16 19.5 28.4 17:19 11.6 04:20 2.0 3.2 0.0 0.8 15.5 13:27 NE
17 21.6 29.6 17:19 13.4 05:19 0.9 4.2 0.0 0.6 10.8 08:24 ESE
18 23.3 32.1 16:26 13.2 05:06 1.1 6.1 0.0 0.5 13.9 14:15 W
19 23.6 32.3 15:30 16.0 05:18 0.3 5.5 0.0 0.7 17.0 15:32 WSW
20 23.4 31.1 13:44 15.9 05:30 0.3 5.4 0.0 0.6 12.4 17:21 SSW
21 23.1 31.2 16:07 15.2 05:09 0.5 5.3 0.0 0.5 10.8 14:36 S
22 22.8 29.8 14:13 15.5 05:19 0.3 4.8 0.0 0.7 10.8 14:53 SE
23 19.1 24.8 13:14 13.9 05:24 1.0 1.8 0.0 1.7 21.7 19:26 ESE
24 18.6 24.3 16:42 16.2 23:24 0.7 1.0 3.4 0.7 13.9 00:10 ESE
25 17.8 22.9 13:15 16.1 00:07 0.9 0.4 11.4 0.3 13.9 16:15 NNW
26 19.3 25.1 14:16 16.0 05:54 0.8 1.8 0.2 0.4 10.8 17:02 WSW
27 17.5 21.1 16:35 14.4 05:36 1.2 0.4 6.4 0.9 27.9 03:44 WSW
28 17.1 20.6 13:10 12.2 23:56 1.6 0.4 1.4 3.0 27.9 14:03 W
29 16.2 22.3 15:46 11.4 04:11 2.8 0.6 0.0 2.3 23.3 16:18 W
30 15.9 19.3 15:23 13.9 23:52 2.5 0.0 4.2 3.0 31.0 16:11 WSW
31 15.8 21.9 13:33 12.6 04:56 2.8 0.3 17.0 1.1 17.0 14:10 W
----------------------------------------------------------------------------------
18.3 32.3 19 10.1 1 51.3 51.9 104.4 1.0 31.0 30 WSW
Max >= 25.0: 10
Max <= 0.0: 0
Min <= 0.0: 0
Min <= -5.0: 0
Max Rain: 18.2 on day 12
Days of Rain: 15 (>= 0.2 mm) 10 (>= 2.0 mm) 0 (>= 20.0 mm)
Heat Base: 18.3 Cool Base: 18.3 Method: Integration