Select a Year or Month report
Report for 2021 Jun
Monthly Climatological Summary for Jun 2021
Name: Reigate Weather City: Reigate State: Surrey, United Kingdom
Elevation: 71 m Lat: N 51° 14' 04" Lon: W 000° 12' 00"
Temperature (°C), Rain (mm), Wind Speed (mph)
Heat Cool Avg
Mean Deg Deg Wind Dom
Day Temp High Time Low Time Days Days Rain Speed High Time Dir
----------------------------------------------------------------------------------
1 19.2 27.9 15:43 11.6 05:36 2.2 3.0 0.0 0.8 16.6 11:24 W
2 20.3 30.1 14:34 11.7 06:08 1.7 3.7 0.5 0.5 14.2 12:24 WSW
3 18.4 24.1 15:12 13.4 23:43 1.2 1.2 0.0 1.0 15.5 12:42 WSW
4 14.1 15.1 11:23 12.1 04:27 4.1 0.0 11.4 0.1 10.8 05:58 W
5 16.8 24.3 17:03 11.2 04:55 2.8 1.3 0.0 0.8 17.0 11:43 W
6 17.1 23.6 16:05 10.8 04:21 2.6 1.4 0.0 0.8 13.9 13:20 W
7 17.3 23.9 16:44 12.2 06:16 2.2 1.2 0.0 0.9 15.5 16:50 WSW
8 17.6 25.2 16:31 10.2 04:50 2.6 1.9 0.0 1.0 15.5 15:58 W
9 17.8 26.2 16:05 8.9 04:49 2.7 2.2 0.0 1.2 13.9 13:41 W
10 18.1 24.1 16:14 14.3 03:37 1.5 1.3 0.0 1.3 15.5 16:41 W
11 18.5 23.9 13:20 14.6 05:17 1.2 1.4 0.0 1.4 17.0 10:58 W
12 19.5 25.5 17:38 14.3 05:38 0.9 2.1 0.0 1.3 13.9 11:01 W
13 20.0 27.6 16:44 12.3 04:49 1.6 3.3 0.0 0.7 13.9 14:47 WSW
14 21.2 29.3 15:03 12.6 05:02 1.4 4.3 0.0 0.9 13.9 20:12 W
15 20.4 27.2 16:27 15.5 05:41 0.6 2.7 0.0 0.6 12.4 02:48 S
16 20.4 29.4 16:36 12.0 05:41 1.5 3.7 10.6 0.9 15.5 15:00 WSW
17 18.7 21.4 14:02 16.2 23:53 0.3 0.7 9.8 0.4 15.5 10:24 ENE
18 14.7 16.3 00:01 11.9 23:30 3.6 0.0 27.4 1.1 13.9 05:46 ENE
19 13.3 16.0 15:27 11.4 02:53 5.0 0.0 0.0 0.2 12.4 14:58 ESE
20 15.7 21.7 16:27 12.7 03:36 2.8 0.3 0.0 0.7 13.9 23:20 ESE
21 12.4 13.9 00:00 11.4 07:42 5.9 0.0 10.8 1.5 18.6 14:59 ENE
22 13.2 17.2 16:40 9.2 23:32 5.1 0.0 1.6 1.5 17.0 13:16 NNE
23 14.6 23.2 17:36 6.7 04:53 4.5 0.8 0.0 0.5 12.4 11:59 NE
24 15.7 22.3 12:52 7.5 04:53 3.4 0.8 0.0 1.2 17.0 10:59 W
25 16.6 22.8 17:32 12.8 04:51 2.4 0.7 0.2 0.7 12.4 12:07 WSW
26 16.8 22.3 12:43 10.9 02:04 2.5 0.9 0.0 0.6 10.8 18:47 SE
27 16.9 20.5 13:28 14.8 00:00 1.6 0.1 9.0 0.9 15.5 02:28 SE
28 18.1 22.3 17:40 15.6 02:04 1.0 0.8 0.2 0.2 9.3 23:45 NE
29 16.1 20.0 14:04 13.7 23:47 2.3 0.1 2.8 0.5 10.8 05:27 N
30 14.7 17.7 19:18 12.4 01:48 3.6 0.0 0.0 0.7 13.9 13:28 W
----------------------------------------------------------------------------------
17.1 30.1 2 6.7 23 74.8 39.9 84.3 0.8 18.6 21 W
Max >= 25.0: 9
Max <= 0.0: 0
Min <= 0.0: 0
Min <= -5.0: 0
Max Rain: 27.4 on day 18
Days of Rain: 11 (>= 0.2 mm) 7 (>= 2.0 mm) 1 (>= 20.0 mm)
Heat Base: 18.3 Cool Base: 18.3 Method: Integration