Select a Year or Month report
Report for 2021 May
Monthly Climatological Summary for May 2021
Name: Reigate Weather City: Reigate State: Surrey, United Kingdom
Elevation: 71 m Lat: N 51° 14' 04" Lon: W 000° 12' 00"
Temperature (°C), Rain (mm), Wind Speed (mph)
Heat Cool Avg
Mean Deg Deg Wind Dom
Day Temp High Time Low Time Days Days Rain Speed High Time Dir
----------------------------------------------------------------------------------
1 6.9 15.9 16:09 0.4 05:01 11.8 0.0 3.6 0.4 13.5 13:35 NE
2 7.7 14.6 13:30 0.9 03:15 10.6 0.0 0.0 0.8 19.1 16:10 SW
3 8.5 14.7 13:31 0.9 03:10 18.5 0.0 4.1 4.0 39.5 22:50 SW
4 9.9 14.4 15:11 6.1 22:57 8.4 0.0 0.0 4.9 33.3 02:45 S
5 6.8 15.3 14:16 1.9 23:56 12.0 0.0 3.1 1.2 18.0 16:24 SSW
6 5.9 12.6 15:51 -0.4 05:34 12.4 0.0 0.0 0.4 13.2 19:19 S
7 8.7 14.8 12:51 3.4 05:10 9.6 0.0 0.0 1.2 15.6 16:33 SSW
8 10.9 15.6 18:49 5.9 00:00 7.6 0.0 9.3 2.5 33.6 15:34 SW
9 15.2 18.6 11:22 11.2 05:47 3.1 0.0 0.0 1.4 23.2 03:02 SW
10 12.2 17.5 16:56 7.9 23:53 6.1 0.0 1.0 2.7 31.2 09:55 SW
11 11.2 17.8 16:54 4.3 04:38 7.1 0.0 0.0 1.7 20.5 16:36 SW
12 12.6 18.5 16:44 7.9 05:47 5.8 0.0 0.5 1.7 19.1 00:13 SW
13 10.8 14.5 16:33 6.9 23:21 7.7 0.0 2.1 0.4 11.8 15:59 WSW
14 10.3 13.1 13:54 7.4 00:00 8.3 0.0 0.0 0.3 15.6 06:12 NE
15 10.7 15.5 15:56 8.2 02:50 7.9 0.0 2.6 0.5 16.6 17:05 SSW
16 10.2 12.5 15:17 7.9 02:43 8.1 0.0 11.4 0.6 16.6 17:06 SW
17 11.6 16.4 15:02 8.4 23:55 6.7 0.0 6.7 0.4 18.7 16:16 SSE
18 10.2 17.4 13:41 4.1 05:10 8.4 0.0 7.3 0.7 18.4 15:46 SW
19 11.9 19.1 15:48 7.1 23:53 6.7 0.0 1.6 0.7 20.1 15:54 ESE
20 9.7 13.6 14:31 4.1 04:50 8.6 0.0 0.0 3.5 36.1 17:53 SW
21 10.4 11.9 11:52 9.4 23:46 8.2 0.0 1.0 6.7 34.7 14:24 SW
22 10.6 15.6 16:16 7.2 23:52 7.7 0.0 3.1 1.0 18.4 02:17 SSW
23 9.0 12.7 13:40 3.1 05:09 9.3 0.0 5.7 2.4 36.4 23:06 SW
24 9.3 13.2 14:32 7.3 04:33 9.4 0.0 5.7 1.4 21.8 10:06 SW
25 9.9 15.5 14:37 5.9 02:57 8.4 0.0 0.5 1.6 20.5 11:28 S
26 11.3 17.4 15:17 5.6 05:43 7.0 0.0 0.0 0.8 15.9 12:41 ESE
27 14.1 22.4 17:06 5.3 05:44 4.9 0.7 0.0 0.6 12.1 14:16 SSW
28 15.0 20.4 12:22 8.9 04:12 3.6 0.4 0.0 0.2 8.3 13:55 SW
29 16.4 23.9 14:52 11.1 05:14 3.1 1.2 0.0 0.4 13.2 17:41 WNW
30 14.0 24.1 16:03 8.7 03:20 5.2 0.9 0.0 0.5 10.7 11:34 WNW
31 16.7 26.9 15:49 7.6 03:04 3.9 2.3 0.0 0.5 11.4 10:50 W
----------------------------------------------------------------------------------
10.9 26.9 31 -0.4 6 246.1 5.5 69.3 1.5 39.5 3 SW
Max >= 25.0: 1
Max <= 0.0: 0
Min <= 0.0: 1
Min <= -5.0: 0
Max Rain: 11.4 on day 16
Days of Rain: 17 (>= 0.2 mm) 12 (>= 2.0 mm) 0 (>= 20.0 mm)
Heat Base: 18.3 Cool Base: 18.3 Method: Integration