Select a Year or Month report
Report for 2021 Apr
Monthly Climatological Summary for Apr 2021
Name: Reigate Weather City: Reigate State: Surrey, United Kingdom
Elevation: 71 m Lat: N 51° 14' 04" Lon: W 000° 12' 00"
Temperature (°C), Rain (mm), Wind Speed (mph)
Heat Cool Avg
Mean Deg Deg Wind Dom
Day Temp High Time Low Time Days Days Rain Speed High Time Dir
----------------------------------------------------------------------------------
1 10.9 16.7 15:19 0.0 00:11 7.9 0.0 0.0 1.7 17.7 13:48 N
2 7.8 15.4 16:18 4.4 05:26 11.4 0.0 0.0 1.3 20.1 23:05 NNE
3 7.6 12.0 16:20 5.2 06:46 10.7 0.0 0.0 1.0 18.4 16:23 NNE
4 8.6 18.2 16:37 1.3 04:20 10.0 0.0 0.0 0.6 12.8 13:22 SSW
5 6.7 11.7 16:06 1.6 23:58 12.1 0.0 0.0 1.4 26.7 12:36 NE
6 3.0 8.8 14:24 -0.6 05:47 15.7 0.0 0.0 0.5 21.5 18:13 SSE
7 2.6 6.4 14:54 -2.1 05:57 16.9 0.0 0.0 0.6 16.6 13:48 SE
8 6.2 14.2 16:13 -0.2 06:08 13.6 0.0 0.0 1.5 23.9 17:27 SW
9 8.1 15.5 14:56 1.8 07:05 11.1 0.0 0.0 0.8 12.5 11:45 SW
10 6.0 7.9 15:22 3.6 23:14 12.3 0.0 0.0 0.6 14.9 14:42 N
11 4.8 11.9 17:52 -0.3 23:59 14.0 0.0 0.0 0.8 19.1 15:08 NE
12 3.8 12.9 17:52 -2.4 04:35 15.5 0.0 2.6 0.1 11.8 14:49 SSW
13 4.4 14.9 13:05 -3.1 05:44 13.7 0.0 0.0 0.7 14.2 14:54 SW
14 6.6 14.4 12:30 0.4 02:39 12.1 0.0 0.0 0.8 16.3 12:49 NNE
15 5.3 12.3 13:21 0.4 05:55 13.0 0.0 0.0 0.6 14.9 10:15 N
16 6.1 16.1 17:07 -0.8 02:26 12.6 0.0 0.0 0.4 89.5 10:57 N
17 7.9 18.7 16:27 -0.8 06:31 11.3 0.0 0.0 0.5 11.4 13:15 N
18 9.0 19.7 16:22 -1.2 06:07 9.4 0.1 0.0 0.2 10.4 09:52 NNW
19 10.1 21.6 16:33 0.5 06:10 8.6 0.4 0.0 0.4 13.5 19:02 SW
20 10.3 19.8 15:07 1.9 05:59 8.1 0.1 0.0 0.2 10.1 11:45 WNW
21 9.8 17.2 16:07 4.6 06:05 8.5 0.0 0.0 1.1 19.1 14:35 NNW
22 8.4 16.6 14:52 1.4 05:06 9.9 0.0 0.0 0.8 11.1 08:50 W
23 9.9 20.1 15:51 1.8 05:57 8.5 0.1 0.0 0.8 15.6 12:13 WSW
24 10.7 19.8 15:40 3.6 03:44 7.6 0.1 0.0 1.5 21.5 14:17 WNW
25 8.8 16.4 16:53 3.8 04:58 9.5 0.0 0.0 1.6 20.8 16:34 NNW
26 8.3 16.4 16:01 2.9 04:34 10.0 0.0 0.0 0.9 14.9 13:06 NNW
27 9.4 20.9 14:52 -0.9 06:08 9.1 0.2 0.0 0.4 13.2 16:23 SW
28 8.1 11.1 13:01 1.2 06:58 10.0 0.0 0.0 0.2 3.5 09:01 SE
29 8.1 13.1 18:01 4.7 23:01 10.2 0.0 0.0 0.7 4.2 04:01 NE
30 6.9 12.9 15:01 1.4 06:01 11.4 0.0 0.5 0.5 3.1 14:01 W
----------------------------------------------------------------------------------
7.5 21.6 19 -3.1 13 334.7 1.0 3.1 0.8 89.5 16 NNW
Max >= 25.0: 0
Max <= 0.0: 0
Min <= 0.0: 11
Min <= -5.0: 0
Max Rain: 2.6 on day 12
Days of Rain: 2 (>= 0.2 mm) 1 (>= 2.0 mm) 0 (>= 20.0 mm)
Heat Base: 18.3 Cool Base: 18.3 Method: Integration