Select a Year or Month report
Report for 2021 Mar
Monthly Climatological Summary for Mar 2021
Name: Reigate Weather City: Reigate State: Surrey, United Kingdom
Elevation: 71 m Lat: N 51° 14' 04" Lon: W 000° 12' 00"
Temperature (°C), Rain (mm), Wind Speed (mph)
Heat Cool Avg
Mean Deg Deg Wind Dom
Day Temp High Time Low Time Days Days Rain Speed High Time Dir
----------------------------------------------------------------------------------
1 7.0 14.2 13:31 2.7 22:47 15.0 0.0 0.0 0.4 11.1 16:11 NNW
2 5.1 11.9 15:04 0.9 02:37 13.2 0.0 0.0 0.1 14.2 14:26 N
3 5.2 8.7 13:04 1.6 00:10 13.1 0.0 2.1 0.0 4.9 10:31 S
4 4.9 6.8 00:00 2.8 23:53 13.4 0.0 2.1 0.2 16.6 22:50 NNE
5 3.3 6.8 14:57 -0.1 23:27 15.0 0.0 0.0 0.6 19.8 08:17 N
6 2.4 7.5 13:06 -2.2 23:57 15.9 0.0 0.0 0.2 10.7 11:39 N
7 1.7 9.8 16:01 -2.7 02:04 17.9 0.0 0.0 0.1 10.6 13:54 N
8 3.2 10.9 16:49 -3.6 04:08 15.7 0.0 0.0 0.1 8.8 16:19 SW
9 7.4 15.7 14:35 0.3 01:51 11.8 0.0 0.0 0.5 14.6 14:34 SSW
10 7.2 9.9 23:37 5.3 00:48 11.7 0.0 2.1 5.2 31.2 16:10 SW
11 8.1 11.2 11:22 4.1 23:07 10.2 0.0 2.6 6.2 36.4 01:22 SW
12 6.5 10.4 14:33 3.1 02:59 12.1 0.0 3.1 3.8 31.6 11:34 SW
13 6.5 11.4 14:28 2.8 20:15 12.9 0.0 1.6 6.6 36.1 01:11 SSW
14 7.1 11.4 11:20 3.5 00:15 11.6 0.0 0.5 2.9 19.1 20:29 S
15 8.6 12.3 14:20 6.4 22:30 11.3 0.0 1.0 0.8 7.6 22:06 ENE
16 9.0 15.8 16:46 5.9 00:43 10.3 0.0 0.5 1.0 20.5 15:16 NNE
17 7.0 12.3 15:30 4.2 06:36 11.3 0.0 1.0 0.5 16.6 01:03 NNE
18 6.9 9.1 13:15 3.6 01:06 11.4 0.0 0.5 0.5 18.0 22:41 NNE
19 7.9 15.0 14:47 1.1 23:57 10.4 0.0 0.0 1.0 19.1 01:07 N
20 5.7 9.3 11:08 -0.4 02:49 13.1 0.0 0.0 0.2 10.1 12:33 ENE
21 8.5 13.9 13:22 2.1 23:55 9.8 0.0 0.0 0.6 17.0 15:22 NNE
22 8.4 17.8 16:05 1.5 00:48 10.0 0.0 0.0 0.3 12.1 11:01 SW
23 6.7 14.2 15:59 0.4 04:09 11.6 0.0 0.0 1.1 20.5 15:28 SW
24 7.0 12.5 11:35 -0.3 05:44 11.4 0.0 0.0 1.0 16.3 11:54 SW
25 7.2 12.2 11:42 0.5 06:26 11.4 0.0 1.0 2.0 26.7 17:52 SW
26 7.8 12.1 12:30 3.2 21:40 10.5 0.0 4.1 2.9 32.9 12:55 SW
27 7.0 11.3 15:01 2.5 05:54 11.3 0.0 0.0 2.6 24.6 03:16 SW
28 9.4 11.9 15:38 7.9 00:00 8.9 0.0 0.0 5.1 30.5 14:29 SW
29 12.0 20.2 16:21 4.3 23:55 7.0 0.3 0.0 2.5 20.1 07:03 SW
30 11.9 26.0 16:01 1.3 06:47 8.6 1.9 0.0 0.4 12.8 16:05 SW
31 12.6 20.7 12:13 4.8 06:45 5.9 0.3 0.0 0.1 6.9 11:00 SW
----------------------------------------------------------------------------------
7.1 26.0 30 -3.6 8 363.7 2.5 22.2 1.5 36.4 11 SW
Max >= 25.0: 1
Max <= 0.0: 0
Min <= 0.0: 6
Min <= -5.0: 0
Max Rain: 4.1 on day 26
Days of Rain: 13 (>= 0.2 mm) 6 (>= 2.0 mm) 0 (>= 20.0 mm)
Heat Base: 18.3 Cool Base: 18.3 Method: Integration