Select a Year or Month report
Report for 2021 Feb
Monthly Climatological Summary for Feb 2021
Name: Reigate Weather City: Reigate State: Surrey, United Kingdom
Elevation: 71 m Lat: N 51° 14' 04" Lon: W 000° 12' 00"
Temperature (°C), Rain (mm), Wind Speed (mph)
Heat Cool Avg
Mean Deg Deg Wind Dom
Day Temp High Time Low Time Days Days Rain Speed High Time Dir
----------------------------------------------------------------------------------
1 3.3 3.8 14:12 2.9 00:00 15.0 0.0 0.0 0.2 10.1 06:33 NNE
2 8.9 11.5 14:23 3.2 00:00 9.6 0.0 3.6 2.1 22.2 23:29 SW
3 6.8 9.4 15:02 0.9 23:31 11.5 0.0 3.6 0.6 16.3 00:11 SW
4 5.6 8.7 15:23 0.3 01:21 12.7 0.0 6.7 0.1 9.7 12:07 SW
5 7.3 11.2 13:48 5.5 08:55 11.3 0.0 1.6 0.2 11.8 15:11 SW
6 5.9 8.3 12:15 3.8 23:56 12.9 0.0 2.6 0.3 16.3 22:11 NNE
7 0.4 3.8 00:00 -2.2 23:20 17.9 0.0 2.6 1.7 31.2 20:17 NE
8 -2.0 -1.6 20:28 -2.3 06:13 21.0 0.0 0.0 1.3 20.1 04:35 NNE
9 -1.2 0.2 14:50 -1.9 08:11 19.5 0.0 0.5 1.1 17.7 16:41 WNW
10 -0.9 2.5 12:40 -3.1 23:29 19.0 0.0 0.5 0.7 20.1 10:09 N
11 -1.8 1.0 12:36 -3.2 05:29 20.5 0.0 0.0 1.0 12.1 11:20 WSW
12 -1.4 2.4 12:26 -3.7 23:38 19.7 0.0 0.5 1.6 18.0 13:45 W
13 -1.6 2.2 13:19 -4.7 05:31 19.9 0.0 0.0 1.2 14.9 13:29 WSW
14 1.7 3.9 23:57 -0.1 01:52 16.6 0.0 1.0 1.5 17.3 06:56 SW
15 7.8 11.9 14:46 3.9 00:00 10.9 0.0 6.7 0.8 16.6 14:30 SW
16 8.1 8.9 00:00 6.9 04:33 10.6 0.0 1.0 1.2 17.3 23:28 SW
17 8.8 9.6 13:05 7.7 00:31 9.5 0.0 3.6 3.1 23.9 09:20 SW
18 7.2 10.5 15:13 3.0 20:27 11.2 0.0 1.6 0.9 18.7 09:50 SW
19 7.2 11.0 23:27 1.3 02:21 11.1 0.0 0.5 1.8 22.5 10:25 SW
20 11.8 13.9 15:22 9.6 07:27 6.5 0.0 0.0 1.8 20.5 13:29 SW
21 10.8 14.8 13:21 7.8 23:58 7.8 0.0 0.0 0.4 16.6 00:38 SW
22 8.0 10.4 12:00 4.8 06:28 10.3 0.0 1.0 0.1 11.4 15:34 SW
23 9.9 14.3 15:47 5.1 03:21 8.4 0.0 0.0 2.4 27.0 11:22 SW
24 11.9 13.9 15:42 10.1 02:30 6.7 0.0 0.0 2.2 19.1 02:55 W
25 10.4 13.9 00:00 5.3 21:22 8.5 0.0 0.0 0.4 4.9 07:34 SSE
26 5.6 14.6 13:54 -0.4 06:39 13.0 0.0 0.0 0.2 9.4 15:10 NE
27 5.1 15.1 14:41 -1.1 06:58 13.4 0.0 0.0 0.1 22.2 20:16 NNW
28 5.5 12.4 14:56 0.4 02:11 12.8 0.01073.2 0.4 13.2 11:30 N
----------------------------------------------------------------------------------
5.3 15.1 27 -4.7 13 367.8 0.01110.8 1.1 31.2 7 WSW
Max >= 25.0: 0
Max <= 0.0: 1
Min <= 0.0: 10
Min <= -5.0: 0
Max Rain: 1073.2 on day 28
Days of Rain: 17 (>= 0.2 mm) 8 (>= 2.0 mm) 1 (>= 20.0 mm)
Heat Base: 18.3 Cool Base: 18.3 Method: Integration