Select a Year or Month report
Report for 2021 Jan
Monthly Climatological Summary for Jan 2021
Name: Reigate Weather City: Reigate State: Surrey, United Kingdom
Elevation: 71 m Lat: N 51° 14' 04" Lon: W 000° 12' 00"
Temperature (°C), Rain (mm), Wind Speed (mph)
Heat Cool Avg
Mean Deg Deg Wind Dom
Day Temp High Time Low Time Days Days Rain Speed High Time Dir
----------------------------------------------------------------------------------
1 0.9 3.4 23:55 -0.7 07:49 18.1 0.0 1.0 0.1 6.9 06:01 SSW
2 2.5 5.1 13:56 -0.4 23:40 15.8 0.0 1.0 0.2 16.3 05:11 NE
3 2.4 4.3 12:59 -0.4 00:00 17.7 0.0 2.6 0.2 12.1 04:37 N
4 2.7 3.8 10:11 1.6 04:20 16.9 0.0 4.1 1.1 19.8 13:50 N
5 2.3 3.3 13:51 1.2 02:52 16.0 0.0 3.6 1.3 18.0 08:03 NNE
6 1.9 5.0 14:27 -0.5 21:25 16.4 0.0 11.4 0.1 11.4 00:20 NNE
7 -0.1 2.5 14:23 -1.7 23:49 18.4 0.0 0.0 0.2 11.1 00:17 W
8 -0.5 1.9 13:07 -2.2 01:29 18.8 0.0 0.0 0.1 7.6 16:40 NE
9 0.2 4.8 14:34 -2.5 23:22 18.1 0.0 0.5 0.0 5.9 00:30 NNE
10 -0.5 1.3 15:24 -2.4 00:00 18.8 0.0 0.0 0.0 6.2 08:22 SW
11 5.3 8.0 23:07 1.2 00:00 13.0 0.0 0.5 2.2 20.8 11:50 SW
12 6.1 8.8 07:34 1.4 22:21 12.2 0.0 4.1 1.0 20.1 03:20 SW
13 5.1 9.1 14:11 -0.2 03:08 13.6 0.0 3.6 0.5 11.4 20:09 SSW
14 6.2 9.3 10:25 1.9 23:56 12.1 0.0 13.5 0.2 12.8 16:10 N
15 0.7 3.8 14:48 -1.2 19:52 18.2 0.0 0.0 0.1 16.3 00:14 NNE
16 4.0 6.9 14:39 -0.1 00:00 14.3 0.0 6.2 0.4 13.9 11:09 SW
17 4.3 7.5 14:34 0.4 23:56 14.5 0.0 0.0 0.3 12.8 10:00 ESE
18 3.3 8.2 23:55 -1.1 04:11 15.0 0.0 0.5 0.9 15.9 23:07 SW
19 9.2 10.4 09:52 8.2 00:00 9.1 0.0 4.2 4.9 31.6 23:39 SW
20 8.6 9.2 23:21 6.2 23:59 9.7 0.0 11.9 5.4 29.5 10:31 SW
21 5.2 7.8 13:04 2.2 23:59 13.1 0.0 0.0 2.9 30.2 12:07 SW
22 2.3 7.7 14:30 -1.4 05:53 16.0 0.0 0.0 0.3 11.4 12:23 SW
23 0.9 4.4 14:33 -2.4 23:44 17.4 0.0 0.0 0.2 12.8 00:12 S
24 -0.7 1.6 13:48 -3.7 04:00 19.0 0.0 0.5 0.1 10.4 23:06 W
25 0.3 5.4 14:23 -2.2 07:31 18.0 0.0 1.0 0.3 10.4 13:55 SSE
26 1.3 5.9 23:44 -3.1 02:23 17.0 0.0 3.1 0.4 14.2 15:00 SW
27 7.8 9.1 13:58 5.8 00:55 10.5 0.0 7.3 0.1 6.2 05:25 SW
28 10.2 12.9 14:23 8.1 00:00 8.4 0.0 16.1 1.6 24.3 10:10 SW
29 8.6 11.4 14:21 6.9 23:21 9.7 0.0 3.6 1.6 20.1 11:15 SSW
30 4.9 6.9 00:00 3.0 23:51 13.4 0.0 8.8 0.9 19.1 16:28 NW
31 1.9 3.3 12:48 -0.6 07:33 16.4 0.0 2.1 0.5 12.8 00:08 W
----------------------------------------------------------------------------------
3.5 12.9 28 -3.7 24 465.6 0.0 111.2 0.9 31.6 19 SW
Max >= 25.0: 0
Max <= 0.0: 0
Min <= 0.0: 18
Min <= -5.0: 0
Max Rain: 16.1 on day 28
Days of Rain: 23 (>= 0.2 mm) 16 (>= 2.0 mm) 0 (>= 20.0 mm)
Heat Base: 18.3 Cool Base: 18.3 Method: Integration