Select a Year or Month report
Report for 2020 Dec
Monthly Climatological Summary for Dec 2020
Name: Reigate Weather City: Reigate State: Surrey, United Kingdom
Elevation: 71 m Lat: N 51° 14' 04" Lon: W 000° 12' 00"
Temperature (°C), Rain (mm), Wind Speed (mph)
Heat Cool Avg
Mean Deg Deg Wind Dom
Day Temp High Time Low Time Days Days Rain Speed High Time Dir
----------------------------------------------------------------------------------
1 4.7 9.1 13:45 2.4 07:12 13.6 0.0 0.0 0.3 11.8 15:16 NE
2 4.1 6.8 13:56 0.7 07:15 14.2 0.0 0.5 0.0 6.6 14:07 SW
3 4.2 6.9 14:01 1.3 19:54 14.1 0.0 14.5 0.3 18.7 15:06 SW
4 2.5 2.7 00:00 0.9 23:48 16.0 0.0 6.2 0.0 2.8 23:27 ---
5 3.8 6.9 12:29 0.7 00:30 14.5 0.0 0.5 0.3 12.5 12:50 W
6 2.9 5.3 13:29 1.4 23:27 15.4 0.0 0.5 0.2 12.8 10:24 NNE
7 2.1 3.5 14:57 0.9 06:35 16.2 0.0 5.2 0.0 5.2 11:03 NE
8 2.0 2.6 04:47 1.3 19:05 16.5 0.0 1.0 0.0 2.8 15:22 WSW
9 3.9 6.1 13:32 2.2 00:59 14.4 0.0 1.6 0.0 5.5 11:12 SW
10 6.1 7.5 23:55 4.6 00:00 12.6 0.0 1.5 0.2 9.0 18:01 SW
11 8.2 11.1 14:12 5.5 18:21 10.1 0.0 5.7 0.1 9.0 01:12 SW
12 6.3 8.4 14:24 0.6 23:41 12.0 0.0 0.5 0.3 13.2 15:32 SSW
13 5.9 11.1 20:37 -0.5 03:00 12.4 0.0 6.7 1.2 20.5 12:13 SW
14 9.6 11.3 12:04 7.7 22:10 8.8 0.0 8.8 2.4 28.8 11:04 SW
15 8.1 10.4 14:00 5.9 20:58 10.2 0.0 1.0 0.3 15.9 14:19 SW
16 8.3 9.7 13:24 7.1 20:14 10.0 0.0 3.6 1.0 14.6 10:27 SW
17 7.8 10.9 14:11 2.9 08:44 10.5 0.0 0.0 0.8 18.0 20:16 SW
18 10.2 10.6 19:26 9.8 04:48 8.1 0.0 6.7 2.5 22.2 08:45 SW
19 9.0 11.1 13:21 6.1 21:52 9.3 0.0 10.4 2.1 27.7 11:56 SW
20 5.8 9.6 13:40 2.1 22:49 12.9 0.0 2.6 0.6 19.8 13:21 SW
21 10.0 12.3 17:20 2.4 00:00 8.3 0.0 5.2 2.1 25.0 22:14 SW
22 11.2 12.4 01:31 10.1 09:46 7.1 0.0 2.6 0.8 19.8 00:38 SW
23 10.2 11.9 10:33 6.8 22:24 8.1 0.0 4.2 0.8 25.3 13:07 SW
24 4.0 7.4 00:00 1.9 21:01 14.3 0.0 1.0 1.6 27.0 04:32 NNE
25 0.8 3.9 14:09 -1.6 23:40 17.5 0.0 0.0 0.3 19.8 01:58 NNE
26 4.9 9.3 18:46 -2.1 03:26 13.4 0.0 0.5 2.9 30.2 22:13 SW
27 4.7 8.9 00:00 -0.7 20:48 13.6 0.0 5.7 3.3 39.5 02:36 SW
28 1.2 3.5 14:19 -1.1 05:10 17.3 0.0 1.0 0.1 13.5 19:03 NNE
29 1.9 3.3 21:31 0.4 05:11 16.9 0.0 0.0 0.1 10.4 22:40 NE
30 1.3 4.9 14:03 -1.6 23:45 18.3 0.0 0.0 0.1 9.0 12:09 SW
31 -0.5 0.3 14:56 -2.1 01:36 19.5 0.0 0.0 0.1 9.7 20:47 W
----------------------------------------------------------------------------------
5.3 12.4 22 -2.1 26 406.1 0.0 97.7 0.8 39.5 27 SW
Max >= 25.0: 0
Max <= 0.0: 0
Min <= 0.0: 7
Min <= -5.0: 0
Max Rain: 14.5 on day 3
Days of Rain: 25 (>= 0.2 mm) 14 (>= 2.0 mm) 0 (>= 20.0 mm)
Heat Base: 18.3 Cool Base: 18.3 Method: Integration