Select a Year or Month report
Report for 2020 Nov
Monthly Climatological Summary for Nov 2020
Name: Reigate Weather City: Reigate State: Surrey, United Kingdom
Elevation: 71 m Lat: N 51° 14' 04" Lon: W 000° 12' 00"
Temperature (°C), Rain (mm), Wind Speed (mph)
Heat Cool Avg
Mean Deg Deg Wind Dom
Day Temp High Time Low Time Days Days Rain Speed High Time Dir
----------------------------------------------------------------------------------
1 13.6 15.8 18:15 9.0 00:00 4.7 0.0 1.0 3.8 34.7 22:48 SW
2 12.5 15.6 00:00 5.1 23:58 5.8 0.0 1.0 4.4 32.9 00:43 SW
3 6.2 11.4 12:58 1.2 23:53 12.1 0.0 2.1 1.3 20.1 11:09 SW
4 3.9 13.2 13:26 -0.7 06:23 14.4 0.0 0.0 0.0 8.3 14:11 SSW
5 3.9 13.1 13:55 -0.7 06:27 14.4 0.0 0.0 0.0 5.9 12:38 SSW
6 6.2 13.4 13:50 0.6 01:32 12.1 0.0 0.0 0.3 10.7 13:45 W
7 9.1 16.6 13:22 3.6 05:44 9.2 0.0 0.0 0.0 4.5 10:58 WSW
8 12.0 13.9 12:35 9.6 05:16 6.3 0.0 0.5 0.0 3.5 00:09 W
9 12.9 16.8 12:24 10.1 06:06 5.4 0.0 4.1 0.1 9.7 13:45 SW
10 11.6 15.1 13:52 9.8 18:21 6.9 0.0 1.6 0.1 5.2 11:32 SW
11 10.9 12.3 12:34 8.8 04:11 7.4 0.0 8.8 2.6 21.2 22:54 SW
12 9.8 13.4 13:36 7.9 21:38 8.5 0.0 0.0 1.2 17.0 05:03 SW
13 9.7 12.6 09:37 6.8 19:56 8.6 0.0 1.0 0.4 13.5 09:27 SW
14 11.9 13.3 10:08 6.9 00:00 6.4 0.0 8.3 1.9 27.4 18:07 SW
15 9.7 13.6 03:02 5.1 23:22 8.6 0.0 21.2 2.3 30.2 09:50 SW
16 9.6 11.9 22:19 5.1 00:00 8.6 0.0 0.5 1.7 19.8 14:05 SW
17 12.0 13.4 13:13 11.1 04:38 6.3 0.0 0.0 2.1 22.5 11:03 SW
18 11.2 14.4 12:31 6.9 23:51 7.1 0.0 0.5 1.9 24.6 11:34 SW
19 7.0 10.1 11:48 2.4 23:57 11.3 0.0 0.5 1.1 19.8 02:41 SSW
20 4.9 9.8 21:55 -0.7 04:55 13.4 0.0 2.1 0.5 13.9 23:41 SW
21 10.1 11.6 11:46 8.9 03:12 8.2 0.0 0.0 2.1 27.0 13:20 SW
22 9.2 11.1 12:51 5.3 23:59 9.1 0.0 0.0 0.2 9.7 01:50 SW
23 5.2 8.9 14:22 0.3 06:31 13.1 0.0 0.0 0.0 8.0 17:09 S
24 9.4 11.2 13:57 6.2 23:04 9.1 0.0 0.0 0.5 11.1 06:29 SW
25 9.5 12.6 13:38 7.2 23:53 8.8 0.0 0.0 0.4 12.5 08:24 SW
26 6.2 7.9 11:24 1.9 23:53 12.1 0.0 0.5 0.0 5.5 04:07 NE
27 5.1 7.9 23:45 1.6 00:24 13.2 0.0 0.5 0.1 5.9 12:01 NE
28 8.3 13.3 13:41 5.8 23:39 10.2 0.0 0.0 0.1 5.9 13:24 W
29 7.0 7.8 03:43 5.8 00:00 11.3 0.0 0.0 0.1 11.4 09:07 NNE
30 6.6 9.3 20:36 4.7 11:17 12.2 0.0 0.5 0.6 23.2 21:23 SSW
----------------------------------------------------------------------------------
8.8 16.8 9 -0.7 4 284.8 0.0 54.7 1.0 34.7 1 SW
Max >= 25.0: 0
Max <= 0.0: 0
Min <= 0.0: 3
Min <= -5.0: 0
Max Rain: 21.2 on day 15
Days of Rain: 17 (>= 0.2 mm) 6 (>= 2.0 mm) 1 (>= 20.0 mm)
Heat Base: 18.3 Cool Base: 18.3 Method: Integration