Select a Year or Month report
Report for 2020 Sep
Monthly Climatological Summary for Sep 2020
Name: Reigate Weather City: Reigate State: Surrey, United Kingdom
Elevation: 71 m Lat: N 51° 14' 04" Lon: W 000° 12' 00"
Temperature (°C), Rain (mm), Wind Speed (mph)
Heat Cool Avg
Mean Deg Deg Wind Dom
Day Temp High Time Low Time Days Days Rain Speed High Time Dir
----------------------------------------------------------------------------------
1 14.0 23.5 16:19 5.8 05:53 5.2 0.9 0.0 0.2 10.1 16:14 S
2 14.1 20.4 11:59 8.0 06:49 4.4 0.3 1.0 0.9 15.3 14:26 SSW
3 17.6 21.0 15:21 14.5 23:58 1.1 0.4 1.0 2.7 24.3 15:48 SW
4 14.9 20.4 13:10 9.6 05:57 3.6 0.1 0.0 0.6 14.6 13:22 SSW
5 14.3 21.0 17:27 9.9 05:51 4.2 0.2 0.0 0.7 14.6 12:24 S
6 14.5 21.4 17:49 8.9 03:23 4.2 0.4 0.0 0.4 11.4 14:40 SSW
7 14.7 21.1 16:21 8.0 05:58 4.0 0.4 0.0 1.1 21.2 14:57 SW
8 19.6 24.6 16:04 15.5 06:01 0.9 2.1 0.0 0.9 12.8 10:34 SSW
9 17.7 23.6 15:43 13.5 06:10 1.7 1.0 0.0 0.4 14.6 12:37 SSW
10 14.9 23.6 15:16 9.8 04:13 4.2 0.7 0.0 0.2 8.0 13:54 E
11 13.2 21.8 15:11 6.5 06:25 5.8 0.5 0.0 0.7 16.6 12:54 SW
12 14.7 22.6 16:32 7.8 03:39 4.6 0.9 0.0 0.7 17.0 12:55 SSW
13 18.0 27.2 15:31 12.1 01:07 2.5 2.2 0.0 0.9 22.9 14:14 SW
14 18.7 31.4 15:05 9.3 06:36 3.5 3.9 0.0 0.1 8.0 14:46 SW
15 21.3 32.1 14:29 12.9 06:35 1.5 4.5 0.0 0.1 10.7 16:03 SSW
16 21.0 27.4 15:10 16.5 23:53 0.1 2.9 0.0 0.3 11.8 13:19 NNW
17 16.4 23.3 15:18 12.3 23:43 2.9 1.0 0.0 0.9 18.4 15:54 W
18 15.4 23.1 14:21 10.1 06:43 3.7 0.8 0.0 1.1 18.0 10:52 W
19 17.3 24.2 14:40 12.8 04:22 2.2 1.3 0.0 1.5 17.0 10:49 W
20 18.1 26.4 14:49 13.2 05:47 2.1 1.9 0.0 0.7 14.9 12:56 WNW
21 17.9 27.4 15:07 13.1 04:34 2.5 2.1 0.0 0.1 8.0 12:08 NE
22 16.8 26.2 14:27 10.2 07:00 3.0 1.5 0.0 1.1 20.1 15:49 SW
23 15.1 17.8 11:17 8.9 23:52 3.2 0.0 3.6 0.7 18.7 15:10 SW
24 10.0 17.2 13:01 6.1 23:20 8.3 0.0 8.3 0.5 21.2 13:22 SW
25 9.7 14.2 17:32 5.9 05:16 8.6 0.0 1.6 1.1 25.3 15:25 ESE
26 9.4 14.0 13:05 5.8 07:16 8.9 0.0 0.0 0.9 21.8 16:22 ENE
27 11.2 13.9 11:30 9.6 05:40 7.1 0.0 0.0 1.3 23.2 11:35 ENE
28 13.2 20.2 14:17 8.5 07:55 5.2 0.1 0.0 0.3 10.7 02:12 S
29 15.6 20.8 14:54 11.9 23:53 2.9 0.2 1.6 0.1 11.8 13:32 SSW
30 12.6 16.8 12:35 7.4 06:46 5.7 0.0 10.9 0.5 24.3 15:20 SW
----------------------------------------------------------------------------------
15.4 32.1 15 5.8 1 117.8 30.3 28.0 0.7 25.3 25 SW
Max >= 25.0: 7
Max <= 0.0: 0
Min <= 0.0: 0
Min <= -5.0: 0
Max Rain: 10.9 on day 30
Days of Rain: 7 (>= 0.2 mm) 3 (>= 2.0 mm) 0 (>= 20.0 mm)
Heat Base: 18.3 Cool Base: 18.3 Method: Integration