Select a Year or Month report
Report for 2020 Aug
Monthly Climatological Summary for Aug 2020
Name: Reigate Weather City: Reigate State: Surrey, United Kingdom
Elevation: 71 m Lat: N 51° 14' 04" Lon: W 000° 12' 00"
Temperature (°C), Rain (mm), Wind Speed (mph)
Heat Cool Avg
Mean Deg Deg Wind Dom
Day Temp High Time Low Time Days Days Rain Speed High Time Dir
----------------------------------------------------------------------------------
1 20.5 25.5 16:38 15.8 06:35 0.3 2.6 0.0 1.4 16.3 17:03 SW
2 17.8 25.4 13:48 11.2 06:06 2.0 1.5 0.0 1.2 15.9 10:32 SSW
3 18.9 26.6 16:25 13.8 05:58 1.5 2.1 0.0 0.7 13.9 07:00 ESE
4 17.3 24.8 15:12 10.4 05:51 2.6 1.6 0.0 1.8 20.1 11:51 SW
5 20.1 26.9 14:59 14.5 00:36 1.1 2.9 0.0 2.3 29.5 13:35 SW
6 22.9 32.3 17:08 18.1 02:18 0.0 4.6 0.0 0.9 16.3 15:51 SW
7 24.7 38.6 15:14 13.9 05:47 0.9 7.3 0.0 0.4 14.2 15:43 SW
8 25.9 35.1 14:18 19.5 04:17 0.0 7.6 0.0 0.2 12.5 23:17 N
9 24.9 35.8 16:27 17.4 05:59 0.1 6.7 0.0 0.5 11.1 10:40 WNW
10 27.1 37.3 16:06 19.4 06:14 0.0 8.8 0.0 0.5 14.2 16:22 SW
11 28.0 37.3 14:39 19.8 05:54 0.0 9.7 0.0 0.1 19.8 12:56 SW
12 27.5 37.6 14:04 19.6 06:26 0.0 9.2 0.0 0.4 10.4 15:32 SW
13 23.1 31.9 13:09 18.9 23:52 0.0 5.0 18.6 0.0 2.4 02:06 NNE
14 19.1 21.0 15:39 17.6 05:56 0.1 1.0 0.0 0.0 0.0 00:00 ---
15 19.0 21.5 16:05 17.4 23:56 0.1 0.8 0.5 0.0 0.0 00:00 ---
16 19.1 24.1 17:42 15.1 23:54 0.5 1.3 2.1 0.0 0.0 00:00 ---
17 18.1 23.3 17:44 14.2 01:31 1.4 1.1 1.6 0.6 17.0 17:44 SW
18 18.8 25.3 17:01 15.1 06:58 1.0 1.6 0.5 1.2 18.4 12:45 SW
19 17.4 19.5 23:02 14.6 02:49 1.2 0.2 12.9 0.3 13.2 14:45 SSW
20 19.8 26.2 15:28 15.1 06:46 0.6 2.1 0.5 1.4 22.9 12:56 SW
21 19.1 22.2 13:01 17.1 00:00 0.2 1.0 0.0 5.0 39.5 10:22 SW
22 18.0 22.5 13:09 15.2 23:58 1.2 0.9 0.5 3.9 28.4 16:04 SW
23 17.0 22.4 14:26 13.8 06:16 2.0 0.7 0.0 2.0 22.2 12:53 SW
24 17.0 23.4 16:56 12.3 02:47 2.2 0.9 0.0 1.3 16.3 16:24 SW
25 16.9 20.3 16:49 14.9 08:08 1.7 0.3 7.3 4.7 37.8 16:24 SW
26 17.7 24.1 15:53 12.6 23:55 1.7 1.1 0.0 2.6 25.3 00:23 SSW
27 14.7 18.1 10:57 11.8 05:27 3.5 0.0 5.7 0.5 13.9 13:14 SW
28 14.4 20.4 13:28 10.9 23:43 4.2 0.1 7.8 0.7 13.5 23:39 S
29 12.2 16.2 14:00 10.8 00:27 6.3 0.0 5.2 0.8 19.8 09:09 E
30 13.4 18.3 17:31 10.9 23:27 5.0 0.0 0.0 1.0 21.2 09:41 NE
31 12.8 20.1 17:53 6.4 06:28 5.6 0.1 0.0 0.2 7.6 12:40 ENE
----------------------------------------------------------------------------------
19.5 38.6 7 6.4 31 47.0 82.8 63.2 1.2 39.5 21 SSW
Max >= 25.0: 14
Max <= 0.0: 0
Min <= 0.0: 0
Min <= -5.0: 0
Max Rain: 18.6 on day 13
Days of Rain: 12 (>= 0.2 mm) 7 (>= 2.0 mm) 0 (>= 20.0 mm)
Heat Base: 18.3 Cool Base: 18.3 Method: Integration