Select a Year or Month report
Report for 2020 Jul
Monthly Climatological Summary for Jul 2020
Name: Reigate Weather City: Reigate State: Surrey, United Kingdom
Elevation: 71 m Lat: N 51° 14' 04" Lon: W 000° 12' 00"
Temperature (°C), Rain (mm), Wind Speed (mph)
Heat Cool Avg
Mean Deg Deg Wind Dom
Day Temp High Time Low Time Days Days Rain Speed High Time Dir
----------------------------------------------------------------------------------
1 16.6 21.4 14:18 13.1 05:10 2.1 0.3 0.5 2.1 28.1 13:50 SW
2 15.7 20.2 13:12 11.3 04:37 2.7 0.1 2.6 0.9 16.3 13:26 SSW
3 15.6 20.5 15:45 11.4 05:54 3.0 0.3 0.5 4.0 35.4 17:27 SW
4 16.4 18.6 14:55 14.6 00:00 1.9 0.0 0.0 4.5 30.5 13:42 SW
5 17.9 23.6 15:05 12.9 23:58 1.5 1.1 0.0 4.6 29.8 07:56 SW
6 15.6 21.8 16:11 10.6 05:16 3.1 0.4 0.0 1.4 20.1 07:50 S
7 15.6 20.1 13:16 9.4 04:35 3.0 0.4 0.0 1.5 21.5 14:08 SW
8 16.7 19.9 16:17 14.3 05:41 1.8 0.2 7.8 0.7 13.9 15:47 SW
9 16.7 18.5 13:26 15.1 06:10 1.6 0.0 1.5 2.5 21.2 14:26 SW
10 15.4 20.9 13:40 11.2 23:50 3.1 0.2 1.0 1.0 16.3 11:55 SE
11 15.7 23.8 17:44 9.1 06:07 3.5 0.9 0.0 0.5 16.3 13:44 E
12 17.0 27.3 17:35 8.1 05:42 3.5 2.2 0.0 0.4 10.4 20:12 SSW
13 18.3 28.3 17:14 9.1 05:29 2.7 2.7 0.0 1.3 22.5 12:50 SSW
14 18.2 22.9 16:28 15.3 03:02 1.2 1.0 3.1 0.2 11.1 18:56 SSE
15 16.3 19.3 14:11 13.1 05:14 2.0 0.0 0.0 0.4 14.2 09:06 SSW
16 18.8 26.6 17:03 14.0 00:03 1.3 1.9 0.0 0.6 12.5 14:00 ESE
17 21.9 30.6 17:18 16.3 05:23 0.4 4.1 0.0 0.6 14.2 14:50 SSW
18 20.0 29.4 17:22 13.4 06:09 1.4 3.2 0.0 1.1 18.7 10:35 SSW
19 17.4 21.9 15:59 13.1 23:52 1.2 0.3 0.0 0.2 13.9 09:35 ENE
20 17.5 27.2 17:07 9.8 05:27 2.9 2.1 0.0 0.4 9.7 08:44 ENE
21 17.2 26.9 16:45 8.9 05:46 3.3 2.2 0.0 0.4 10.7 12:28 E
22 18.6 26.3 17:25 12.7 01:46 2.0 2.3 0.0 0.9 17.7 18:27 SSW
23 18.2 26.4 14:10 10.6 05:26 2.1 2.0 0.0 1.7 21.2 16:49 SW
24 19.3 24.4 13:29 15.6 03:17 0.9 1.9 0.0 1.2 23.2 15:10 SW
25 17.1 19.4 13:08 14.4 23:55 1.3 0.1 9.8 1.6 17.0 11:26 SW
26 16.6 22.6 14:10 11.9 04:23 2.4 0.7 0.0 1.7 23.2 16:17 SW
27 16.8 19.3 11:26 15.3 04:24 1.5 0.1 2.6 2.1 25.0 16:22 SW
28 16.3 22.4 17:29 10.9 05:45 2.6 0.6 0.0 1.4 20.5 15:51 SSW
29 17.0 26.6 16:35 7.9 05:35 3.5 2.2 0.0 1.0 17.7 14:34 SSW
30 20.6 31.9 16:19 11.1 06:27 2.1 4.4 0.0 0.5 11.8 13:30 SW
31 24.7 37.2 14:33 16.9 05:34 0.2 6.6 0.0 1.2 30.2 14:49 SW
----------------------------------------------------------------------------------
17.6 37.2 31 7.9 29 65.8 44.5 29.4 1.4 35.4 3 SSW
Max >= 25.0: 12
Max <= 0.0: 0
Min <= 0.0: 0
Min <= -5.0: 0
Max Rain: 9.8 on day 25
Days of Rain: 9 (>= 0.2 mm) 5 (>= 2.0 mm) 0 (>= 20.0 mm)
Heat Base: 18.3 Cool Base: 18.3 Method: Integration