Select a Year or Month report
Report for 2020 Jun
Monthly Climatological Summary for Jun 2020
Name: Reigate Weather City: Reigate State: Surrey, United Kingdom
Elevation: 71 m Lat: N 51° 14' 04" Lon: W 000° 12' 00"
Temperature (°C), Rain (mm), Wind Speed (mph)
Heat Cool Avg
Mean Deg Deg Wind Dom
Day Temp High Time Low Time Days Days Rain Speed High Time Dir
----------------------------------------------------------------------------------
1 19.1 29.3 15:24 11.2 05:09 2.4 3.2 0.0 0.7 13.2 11:06 W
2 19.7 29.1 14:19 11.6 05:33 2.0 3.4 0.0 0.3 14.2 17:13 SE
3 15.8 20.8 11:37 11.6 04:12 2.8 0.3 0.0 0.3 20.8 20:14 NNE
4 12.9 19.3 13:51 10.1 06:11 5.4 0.0 0.0 0.5 18.4 16:05 ENE
5 13.4 20.1 16:16 10.2 01:44 5.0 0.0 0.0 1.2 18.4 09:15 SE
6 10.3 13.4 12:54 6.9 05:38 8.0 0.0 7.3 2.5 27.7 09:36 SW
7 13.1 20.3 14:13 7.0 04:53 5.4 0.1 0.0 0.3 12.1 17:23 SE
8 13.3 17.4 16:27 10.4 05:31 5.0 0.0 0.0 0.5 10.4 08:34 NE
9 14.8 22.7 16:06 9.6 05:05 3.9 0.4 0.0 0.0 1.7 17:25 ---
10 12.6 14.6 11:22 10.3 22:33 5.7 0.0 6.2 0.2 9.4 12:47 SSW
11 14.6 21.2 15:41 10.0 01:40 4.0 0.2 0.5 0.9 15.3 15:53 WSW
12 15.8 20.4 11:55 13.1 02:24 2.7 0.1 0.5 1.0 15.9 10:21 W
13 18.3 25.9 16:34 12.2 06:01 2.0 2.0 0.0 1.3 19.1 15:00 SW
14 17.1 22.5 17:15 12.4 05:43 1.9 0.8 0.0 0.7 20.1 17:32 SSW
15 16.5 25.1 15:15 10.1 05:00 3.4 1.6 11.4 0.0 1.4 09:15 E
16 16.7 23.4 14:27 11.8 04:16 2.3 0.8 3.6 0.1 9.4 15:20 SSW
17 16.8 23.4 12:39 11.1 03:46 2.3 0.9 1.0 0.1 8.0 12:25 SSW
18 15.9 20.9 16:01 13.6 23:39 2.6 0.2 14.0 0.9 15.3 15:19 SW
19 15.0 18.4 15:54 12.7 23:57 3.4 0.0 0.5 2.0 25.7 15:48 SW
20 16.0 23.3 16:38 10.4 04:09 3.0 0.7 0.0 1.1 14.9 17:45 SSW
21 17.3 23.1 14:32 12.8 23:57 2.0 1.0 1.6 2.3 22.2 14:14 SW
22 16.4 24.4 16:00 8.5 05:16 3.4 1.5 0.0 1.9 18.7 13:47 SSW
23 20.4 30.1 16:20 10.8 05:24 2.2 4.3 0.0 0.5 15.3 15:44 SW
24 24.3 34.2 16:05 15.9 05:50 0.4 6.4 0.0 0.5 10.7 16:03 WSW
25 25.9 35.2 15:57 18.2 05:35 0.0 7.6 0.0 0.3 13.5 17:25 SW
26 22.5 31.1 14:00 15.3 23:39 0.3 4.4 1.0 1.2 17.0 16:11 SW
27 16.0 18.2 13:27 14.1 23:53 2.3 0.0 5.2 2.9 28.4 18:01 SW
28 15.4 20.4 15:15 10.4 05:09 3.2 0.3 0.5 4.5 35.4 15:02 SW
29 15.1 19.9 15:51 11.3 05:46 3.3 0.1 0.0 4.4 29.1 12:53 SW
30 14.9 17.1 12:43 11.6 03:52 3.4 0.0 3.1 1.4 19.1 15:11 SW
----------------------------------------------------------------------------------
16.5 35.2 25 6.9 6 93.7 40.3 56.4 1.2 35.4 28 SW
Max >= 25.0: 8
Max <= 0.0: 0
Min <= 0.0: 0
Min <= -5.0: 0
Max Rain: 14.0 on day 18
Days of Rain: 14 (>= 0.2 mm) 7 (>= 2.0 mm) 0 (>= 20.0 mm)
Heat Base: 18.3 Cool Base: 18.3 Method: Integration