Select a Year or Month report
Report for 2020 May
Monthly Climatological Summary for May 2020
Name: Reigate Weather City: Reigate State: Surrey, United Kingdom
Elevation: 71 m Lat: N 51° 14' 04" Lon: W 000° 12' 00"
Temperature (°C), Rain (mm), Wind Speed (mph)
Heat Cool Avg
Mean Deg Deg Wind Dom
Day Temp High Time Low Time Days Days Rain Speed High Time Dir
----------------------------------------------------------------------------------
1 10.4 16.4 12:40 6.4 00:00 7.9 0.0 1.0 1.8 18.0 16:53 SSW
2 11.4 19.5 17:16 5.6 06:22 7.3 0.0 0.0 0.6 12.8 16:28 SSW
3 11.1 15.6 13:07 6.9 00:46 7.2 0.0 0.0 0.1 6.2 09:00 SW
4 13.1 20.4 15:28 8.3 23:46 5.4 0.2 0.0 0.9 13.2 11:30 W
5 11.2 17.6 14:38 6.8 23:58 7.1 0.0 0.0 2.0 15.6 04:14 W
6 12.5 22.3 16:23 4.9 05:52 6.4 0.6 0.0 0.5 9.0 14:09 WSW
7 14.6 25.3 15:26 4.5 05:44 5.3 1.7 0.0 0.6 14.2 11:59 SW
8 16.8 28.1 15:55 7.3 05:21 4.1 2.5 0.0 0.2 10.7 14:28 SSW
9 17.6 27.1 16:09 8.0 05:38 3.6 2.9 0.0 0.4 10.7 09:57 W
10 13.1 21.9 10:57 6.0 23:57 5.5 0.3 0.0 1.7 22.2 14:42 N
11 8.5 14.4 16:27 4.1 05:08 9.8 0.0 0.0 2.8 20.8 12:38 NNW
12 9.7 19.8 14:57 1.2 06:07 8.6 0.0 0.0 0.4 10.1 16:08 S
13 9.4 15.9 16:37 5.2 23:57 9.1 0.0 0.0 1.1 14.9 15:38 NNW
14 9.0 17.0 16:07 2.9 05:50 9.0 0.0 0.0 0.7 12.8 08:41 NW
15 11.3 22.2 15:58 1.5 06:07 7.9 0.7 0.0 0.5 12.8 14:51 SSW
16 13.0 21.1 15:10 5.3 02:38 5.5 0.2 0.0 0.5 14.9 14:54 SSE
17 14.3 22.6 16:43 6.3 05:38 4.7 0.7 0.0 0.9 14.6 15:09 SSW
18 17.0 26.4 16:43 9.3 05:18 3.4 2.1 0.0 1.2 18.7 15:00 SSW
19 19.0 29.6 16:40 10.9 04:26 2.5 3.2 0.0 0.8 12.5 14:27 SSW
20 19.9 29.6 16:39 11.5 05:46 2.0 3.6 0.0 0.6 16.3 15:36 SW
21 20.7 31.3 15:58 12.6 03:33 1.7 4.1 0.0 0.5 21.2 16:07 SSW
22 17.6 22.9 15:27 12.1 23:53 1.6 0.8 0.0 3.4 29.1 14:32 SW
23 14.3 19.6 14:12 10.2 05:40 4.0 0.1 0.0 3.5 32.2 17:19 SSW
24 16.1 23.7 17:26 9.6 04:25 3.5 1.3 0.0 1.3 21.8 14:09 S
25 18.3 28.4 14:50 9.3 05:31 2.8 2.9 0.0 0.7 13.9 16:25 SSW
26 19.9 30.4 16:36 9.9 04:38 2.4 4.0 0.0 0.2 11.4 11:56 S
27 19.1 26.4 11:37 11.5 05:30 1.8 2.6 0.0 0.1 8.0 19:24 SW
28 16.8 25.4 14:34 10.8 05:34 3.2 1.7 0.0 0.7 10.7 13:51 W
29 17.2 26.0 15:32 10.9 02:26 3.2 2.1 0.0 0.6 11.4 15:43 WSW
30 18.2 26.5 13:49 10.1 04:30 2.9 2.8 0.0 0.4 12.8 14:03 W
31 18.3 27.1 14:44 11.9 05:36 2.4 2.4 0.0 1.3 16.6 17:41 W
----------------------------------------------------------------------------------
14.8 31.3 21 1.2 12 151.8 43.5 1.0 1.0 32.2 23 SW
Max >= 25.0: 14
Max <= 0.0: 0
Min <= 0.0: 0
Min <= -5.0: 0
Max Rain: 1.0 on day 1
Days of Rain: 1 (>= 0.2 mm) 0 (>= 2.0 mm) 0 (>= 20.0 mm)
Heat Base: 18.3 Cool Base: 18.3 Method: Integration