Select a Year or Month report
Report for 2020 Apr
Monthly Climatological Summary for Apr 2020
Name: Reigate Weather City: Reigate State: Surrey, United Kingdom
Elevation: 71 m Lat: N 51° 14' 04" Lon: W 000° 12' 00"
Temperature (°C), Rain (mm), Wind Speed (mph)
Heat Cool Avg
Mean Deg Deg Wind Dom
Day Temp High Time Low Time Days Days Rain Speed High Time Dir
----------------------------------------------------------------------------------
1 4.7 13.3 12:35 -2.1 06:06 13.6 0.0 0.0 0.3 12.1 15:43 NNE
2 8.9 13.5 16:18 5.2 06:13 9.4 0.0 0.0 0.9 15.9 15:18 S
3 9.5 16.6 16:43 4.2 23:54 8.8 0.0 0.0 0.5 12.8 14:24 SSW
4 9.9 19.3 16:01 1.2 05:19 8.5 0.0 0.0 0.7 14.6 14:00 SW
5 13.6 23.3 17:12 6.1 05:19 5.7 1.0 0.0 1.4 16.6 18:07 SW
6 13.3 18.7 14:28 6.4 23:57 5.0 0.0 0.0 1.0 17.3 13:19 SSW
7 11.7 22.8 16:04 2.4 06:54 7.3 0.7 0.0 0.4 7.3 09:49 SW
8 15.6 26.3 17:06 8.3 00:32 4.1 1.5 0.0 0.2 7.3 12:14 NW
9 15.8 27.1 15:14 6.9 05:34 4.5 2.0 0.0 0.6 11.1 12:13 WSW
10 16.8 26.8 16:04 10.3 01:45 3.6 2.2 0.0 0.7 8.7 15:10 WSW
11 17.0 27.9 13:32 8.4 06:03 3.8 2.4 0.0 0.5 12.8 16:58 SW
12 16.3 26.0 16:06 7.5 06:25 4.1 2.1 0.0 0.6 15.3 14:23 SSW
13 9.7 14.9 00:00 4.8 22:40 8.6 0.0 0.0 2.2 19.1 03:56 NW
14 8.4 17.2 15:49 2.1 06:34 9.9 0.0 0.0 0.4 11.8 12:14 WSW
15 10.5 22.4 15:37 0.8 05:48 8.3 0.6 0.0 0.4 11.4 12:35 SW
16 12.6 23.3 16:59 2.4 06:07 6.4 0.6 0.0 0.1 6.2 23:47 SW
17 10.0 13.8 11:55 7.6 23:33 8.4 0.0 1.0 0.9 13.2 17:46 WNW
18 9.9 16.8 17:23 6.5 23:59 8.5 0.0 4.7 0.2 9.0 17:39 NNW
19 11.7 21.5 14:59 4.4 02:40 6.9 0.4 0.0 0.9 15.9 12:26 NW
20 11.8 19.9 15:01 4.2 00:14 6.8 0.1 0.0 2.4 20.8 12:13 NW
21 13.3 19.8 15:15 7.8 06:11 5.1 0.1 0.0 2.1 26.0 16:21 NW
22 14.5 23.1 14:51 7.5 06:22 4.9 1.1 0.0 1.3 17.7 16:27 NW
23 16.4 28.7 16:07 7.8 05:28 4.5 2.6 0.0 0.3 14.2 11:23 W
24 15.2 25.9 14:04 5.8 05:58 5.0 1.9 0.0 0.2 9.0 18:55 WSW
25 12.9 22.6 15:40 6.4 04:30 6.2 0.6 0.0 0.4 9.7 10:44 W
26 12.7 24.8 16:23 2.8 06:02 6.9 1.2 0.0 0.2 12.8 18:17 SSW
27 13.2 24.3 15:57 4.4 06:07 5.8 0.7 0.0 0.2 8.7 13:13 SW
28 8.9 10.2 00:00 8.1 10:01 9.4 0.0 21.2 0.3 9.0 11:09 W
29 9.9 12.9 11:24 7.8 05:23 8.4 0.0 3.1 1.1 20.5 17:37 SSW
30 8.6 14.1 14:09 4.9 04:55 9.7 0.0 6.2 1.9 29.1 14:06 SSW
----------------------------------------------------------------------------------
12.1 28.7 23 -2.1 1 208.1 21.8 36.2 0.8 29.1 30 W
Max >= 25.0: 7
Max <= 0.0: 0
Min <= 0.0: 1
Min <= -5.0: 0
Max Rain: 21.2 on day 28
Days of Rain: 5 (>= 0.2 mm) 4 (>= 2.0 mm) 1 (>= 20.0 mm)
Heat Base: 18.3 Cool Base: 18.3 Method: Integration