Select a Year or Month report
Report for 2020 Mar
Monthly Climatological Summary for Mar 2020
Name: Reigate Weather City: Reigate State: Surrey, United Kingdom
Elevation: 71 m Lat: N 51° 14' 04" Lon: W 000° 12' 00"
Temperature (°C), Rain (mm), Wind Speed (mph)
Heat Cool Avg
Mean Deg Deg Wind Dom
Day Temp High Time Low Time Days Days Rain Speed High Time Dir
----------------------------------------------------------------------------------
1 6.2 11.4 13:14 3.6 06:41 12.1 0.0 0.0 3.6 27.4 12:24 SW
2 5.5 10.4 13:06 -0.2 23:53 12.8 0.0 2.6 0.8 16.6 13:20 SSE
3 3.1 9.5 16:34 -1.8 06:31 15.2 0.0 0.5 0.7 14.9 12:27 SSW
4 3.7 8.8 12:14 -1.1 02:54 14.6 0.0 5.2 0.4 9.7 12:51 WSW
5 5.1 6.1 11:30 4.1 23:05 13.2 0.0 21.8 1.6 31.6 18:30 N
6 4.6 9.8 13:15 -0.6 23:49 13.7 0.0 0.0 0.5 15.6 08:53 E
7 5.8 11.5 14:14 -1.1 02:29 12.5 0.0 0.0 2.6 23.2 16:24 SSW
8 8.6 12.1 11:24 5.1 23:52 9.7 0.0 2.6 4.1 30.5 02:39 SW
9 7.0 11.4 13:23 2.9 07:08 11.3 0.0 5.2 2.8 21.2 19:25 SSW
10 11.2 12.9 15:18 9.8 00:00 7.1 0.0 2.1 3.9 24.6 02:06 SW
11 10.6 14.1 12:13 8.4 06:06 7.7 0.0 1.0 4.0 34.3 21:13 SW
12 6.9 11.0 13:37 3.4 06:46 11.1 0.0 0.5 5.4 28.4 11:30 SSW
13 7.8 12.6 14:45 5.1 06:11 10.8 0.0 0.0 2.0 21.2 17:35 SW
14 8.6 11.9 16:17 6.3 00:00 9.7 0.0 5.2 2.2 21.2 22:23 SSW
15 8.8 10.9 14:26 6.4 23:34 9.5 0.0 0.5 3.2 33.3 12:49 SSW
16 7.4 15.2 14:08 1.6 23:52 10.9 0.0 0.0 0.6 13.2 11:59 S
17 7.3 12.4 15:00 0.5 02:41 11.0 0.0 0.0 2.0 19.1 11:45 SSW
18 10.8 15.6 14:32 8.9 00:10 7.5 0.0 0.0 2.3 24.6 13:04 SSW
19 7.7 9.4 00:00 6.5 23:34 10.6 0.0 1.0 0.8 14.6 23:09 NNW
20 6.8 9.8 12:51 4.5 23:35 11.5 0.0 0.0 2.3 26.0 18:44 NNW
21 6.9 12.1 12:12 4.1 05:08 11.4 0.0 0.0 2.3 25.0 15:07 WNW
22 6.9 13.2 14:01 3.1 05:56 11.4 0.0 0.0 1.5 19.1 14:51 NW
23 6.7 14.6 14:50 1.3 06:07 11.5 0.0 0.0 0.7 14.9 12:41 WSW
24 7.6 17.8 16:07 0.6 06:18 10.7 0.0 0.0 0.5 13.9 13:04 SW
25 6.9 17.8 15:04 -0.6 06:36 11.4 0.0 0.0 0.3 18.0 15:45 WSW
26 6.8 15.0 14:11 1.3 04:34 11.5 0.0 0.0 1.0 18.0 10:39 NNW
27 8.1 16.9 14:55 1.8 05:10 10.2 0.0 0.0 1.1 20.8 11:53 N
28 7.4 14.7 12:29 3.9 04:49 10.9 0.0 0.0 2.9 32.6 14:16 N
29 5.1 9.8 12:32 1.7 23:59 12.7 0.0 0.5 3.2 30.5 11:35 N
30 5.3 10.8 13:45 1.3 06:33 13.0 0.0 0.5 0.8 19.4 22:20 NNE
31 6.1 13.3 13:35 0.1 23:56 12.2 0.0 0.0 1.0 16.6 13:44 NNW
----------------------------------------------------------------------------------
7.0 17.8 24 -1.8 3 349.4 0.0 49.2 2.0 34.3 11 SW
Max >= 25.0: 0
Max <= 0.0: 0
Min <= 0.0: 6
Min <= -5.0: 0
Max Rain: 21.8 on day 5
Days of Rain: 14 (>= 0.2 mm) 7 (>= 2.0 mm) 1 (>= 20.0 mm)
Heat Base: 18.3 Cool Base: 18.3 Method: Integration