Select a Year or Month report
Report for 2020 Feb
Monthly Climatological Summary for Feb 2020
Name: Reigate Weather City: Reigate State: Surrey, United Kingdom
Elevation: 71 m Lat: N 51° 14' 04" Lon: W 000° 12' 00"
Temperature (°C), Rain (mm), Wind Speed (mph)
Heat Cool Avg
Mean Deg Deg Wind Dom
Day Temp High Time Low Time Days Days Rain Speed High Time Dir
----------------------------------------------------------------------------------
1 9.0 11.9 13:52 5.3 23:39 9.2 0.0 0.0 3.1 28.8 11:46 SSW
2 9.6 12.8 13:12 5.3 00:00 8.7 0.0 8.8 2.5 25.0 13:40 SSW
3 8.5 11.0 12:18 4.5 23:57 9.8 0.0 0.5 2.8 22.5 04:38 SSW
4 6.3 8.8 12:31 3.6 02:08 12.0 0.0 0.0 2.7 24.6 03:43 SSE
5 3.8 9.1 13:35 0.2 23:47 14.5 0.0 0.0 0.1 5.9 14:01 SSW
6 2.7 11.8 14:36 -1.9 07:05 15.6 0.0 0.0 0.0 6.6 12:28 SW
7 5.0 9.3 13:34 -0.2 02:38 13.3 0.0 0.0 0.9 17.7 12:59 SW
8 8.5 11.6 14:19 6.4 19:35 9.8 0.0 3.1 2.0 21.2 14:01 SSW
9 9.4 11.8 15:47 7.8 00:00 8.9 0.0 7.3 8.8 43.0 09:36 SW
10 6.0 9.1 12:58 3.6 19:20 12.3 0.0 2.1 6.4 33.6 02:55 SSW
11 4.5 8.2 13:51 2.9 03:26 13.8 0.0 0.0 4.9 35.0 13:09 SSW
12 4.8 9.4 13:49 0.9 05:32 13.5 0.0 3.6 2.1 26.7 12:47 SSW
13 6.4 8.9 15:49 4.4 07:53 12.0 0.0 16.6 2.2 26.0 05:21 SSW
14 6.0 10.6 13:21 -0.5 07:21 12.3 0.0 0.0 2.1 10.4 13:21 SSW
15 10.6 11.4 11:21 9.4 00:21 7.9 0.0 6.7 7.8 33.6 20:33 SSW
16 8.8 11.9 06:53 3.8 21:18 9.5 0.0 20.2 6.6 38.8 04:57 SW
17 6.7 10.1 14:00 4.6 23:29 11.6 0.0 1.5 4.3 30.5 04:54 SW
18 6.1 10.5 13:48 3.4 04:52 12.2 0.0 1.0 3.7 29.8 17:25 SW
19 5.7 8.6 19:48 1.9 06:42 12.6 0.0 0.5 2.2 21.8 21:35 SSW
20 6.7 9.1 13:28 2.5 23:14 11.6 0.0 4.7 4.4 31.9 13:24 SSW
21 6.5 9.7 14:23 0.4 05:10 11.8 0.0 0.0 4.7 34.3 22:13 SW
22 10.2 13.6 13:54 8.7 01:18 8.1 0.0 0.0 6.0 32.9 02:23 SW
23 10.0 14.9 12:56 6.1 22:02 8.3 0.0 0.5 4.8 34.3 05:01 SSW
24 8.5 10.4 18:08 5.9 01:53 10.2 0.0 6.7 4.2 32.9 10:45 SW
25 5.2 9.5 13:51 1.9 23:19 13.1 0.0 1.0 2.8 20.8 09:08 SSW
26 3.5 9.5 14:26 0.9 21:12 14.8 0.0 0.5 2.2 21.5 16:00 SSE
27 3.5 8.3 14:31 -0.1 22:17 14.8 0.0 8.8 1.1 25.3 13:40 E
28 5.1 10.3 16:45 -1.4 02:08 13.2 0.0 5.7 2.9 29.8 23:55 SW
29 6.9 10.0 00:37 4.1 18:30 11.4 0.0 6.2 5.6 39.9 15:28 SW
----------------------------------------------------------------------------------
6.7 14.9 23 -1.9 6 336.8 0.0 106.0 3.5 43.0 9 SSW
Max >= 25.0: 0
Max <= 0.0: 0
Min <= 0.0: 5
Min <= -5.0: 0
Max Rain: 20.2 on day 16
Days of Rain: 20 (>= 0.2 mm) 13 (>= 2.0 mm) 1 (>= 20.0 mm)
Heat Base: 18.3 Cool Base: 18.3 Method: Integration