Select a Year or Month report
Report for 2019 Dec
Monthly Climatological Summary for Dec 2019
Name: Reigate Weather City: Reigate State: Surrey, United Kingdom
Elevation: 71 m Lat: N 51° 14' 04" Lon: W 000° 12' 00"
Temperature (°C), Rain (mm), Wind Speed (mph)
Heat Cool Avg
Mean Deg Deg Wind Dom
Day Temp High Time Low Time Days Days Rain Speed High Time Dir
----------------------------------------------------------------------------------
1 3.9 8.2 13:52 1.3 23:42 14.4 0.0 0.5 0.7 18.0 23:57 N
2 1.3 7.0 14:18 -1.4 06:08 17.0 0.0 0.0 0.3 14.2 03:07 NW
3 2.2 9.4 13:57 -0.9 23:48 16.1 0.0 0.0 0.2 8.7 13:44 SSW
4 0.9 8.4 13:55 -2.1 23:49 17.4 0.0 0.0 0.0 3.5 12:14 SW
5 3.0 9.5 23:48 -2.9 05:00 15.3 0.0 0.0 1.5 26.7 23:14 SSW
6 10.1 12.1 14:29 6.8 23:45 8.2 0.0 3.1 4.0 26.7 05:41 SW
7 8.2 10.2 13:47 4.2 08:14 10.1 0.0 0.0 2.0 25.3 22:47 SW
8 8.5 10.9 05:31 5.9 20:55 9.8 0.0 2.6 4.5 32.6 06:50 SW
9 5.9 9.2 14:14 -1.0 23:55 12.4 0.0 0.5 2.9 28.4 08:42 SSW
10 5.4 10.7 20:19 -1.6 02:20 12.9 0.0 5.2 3.1 30.5 16:07 SSW
11 2.9 6.6 00:00 -0.1 07:32 15.9 0.0 0.5 0.2 12.8 15:32 SSW
12 4.1 8.1 13:42 -1.7 04:29 14.2 0.0 10.9 1.1 26.0 15:26 SW
13 6.3 8.2 13:21 5.4 19:18 12.4 0.0 5.2 3.0 31.6 13:39 SSW
14 5.7 8.5 21:54 3.8 07:20 12.6 0.0 8.3 3.2 31.2 23:33 SSW
15 6.7 9.3 14:06 4.3 05:54 11.6 0.0 0.5 3.4 23.9 12:41 SW
16 6.7 8.2 13:46 5.4 08:22 11.6 0.0 3.6 0.2 14.9 06:02 SW
17 5.8 7.1 12:07 2.6 23:57 12.5 0.0 5.7 0.1 11.8 07:11 N
18 5.2 9.5 22:49 -0.1 05:51 13.1 0.0 6.7 0.5 16.3 21:32 SW
19 10.6 12.3 19:02 8.2 23:55 7.7 0.0 11.4 2.4 23.2 05:17 SW
20 7.5 9.4 13:17 2.6 22:36 10.8 0.0 17.6 1.1 21.8 14:06 SW
21 7.7 9.0 12:32 5.6 00:00 10.6 0.0 15.5 0.9 21.2 05:57 SSW
22 6.9 9.2 14:13 3.6 20:40 11.4 0.0 1.6 0.8 16.3 09:10 SSW
23 6.9 10.1 13:24 5.3 01:28 11.4 0.0 0.0 1.6 24.6 12:25 SSW
24 8.7 11.5 13:31 7.0 00:00 9.6 0.0 1.0 1.1 20.1 10:38 SW
25 4.0 9.3 14:28 -0.4 21:20 14.3 0.0 0.0 0.1 13.2 01:21 ESE
26 6.5 9.4 15:14 0.4 00:00 11.8 0.0 6.2 1.1 22.2 15:37 SSW
27 6.3 8.3 13:03 4.1 18:03 12.0 0.0 0.0 0.3 16.6 00:22 NNE
28 6.4 8.2 13:57 3.9 03:50 11.9 0.0 0.0 0.1 12.1 22:21 SSW
29 5.9 9.2 13:26 0.9 23:57 12.4 0.0 0.0 0.3 11.8 01:49 SSW
30 5.3 10.2 14:25 0.3 01:57 13.0 0.0 0.0 0.2 9.4 11:26 SW
31 6.3 8.6 13:01 2.9 23:53 12.0 0.0 0.0 0.4 12.5 16:36 WSW
----------------------------------------------------------------------------------
5.9 12.3 19 -2.9 5 386.4 0.0 106.6 1.3 32.6 8 SSW
Max >= 25.0: 0
Max <= 0.0: 0
Min <= 0.0: 10
Min <= -5.0: 0
Max Rain: 17.6 on day 20
Days of Rain: 19 (>= 0.2 mm) 13 (>= 2.0 mm) 0 (>= 20.0 mm)
Heat Base: 18.3 Cool Base: 18.3 Method: Integration