Select a Year or Month report
Report for 2019 Nov
Monthly Climatological Summary for Nov 2019
Name: Reigate Weather City: Reigate State: Surrey, United Kingdom
Elevation: 71 m Lat: N 51° 14' 04" Lon: W 000° 12' 00"
Temperature (°C), Rain (mm), Wind Speed (mph)
Heat Cool Avg
Mean Deg Deg Wind Dom
Day Temp High Time Low Time Days Days Rain Speed High Time Dir
----------------------------------------------------------------------------------
1 12.6 14.6 12:06 8.3 00:00 5.7 0.0 4.1 1.4 22.2 22:40 SSW
2 10.8 13.1 00:00 8.1 23:57 7.6 0.0 7.8 4.0 32.2 09:21 SW
3 7.2 12.3 12:55 2.2 07:05 11.1 0.0 0.5 0.2 10.7 12:58 SW
4 7.6 11.3 12:22 4.9 20:38 10.7 0.0 5.7 0.0 4.9 04:10 SW
5 9.1 12.9 13:38 6.3 00:00 9.2 0.0 1.0 0.3 13.5 14:24 NNE
6 6.4 9.3 13:28 3.6 07:18 11.9 0.0 1.0 0.1 10.1 00:23 N
7 6.3 11.3 13:18 0.6 23:44 12.4 0.0 5.7 0.9 16.3 13:06 SW
8 3.4 7.3 15:02 -1.1 06:43 14.9 0.0 0.5 0.2 12.1 11:40 ESE
9 4.4 6.9 19:57 0.8 05:39 13.9 0.0 6.7 0.2 10.4 19:20 SW
10 6.1 11.8 13:49 2.7 20:13 12.2 0.0 0.5 0.1 10.1 11:17 N
11 5.9 9.2 12:32 0.8 23:29 12.4 0.0 3.1 0.8 17.7 06:23 S
12 4.9 8.1 12:31 0.8 00:00 13.4 0.0 1.0 1.2 20.1 13:11 SSW
13 5.2 8.5 13:33 1.5 05:22 13.0 0.0 3.1 0.2 10.1 00:01 SSW
14 4.7 8.1 13:26 1.8 07:26 13.6 0.0 9.3 0.0 0.0 00:26 ---
15 5.3 7.6 13:37 3.3 02:26 13.8 0.0 6.2 1.2 21.8 11:11 NNE
16 4.9 6.8 13:03 3.6 23:55 13.4 0.0 0.0 0.0 6.6 00:38 NE
17 3.8 7.9 12:54 0.6 21:04 14.5 0.0 0.0 0.0 9.0 14:50 NNE
18 4.7 9.2 13:46 -1.1 23:38 13.6 0.0 0.0 0.5 15.9 07:17 NNE
19 0.9 5.9 13:56 -2.9 06:14 17.4 0.0 0.0 0.0 2.1 13:11 W
20 3.9 7.3 13:26 0.1 01:13 14.4 0.0 0.0 0.5 10.4 15:19 WSW
21 4.7 7.1 23:40 3.3 08:08 13.6 0.0 1.0 0.4 9.7 15:17 W
22 7.2 8.6 13:39 5.2 08:15 11.2 0.0 6.2 0.1 7.3 11:31 WSW
23 8.6 10.4 15:08 4.7 23:17 10.0 0.0 2.6 0.2 5.9 17:18 WSW
24 9.0 10.5 14:55 5.4 00:00 9.3 0.0 0.0 0.2 10.7 10:54 SW
25 9.9 10.8 16:07 8.1 00:25 8.4 0.0 5.7 0.1 8.3 09:32 SW
26 10.3 12.3 14:45 8.1 19:38 8.0 0.0 5.7 0.7 17.3 09:59 SSW
27 9.5 10.8 13:08 8.3 23:49 8.8 0.0 13.0 0.2 11.8 07:12 SSW
28 8.1 9.3 12:27 5.9 23:24 10.2 0.0 0.5 0.6 15.3 00:41 SSW
29 3.7 8.9 14:15 -1.0 23:52 14.6 0.0 1.5 0.1 9.7 07:50 NNE
30 2.5 6.9 13:05 -1.4 01:22 15.8 0.0 0.0 0.2 9.7 17:11 W
----------------------------------------------------------------------------------
6.4 14.6 1 -2.9 19 359.0 0.0 92.4 0.5 32.2 2 SW
Max >= 25.0: 0
Max <= 0.0: 0
Min <= 0.0: 5
Min <= -5.0: 0
Max Rain: 13.0 on day 27
Days of Rain: 23 (>= 0.2 mm) 14 (>= 2.0 mm) 0 (>= 20.0 mm)
Heat Base: 18.3 Cool Base: 18.3 Method: Integration