Select a Year or Month report
Report for 2019 Sep
Monthly Climatological Summary for Sep 2019
Name: Reigate Weather City: Reigate State: Surrey, United Kingdom
Elevation: 71 m Lat: N 51° 14' 04" Lon: W 000° 12' 00"
Temperature (°C), Rain (mm), Wind Speed (mph)
Heat Cool Avg
Mean Deg Deg Wind Dom
Day Temp High Time Low Time Days Days Rain Speed High Time Dir
----------------------------------------------------------------------------------
1 15.0 21.9 12:45 10.8 06:06 3.9 0.6 0.0 0.4 14.9 16:15 SSE
2 14.4 23.4 14:54 6.5 06:36 4.5 0.6 0.0 1.0 18.0 14:03 SSW
3 16.6 20.6 14:53 13.9 06:32 2.1 0.3 0.0 0.7 22.2 13:42 SSW
4 16.7 21.7 15:08 13.1 23:46 2.1 0.6 4.7 2.1 26.4 12:34 SSW
5 14.4 20.1 13:56 8.9 23:58 4.1 0.2 0.0 0.7 14.2 08:49 ESE
6 12.2 17.3 17:23 6.9 03:29 6.1 0.0 0.0 0.9 20.5 15:13 SW
7 13.6 19.3 15:39 9.3 22:35 4.7 0.0 0.0 0.0 3.5 00:20 NNW
8 12.7 21.7 15:57 6.1 06:58 6.1 0.5 0.0 0.2 13.2 10:57 ESE
9 12.2 14.8 15:38 9.9 00:00 6.3 0.0 9.3 0.0 0.0 00:00 ---
10 14.5 21.2 13:29 9.3 07:13 4.0 0.2 0.0 0.0 0.0 00:00 ---
11 15.7 19.5 13:04 11.9 06:07 2.8 0.1 0.5 0.0 6.6 15:34 SSW
12 16.6 23.9 15:00 10.3 05:16 2.5 0.8 0.0 0.0 10.4 13:12 S
13 18.0 25.6 15:10 11.9 23:56 2.2 1.9 0.5 0.0 0.0 00:06 ---
14 15.6 27.3 15:07 7.1 06:59 4.7 2.1 0.0 0.0 6.2 15:35 WSW
15 17.1 28.8 15:14 7.3 06:42 4.0 2.8 0.0 0.4 9.7 08:57 S
16 16.7 20.4 12:24 14.1 01:22 1.9 0.3 0.0 0.0 0.0 00:00 ---
17 15.2 23.1 14:53 9.9 07:34 4.0 0.9 0.0 0.0 4.5 15:36 ---
18 13.3 22.9 14:25 6.1 06:42 5.8 0.9 0.0 0.0 0.0 00:00 ---
19 13.9 24.3 15:00 6.3 06:17 5.6 1.2 0.0 0.0 0.0 00:00 ---
20 14.9 24.4 15:26 8.4 06:12 4.4 1.1 0.0 0.0 4.5 18:47 ---
21 18.0 27.2 14:41 10.5 06:42 2.5 2.1 0.0 0.0 3.1 19:58 ---
22 16.9 20.5 10:47 12.9 23:37 1.5 0.1 3.1 0.2 10.7 14:52 SW
23 14.9 19.6 13:47 12.1 07:44 3.4 0.0 3.1 0.7 20.8 12:43 SW
24 16.2 20.6 15:06 14.3 20:35 2.2 0.2 23.8 1.5 23.2 14:31 SW
25 15.8 19.3 13:58 14.1 01:10 2.6 0.0 4.1 1.5 17.3 06:13 SW
26 16.3 20.4 13:31 13.1 23:34 2.1 0.1 2.6 2.9 27.4 07:16 SW
27 14.0 17.3 14:22 11.4 23:48 4.3 0.0 2.1 3.2 35.0 15:22 SW
28 14.2 21.3 13:57 9.6 04:42 4.2 0.2 2.1 2.6 28.1 12:37 SW
29 15.0 17.8 13:41 11.9 23:49 3.3 0.0 15.0 3.5 25.3 14:41 SSW
30 12.9 16.8 14:47 8.3 05:58 5.4 0.0 5.7 0.8 19.4 16:13 SW
----------------------------------------------------------------------------------
15.1 28.8 15 6.1 8 113.3 17.8 76.6 0.8 35.0 27 SSW
Max >= 25.0: 4
Max <= 0.0: 0
Min <= 0.0: 0
Min <= -5.0: 0
Max Rain: 23.8 on day 24
Days of Rain: 13 (>= 0.2 mm) 11 (>= 2.0 mm) 1 (>= 20.0 mm)
Heat Base: 18.3 Cool Base: 18.3 Method: Integration