Select a Year or Month report
Report for 2019 Aug
Monthly Climatological Summary for Aug 2019
Name: Reigate Weather City: Reigate State: Surrey, United Kingdom
Elevation: 71 m Lat: N 51° 14' 04" Lon: W 000° 12' 00"
Temperature (°C), Rain (mm), Wind Speed (mph)
Heat Cool Avg
Mean Deg Deg Wind Dom
Day Temp High Time Low Time Days Days Rain Speed High Time Dir
----------------------------------------------------------------------------------
1 18.3 26.6 17:15 10.9 05:08 2.1 2.1 0.0 0.3 9.4 14:39 S
2 20.5 27.8 16:09 15.3 04:47 0.6 2.8 0.0 0.2 8.7 12:17 NE
3 19.2 25.3 13:48 13.6 05:50 1.2 2.1 0.0 0.2 10.1 17:03 SW
4 19.7 26.6 14:48 14.6 02:34 1.0 2.4 0.0 0.7 13.5 15:01 SW
5 18.9 25.2 16:37 15.4 04:37 1.1 1.6 0.5 1.7 11.8 15:37 SW
6 18.1 22.9 15:37 14.2 04:37 1.5 1.3 0.0 2.8 12.5 17:37 SSW
7 17.1 22.9 14:37 12.7 06:37 1.9 0.8 3.1 1.6 9.4 14:37 SW
8 17.2 22.5 17:37 10.8 06:37 2.4 1.4 0.5 0.2 2.4 12:37 SSW
9 19.4 24.0 14:37 16.8 23:37 0.3 1.5 17.6 3.2 17.0 19:37 SW
10 17.0 20.5 17:37 15.3 07:37 1.6 0.3 8.8 6.1 30.5 18:56 SSW
11 17.1 21.9 13:32 13.9 05:12 1.9 0.7 0.0 3.2 29.1 16:20 SW
12 13.7 18.0 16:06 10.6 23:45 4.6 0.0 12.4 0.0 8.0 16:10 SW
13 15.4 23.4 15:47 8.1 06:00 4.0 1.1 0.0 1.1 17.7 19:02 SSW
14 14.7 16.7 20:16 12.1 02:11 3.7 0.0 10.9 0.7 11.8 15:12 SW
15 17.7 23.9 16:49 13.9 23:09 1.6 1.0 0.0 1.8 19.1 10:28 S
16 14.7 17.9 12:33 10.4 05:09 3.8 0.0 6.2 2.0 20.1 11:12 SW
17 17.6 22.3 14:29 15.0 23:44 1.3 0.6 1.0 2.6 21.8 12:56 SW
18 16.2 22.4 14:45 13.2 23:55 2.5 0.4 3.6 1.3 21.8 18:59 SW
19 15.1 20.9 14:35 10.4 05:06 3.5 0.3 1.0 1.6 22.5 15:31 SSW
20 14.8 23.2 16:15 8.2 05:44 4.3 0.9 0.0 0.8 17.7 16:19 S
21 15.5 24.4 16:36 8.2 06:05 4.2 1.3 0.0 0.4 12.5 14:26 SW
22 17.0 25.6 14:47 9.3 06:38 3.2 1.9 0.0 1.1 16.3 10:08 SSW
23 19.4 29.7 15:47 11.6 06:05 2.3 3.4 0.0 0.2 8.0 17:22 SW
24 20.4 31.3 14:53 11.2 06:05 2.1 4.2 0.0 0.0 0.0 00:00 ---
25 22.3 34.5 15:08 13.6 05:54 1.6 5.8 0.0 0.0 5.5 16:50 SW
26 23.0 34.3 15:48 14.4 06:17 0.9 5.6 0.0 0.3 12.8 16:46 SW
27 24.0 34.5 14:51 15.2 06:12 0.7 6.6 0.0 0.2 11.1 18:11 SW
28 20.0 25.9 13:14 17.1 23:36 0.2 2.0 1.0 0.8 16.3 13:26 SSW
29 17.7 24.8 15:16 12.1 06:59 2.1 1.6 0.0 1.4 16.3 16:38 SSW
30 17.2 25.2 15:42 11.5 05:16 2.6 1.5 0.0 1.4 25.0 13:21 SW
31 15.6 24.1 13:36 10.8 06:17 3.4 0.7 0.5 1.0 26.4 14:21 SW
----------------------------------------------------------------------------------
17.9 34.5 25 8.1 13 68.2 55.9 67.1 1.0 30.5 10 SSW
Max >= 25.0: 13
Max <= 0.0: 0
Min <= 0.0: 0
Min <= -5.0: 0
Max Rain: 17.6 on day 9
Days of Rain: 13 (>= 0.2 mm) 7 (>= 2.0 mm) 0 (>= 20.0 mm)
Heat Base: 18.3 Cool Base: 18.3 Method: Integration