Select a Year or Month report
Report for 2019 Jul
Monthly Climatological Summary for Jul 2019
Name: Reigate Weather City: Reigate State: Surrey, United Kingdom
Elevation: 71 m Lat: N 51° 14' 04" Lon: W 000° 12' 00"
Temperature (°C), Rain (mm), Wind Speed (mph)
Heat Cool Avg
Mean Deg Deg Wind Dom
Day Temp High Time Low Time Days Days Rain Speed High Time Dir
----------------------------------------------------------------------------------
1 17.9 25.2 15:25 11.5 05:13 2.0 1.5 0.0 1.0 17.0 06:40 SSE
2 17.8 26.1 16:32 11.4 05:27 2.3 1.8 0.0 0.5 10.7 16:24 NNE
3 18.0 26.3 15:57 12.1 04:47 2.3 1.9 0.0 0.4 12.8 13:24 W
4 19.5 29.9 16:48 9.9 04:50 2.5 3.7 0.0 0.2 8.3 11:30 SW
5 21.2 30.6 15:56 14.1 05:27 0.9 3.8 0.0 0.5 13.9 18:30 SSW
6 20.8 27.2 12:50 14.8 05:45 0.7 3.2 0.0 0.3 15.9 16:20 NNE
7 16.9 22.7 16:32 14.5 07:57 1.8 0.4 2.6 0.2 9.0 20:23 SW
8 17.8 26.0 16:05 12.3 05:56 1.9 1.4 0.0 0.3 10.7 16:13 SW
9 18.5 26.3 16:58 14.3 04:26 1.5 1.7 0.0 0.6 12.8 12:17 SSW
10 19.5 25.2 13:26 14.7 06:14 1.1 2.3 0.0 1.0 15.9 17:46 SW
11 20.2 28.4 15:08 14.9 04:41 1.1 3.1 0.0 0.6 14.2 12:22 SSW
12 20.7 27.3 15:56 16.9 00:27 0.3 2.7 0.0 1.0 14.6 11:54 ESE
13 19.3 26.1 16:35 14.7 06:23 1.0 2.0 0.0 0.5 19.1 08:51 E
14 17.3 23.3 17:20 12.6 05:21 2.0 1.0 0.5 0.3 16.6 18:33 NNE
15 16.6 25.2 17:20 9.9 04:36 3.0 1.3 0.0 0.2 10.4 12:38 NNW
16 18.5 28.4 15:32 10.1 05:14 2.5 2.7 0.0 0.5 17.3 17:25 SSW
17 18.5 25.6 14:41 11.3 05:29 2.1 2.3 0.0 0.8 15.3 18:14 SW
18 17.8 22.4 17:47 13.8 23:58 1.2 0.8 2.6 0.6 16.6 14:24 SSW
19 15.3 17.9 17:50 10.2 04:27 3.0 0.0 7.8 0.9 14.9 11:16 SW
20 18.7 23.9 16:38 15.2 04:10 0.9 1.4 25.4 2.0 23.2 11:57 SW
21 17.3 22.9 15:06 11.8 05:37 2.1 1.2 0.0 1.2 16.3 15:47 SW
22 19.8 26.1 17:39 15.4 00:50 0.8 2.3 0.0 1.8 15.9 09:38 SW
23 24.3 33.9 15:50 15.4 02:25 0.7 6.6 0.0 0.5 11.1 13:56 WSW
24 25.6 32.8 15:21 19.5 05:44 0.0 7.3 0.0 1.6 19.8 14:15 SW
25 27.0 37.3 13:42 17.8 05:26 0.0 8.7 0.0 0.1 13.9 13:53 SW
26 21.6 26.2 15:29 18.3 23:55 0.0 3.3 4.1 0.5 13.2 13:35 SSW
27 17.3 19.0 17:12 15.8 09:16 1.1 0.1 11.4 0.4 13.9 17:34 SE
28 18.0 24.0 15:38 13.8 23:54 1.6 1.3 0.0 1.4 18.0 03:24 S
29 18.8 26.9 15:20 11.3 04:49 2.3 2.9 0.0 1.1 21.2 15:03 SW
30 17.1 18.9 00:00 15.6 23:58 1.2 0.0 5.2 2.5 26.7 13:24 SW
31 17.8 23.2 17:42 15.0 04:57 1.4 0.9 0.5 2.3 21.8 18:33 SW
----------------------------------------------------------------------------------
19.2 37.3 25 9.9 4 45.3 73.6 60.1 0.8 26.7 30 SSW
Max >= 25.0: 21
Max <= 0.0: 0
Min <= 0.0: 0
Min <= -5.0: 0
Max Rain: 25.4 on day 20
Days of Rain: 9 (>= 0.2 mm) 7 (>= 2.0 mm) 1 (>= 20.0 mm)
Heat Base: 18.3 Cool Base: 18.3 Method: Integration