Select a Year or Month report
Report for 2019 Jun
Monthly Climatological Summary for Jun 2019
Name: Reigate Weather City: Reigate State: Surrey, United Kingdom
Elevation: 71 m Lat: N 51° 14' 04" Lon: W 000° 12' 00"
Temperature (°C), Rain (mm), Wind Speed (mph)
Heat Cool Avg
Mean Deg Deg Wind Dom
Day Temp High Time Low Time Days Days Rain Speed High Time Dir
----------------------------------------------------------------------------------
1 18.2 28.1 15:56 8.4 05:15 3.2 3.0 0.0 0.6 15.6 17:22 SW
2 19.1 25.1 13:57 13.9 05:06 1.3 2.1 0.0 1.7 20.8 11:29 SW
3 14.8 21.6 16:49 9.0 05:25 3.8 0.2 0.0 1.6 19.8 17:35 SW
4 13.2 16.6 17:33 9.1 02:09 5.1 0.0 2.6 0.4 11.8 19:02 SW
5 14.0 17.9 11:53 10.6 23:58 4.3 0.0 0.0 1.2 15.9 11:17 SW
6 13.7 20.8 15:57 6.5 05:12 4.9 0.3 0.0 1.5 20.1 15:58 SW
7 13.2 17.9 16:25 10.9 00:21 5.1 0.0 6.2 0.8 11.4 10:30 WSW
8 12.3 17.3 15:27 8.6 23:57 6.0 0.0 5.2 3.0 26.0 14:00 SW
9 13.1 20.6 17:02 6.9 03:39 5.3 0.1 0.0 0.7 12.5 13:04 SSW
10 10.9 12.5 11:22 9.1 16:34 7.4 0.0 37.8 0.4 14.2 13:34 NE
11 13.6 20.4 16:01 9.9 04:16 4.8 0.1 0.0 0.5 17.0 17:38 NNE
12 12.6 17.1 10:33 11.1 06:07 6.1 0.0 25.4 0.2 10.4 10:10 N
13 12.5 15.3 11:25 10.9 04:01 5.8 0.0 3.1 2.4 29.5 10:51 SW
14 14.2 18.0 17:09 11.3 23:57 4.2 0.0 1.5 2.1 24.6 10:37 SW
15 13.7 18.1 11:40 9.3 06:03 4.6 0.0 0.0 1.5 26.7 12:24 SW
16 13.9 19.0 17:45 8.2 04:51 4.4 0.0 5.7 2.3 30.2 14:36 SW
17 15.9 22.2 16:18 9.9 04:35 3.0 0.7 0.0 1.6 19.8 10:12 SW
18 14.9 19.1 10:28 10.2 02:41 3.4 0.0 6.2 0.1 7.3 19:08 SW
19 15.9 20.3 17:03 12.1 03:39 2.6 0.2 4.7 0.2 8.0 13:37 SSE
20 14.9 18.3 11:34 11.5 05:52 3.4 0.0 0.5 1.2 16.3 17:00 SSW
21 15.2 24.2 15:33 7.5 05:23 3.9 0.7 0.0 0.9 16.6 11:58 SW
22 15.9 24.4 16:36 8.2 05:26 3.6 1.2 0.0 0.6 12.1 16:15 WSW
23 18.3 25.3 13:09 12.2 04:13 1.7 1.6 0.0 0.5 17.0 14:56 W
24 20.2 25.2 16:18 16.5 04:55 0.3 2.2 0.0 0.3 8.3 14:39 SW
25 20.3 26.2 15:07 16.3 05:46 0.5 2.5 8.8 0.2 9.7 23:07 NNE
26 18.6 25.2 16:17 14.5 23:57 1.1 1.4 0.0 1.3 17.7 12:24 WNW
27 17.2 23.9 15:47 13.4 05:12 2.4 1.2 0.0 2.3 18.7 08:03 W
28 18.4 26.4 15:13 13.3 01:50 2.0 2.1 0.0 1.3 14.6 01:58 WSW
29 23.7 33.9 15:18 12.9 05:18 1.3 6.7 0.0 0.8 15.3 12:49 SW
30 20.0 25.4 17:19 14.7 06:26 0.7 2.3 0.0 1.8 18.0 09:32 SSW
----------------------------------------------------------------------------------
15.7 33.9 29 6.5 6 106.2 28.6 107.7 1.1 30.2 16 SW
Max >= 25.0: 9
Max <= 0.0: 0
Min <= 0.0: 0
Min <= -5.0: 0
Max Rain: 37.8 on day 10
Days of Rain: 12 (>= 0.2 mm) 10 (>= 2.0 mm) 2 (>= 20.0 mm)
Heat Base: 18.3 Cool Base: 18.3 Method: Integration